{"id":39893,"date":"2025-11-07T14:23:00","date_gmt":"2025-11-07T13:23:00","guid":{"rendered":"https:\/\/antersystem.com\/novinky\/warsaw-industry-week-2025\/"},"modified":"2025-11-07T14:23:00","modified_gmt":"2025-11-07T13:23:00","slug":"warsaw-industry-week-2025","status":"publish","type":"page","link":"https:\/\/antersystem.com\/cs\/novinky\/warsaw-industry-week-2025\/","title":{"rendered":"Warsaw Industry Week 2025"},"content":{"rendered":"<p>Letos m\u011bl n\u00e1\u0161 t\u00fdm op\u011bt to pot\u011b\u0161en\u00ed z\u00fa\u010dastnit se <strong>Warsaw Industry Week.<\/strong> Na 9. ro\u010dn\u00edku se se\u0161ly p\u0159edn\u00ed spole\u010dnosti, odborn\u00edci a technologi\u010dt\u00ed nad\u0161enci, aby spole\u010dn\u011b str\u00e1vili t\u0159i dny pln\u00e9 inovac\u00ed, inspirace a cenn\u00fdch rozhovor\u016f. Poskytl skv\u011blou p\u0159\u00edle\u017eitost znovu nav\u00e1zat kontakty s profesion\u00e1ly z oboru, poznat nov\u00e9 partnery a prozkoumat nejnov\u011bj\u0161\u00ed trendy, kter\u00e9 utv\u00e1\u0159ej\u00ed budoucnost v\u00fdroby.  <\/p>\n<p>Leto\u0161n\u00ed veletrh byl impozantn\u00ed svou velikost\u00ed i rozsahem, p\u0159edstavilo se na n\u011bm v\u00edce ne\u017e 500 vystavovatel\u016f a p\u0159iv\u00edtal 22 573 n\u00e1v\u0161t\u011bvn\u00edk\u016f z cel\u00e9ho Polska i ze zahrani\u010d\u00ed. Ka\u017ed\u00e1 hala nab\u00edzela p\u0159\u00edle\u017eitosti k prozkoum\u00e1n\u00ed nejnov\u011bj\u0161\u00edch pr\u016fmyslov\u00fdch \u0159e\u0161en\u00ed, \u017eiv\u00fdm uk\u00e1zk\u00e1m a kontakt\u016fm s inov\u00e1tory z cel\u00e9ho regionu, co\u017e z n\u011bj \u010dinilo inspirativn\u00ed prost\u0159ed\u00ed pro u\u010den\u00ed a v\u00fdm\u011bnu n\u00e1pad\u016f. <\/p>\n<p>Leto\u0161n\u00ed rok byl pro n\u00e1s obzvl\u00e1\u0161\u0165 v\u00fdjime\u010dn\u00fd. Bylo n\u00e1m ct\u00ed z\u00edskat <strong>medaile veletrhu kvality a inovac\u00ed ve<\/strong> dvou r\u016fzn\u00fdch kategori\u00edch: <\/p>\n<ol>\n<li><strong>Inovace &#8211;<\/strong> ocen\u011bn\u00ed za na\u0161e pokro\u010dil\u00e1 bezpe\u010dnostn\u00ed \u0159e\u0161en\u00ed<\/li>\n<li><strong>Veletr\u017en\u00ed st\u00e1nek &#8211;<\/strong> poznejte n\u00e1\u0161 design a prezentaci expozice<\/li>\n<\/ol>\n<p>Tyto rozd\u00edly zd\u016fraz\u0148uj\u00ed jak na\u0161e technologick\u00e9 ambice, tak pozornost, kterou v\u011bnujeme zp\u016fsobu komunikace a prezentace na\u0161\u00ed pr\u00e1ce.<\/p>\n<p>Warsaw Industry Week byl pro n\u00e1\u0161 t\u00fdm op\u011bt neocenitelnou zku\u0161enost\u00ed. Inspirov\u00e1ni veletrhem si odn\u00e1\u0161\u00edme nov\u00e9 n\u00e1pady, smyslupln\u00e9 kontakty a poznatky, kter\u00e9 budou v budoucnu ur\u010dovat na\u0161e inovace ve v\u00fdrobn\u00edm pr\u016fmyslu. <\/p>\n","protected":false},"excerpt":{"rendered":"<p>Letos m\u011bl n\u00e1\u0161 t\u00fdm op\u011bt to pot\u011b\u0161en\u00ed z\u00fa\u010dastnit se Warsaw Industry Week. Na 9. ro\u010dn\u00edku se se\u0161ly p\u0159edn\u00ed spole\u010dnosti, odborn\u00edci a technologi\u010dt\u00ed nad\u0161enci, aby spole\u010dn\u011b str\u00e1vili t\u0159i dny pln\u00e9 inovac\u00ed, inspirace a cenn\u00fdch rozhovor\u016f. Poskytl skv\u011blou p\u0159\u00edle\u017eitost znovu nav\u00e1zat kontakty s profesion\u00e1ly z oboru, poznat nov\u00e9 partnery a prozkoumat nejnov\u011bj\u0161\u00ed trendy, kter\u00e9 utv\u00e1\u0159ej\u00ed budoucnost v\u00fdroby. [&hellip;]<\/p>\n","protected":false},"author":11,"featured_media":39832,"parent":30524,"menu_order":0,"comment_status":"closed","ping_status":"closed","template":"","meta":{"inline_featured_image":false,"ngg_post_thumbnail":0,"footnotes":""},"class_list":["post-39893","page","type-page","status-publish","has-post-thumbnail","hentry"],"acf":[],"yoast_head":"<!-- This site is optimized with the Yoast SEO plugin v27.0 - https:\/\/yoast.com\/product\/yoast-seo-wordpress\/ -->\n<title>Warsaw Industry Week 2025 - Anter System<\/title>\n<meta name=\"description\" content=\"Letos m\u011bl n\u00e1\u0161 t\u00fdm op\u011bt to pot\u011b\u0161en\u00ed z\u00fa\u010dastnit se Warsaw Industry Week. Na 9. ro\u010dn\u00edku se se\u0161ly p\u0159edn\u00ed spole\u010dnosti, odborn\u00edci a technologi\u010dt\u00ed nad\u0161enci, aby\" \/>\n<meta name=\"robots\" content=\"index, follow, max-snippet:-1, max-image-preview:large, max-video-preview:-1\" \/>\n<link rel=\"canonical\" href=\"https:\/\/antersystem.com\/cs\/novinky\/warsaw-industry-week-2025\/\" \/>\n<meta property=\"og:locale\" content=\"cs_CZ\" \/>\n<meta property=\"og:type\" content=\"article\" \/>\n<meta property=\"og:title\" content=\"Warsaw Industry Week 2025 - Anter System\" \/>\n<meta property=\"og:description\" content=\"Letos m\u011bl n\u00e1\u0161 t\u00fdm op\u011bt to pot\u011b\u0161en\u00ed z\u00fa\u010dastnit se Warsaw Industry Week. Na 9. ro\u010dn\u00edku se se\u0161ly p\u0159edn\u00ed spole\u010dnosti, odborn\u00edci a technologi\u010dt\u00ed nad\u0161enci, aby\" \/>\n<meta property=\"og:url\" content=\"https:\/\/antersystem.com\/cs\/novinky\/warsaw-industry-week-2025\/\" \/>\n<meta property=\"og:site_name\" content=\"Anter System\" \/>\n<meta property=\"og:image\" content=\"https:\/\/antersystem.com\/wp-content\/uploads\/WIW2025-01.webp\" \/>\n\t<meta property=\"og:image:width\" content=\"2001\" \/>\n\t<meta property=\"og:image:height\" content=\"1001\" \/>\n\t<meta property=\"og:image:type\" content=\"image\/webp\" \/>\n<meta name=\"twitter:card\" content=\"summary_large_image\" \/>\n<meta name=\"twitter:label1\" content=\"Odhadovan\u00e1 doba \u010dten\u00ed\" \/>\n\t<meta name=\"twitter:data1\" content=\"1 minuta\" \/>\n<script type=\"application\/ld+json\" class=\"yoast-schema-graph\">{\"@context\":\"https:\/\/schema.org\",\"@graph\":[{\"@type\":\"WebPage\",\"@id\":\"https:\/\/antersystem.com\/cs\/novinky\/warsaw-industry-week-2025\/\",\"url\":\"https:\/\/antersystem.com\/cs\/novinky\/warsaw-industry-week-2025\/\",\"name\":\"Warsaw Industry Week 2025 - Anter System\",\"isPartOf\":{\"@id\":\"https:\/\/antersystem.com\/cs\/#website\"},\"primaryImageOfPage\":{\"@id\":\"https:\/\/antersystem.com\/cs\/novinky\/warsaw-industry-week-2025\/#primaryimage\"},\"image\":{\"@id\":\"https:\/\/antersystem.com\/cs\/novinky\/warsaw-industry-week-2025\/#primaryimage\"},\"thumbnailUrl\":\"https:\/\/antersystem.com\/wp-content\/uploads\/WIW2025-01.webp\",\"datePublished\":\"2025-11-07T13:23:00+00:00\",\"description\":\"Letos m\u011bl n\u00e1\u0161 t\u00fdm op\u011bt to pot\u011b\u0161en\u00ed z\u00fa\u010dastnit se Warsaw Industry Week. Na 9. ro\u010dn\u00edku se se\u0161ly p\u0159edn\u00ed spole\u010dnosti, odborn\u00edci a technologi\u010dt\u00ed nad\u0161enci, aby\",\"breadcrumb\":{\"@id\":\"https:\/\/antersystem.com\/cs\/novinky\/warsaw-industry-week-2025\/#breadcrumb\"},\"inLanguage\":\"cs\",\"potentialAction\":[{\"@type\":\"ReadAction\",\"target\":[\"https:\/\/antersystem.com\/cs\/novinky\/warsaw-industry-week-2025\/\"]}]},{\"@type\":\"ImageObject\",\"inLanguage\":\"cs\",\"@id\":\"https:\/\/antersystem.com\/cs\/novinky\/warsaw-industry-week-2025\/#primaryimage\",\"url\":\"https:\/\/antersystem.com\/wp-content\/uploads\/WIW2025-01.webp\",\"contentUrl\":\"https:\/\/antersystem.com\/wp-content\/uploads\/WIW2025-01.webp\",\"width\":2001,\"height\":1001},{\"@type\":\"BreadcrumbList\",\"@id\":\"https:\/\/antersystem.com\/cs\/novinky\/warsaw-industry-week-2025\/#breadcrumb\",\"itemListElement\":[{\"@type\":\"ListItem\",\"position\":1,\"name\":\"AnterSystem\",\"item\":\"https:\/\/antersystem.com\/cs\/\"},{\"@type\":\"ListItem\",\"position\":2,\"name\":\"Zpr\u00e1vy\",\"item\":\"https:\/\/antersystem.com\/cs\/novinky\/\"},{\"@type\":\"ListItem\",\"position\":3,\"name\":\"Warsaw Industry Week 2025\"}]},{\"@type\":\"WebSite\",\"@id\":\"https:\/\/antersystem.com\/cs\/#website\",\"url\":\"https:\/\/antersystem.com\/cs\/\",\"name\":\"Anter System\",\"description\":\"Jeste\u015bmy polskim producentem elastycznych barier ochronnych wykonywanych z polimerowych tworzyw sztucznych. Na rynku krajowym i zagranicznym dzia\u0142amy od ponad 15 lat dbaj\u0105c o zapewnienie bezpiecze\u0144stwa w zak\u0142adach produkcyjnych, magazynach oraz centrach logistycznych.\",\"potentialAction\":[{\"@type\":\"SearchAction\",\"target\":{\"@type\":\"EntryPoint\",\"urlTemplate\":\"https:\/\/antersystem.com\/cs\/?s={search_term_string}\"},\"query-input\":{\"@type\":\"PropertyValueSpecification\",\"valueRequired\":true,\"valueName\":\"search_term_string\"}}],\"inLanguage\":\"cs\"}]}<\/script>\n<!-- \/ Yoast SEO plugin. -->","yoast_head_json":{"title":"Warsaw Industry Week 2025 - Anter System","description":"Letos m\u011bl n\u00e1\u0161 t\u00fdm op\u011bt to pot\u011b\u0161en\u00ed z\u00fa\u010dastnit se Warsaw Industry Week. Na 9. ro\u010dn\u00edku se se\u0161ly p\u0159edn\u00ed spole\u010dnosti, odborn\u00edci a technologi\u010dt\u00ed nad\u0161enci, aby","robots":{"index":"index","follow":"follow","max-snippet":"max-snippet:-1","max-image-preview":"max-image-preview:large","max-video-preview":"max-video-preview:-1"},"canonical":"https:\/\/antersystem.com\/cs\/novinky\/warsaw-industry-week-2025\/","og_locale":"cs_CZ","og_type":"article","og_title":"Warsaw Industry Week 2025 - Anter System","og_description":"Letos m\u011bl n\u00e1\u0161 t\u00fdm op\u011bt to pot\u011b\u0161en\u00ed z\u00fa\u010dastnit se Warsaw Industry Week. Na 9. ro\u010dn\u00edku se se\u0161ly p\u0159edn\u00ed spole\u010dnosti, odborn\u00edci a technologi\u010dt\u00ed nad\u0161enci, aby","og_url":"https:\/\/antersystem.com\/cs\/novinky\/warsaw-industry-week-2025\/","og_site_name":"Anter System","og_image":[{"width":2001,"height":1001,"url":"https:\/\/antersystem.com\/wp-content\/uploads\/WIW2025-01.webp","type":"image\/webp"}],"twitter_card":"summary_large_image","twitter_misc":{"Odhadovan\u00e1 doba \u010dten\u00ed":"1 minuta"},"schema":{"@context":"https:\/\/schema.org","@graph":[{"@type":"WebPage","@id":"https:\/\/antersystem.com\/cs\/novinky\/warsaw-industry-week-2025\/","url":"https:\/\/antersystem.com\/cs\/novinky\/warsaw-industry-week-2025\/","name":"Warsaw Industry Week 2025 - Anter System","isPartOf":{"@id":"https:\/\/antersystem.com\/cs\/#website"},"primaryImageOfPage":{"@id":"https:\/\/antersystem.com\/cs\/novinky\/warsaw-industry-week-2025\/#primaryimage"},"image":{"@id":"https:\/\/antersystem.com\/cs\/novinky\/warsaw-industry-week-2025\/#primaryimage"},"thumbnailUrl":"https:\/\/antersystem.com\/wp-content\/uploads\/WIW2025-01.webp","datePublished":"2025-11-07T13:23:00+00:00","description":"Letos m\u011bl n\u00e1\u0161 t\u00fdm op\u011bt to pot\u011b\u0161en\u00ed z\u00fa\u010dastnit se Warsaw Industry Week. Na 9. ro\u010dn\u00edku se se\u0161ly p\u0159edn\u00ed spole\u010dnosti, odborn\u00edci a technologi\u010dt\u00ed nad\u0161enci, aby","breadcrumb":{"@id":"https:\/\/antersystem.com\/cs\/novinky\/warsaw-industry-week-2025\/#breadcrumb"},"inLanguage":"cs","potentialAction":[{"@type":"ReadAction","target":["https:\/\/antersystem.com\/cs\/novinky\/warsaw-industry-week-2025\/"]}]},{"@type":"ImageObject","inLanguage":"cs","@id":"https:\/\/antersystem.com\/cs\/novinky\/warsaw-industry-week-2025\/#primaryimage","url":"https:\/\/antersystem.com\/wp-content\/uploads\/WIW2025-01.webp","contentUrl":"https:\/\/antersystem.com\/wp-content\/uploads\/WIW2025-01.webp","width":2001,"height":1001},{"@type":"BreadcrumbList","@id":"https:\/\/antersystem.com\/cs\/novinky\/warsaw-industry-week-2025\/#breadcrumb","itemListElement":[{"@type":"ListItem","position":1,"name":"AnterSystem","item":"https:\/\/antersystem.com\/cs\/"},{"@type":"ListItem","position":2,"name":"Zpr\u00e1vy","item":"https:\/\/antersystem.com\/cs\/novinky\/"},{"@type":"ListItem","position":3,"name":"Warsaw Industry Week 2025"}]},{"@type":"WebSite","@id":"https:\/\/antersystem.com\/cs\/#website","url":"https:\/\/antersystem.com\/cs\/","name":"Anter System","description":"Jeste\u015bmy polskim producentem elastycznych barier ochronnych wykonywanych z polimerowych tworzyw sztucznych. Na rynku krajowym i zagranicznym dzia\u0142amy od ponad 15 lat dbaj\u0105c o zapewnienie bezpiecze\u0144stwa w zak\u0142adach produkcyjnych, magazynach oraz centrach logistycznych.","potentialAction":[{"@type":"SearchAction","target":{"@type":"EntryPoint","urlTemplate":"https:\/\/antersystem.com\/cs\/?s={search_term_string}"},"query-input":{"@type":"PropertyValueSpecification","valueRequired":true,"valueName":"search_term_string"}}],"inLanguage":"cs"}]}},"_links":{"self":[{"href":"https:\/\/antersystem.com\/cs\/wp-json\/wp\/v2\/pages\/39893","targetHints":{"allow":["GET"]}}],"collection":[{"href":"https:\/\/antersystem.com\/cs\/wp-json\/wp\/v2\/pages"}],"about":[{"href":"https:\/\/antersystem.com\/cs\/wp-json\/wp\/v2\/types\/page"}],"author":[{"embeddable":true,"href":"https:\/\/antersystem.com\/cs\/wp-json\/wp\/v2\/users\/11"}],"replies":[{"embeddable":true,"href":"https:\/\/antersystem.com\/cs\/wp-json\/wp\/v2\/comments?post=39893"}],"version-history":[{"count":0,"href":"https:\/\/antersystem.com\/cs\/wp-json\/wp\/v2\/pages\/39893\/revisions"}],"up":[{"embeddable":true,"href":"https:\/\/antersystem.com\/cs\/wp-json\/wp\/v2\/pages\/30524"}],"wp:featuredmedia":[{"embeddable":true,"href":"https:\/\/antersystem.com\/cs\/wp-json\/wp\/v2\/media\/39832"}],"wp:attachment":[{"href":"https:\/\/antersystem.com\/cs\/wp-json\/wp\/v2\/media?parent=39893"}],"curies":[{"name":"wp","href":"https:\/\/api.w.org\/{rel}","templated":true}]}}

<p>Letos měl náš tým opět to potěšení zúčastnit se <strong>Warsaw Industry Week.</strong> Na 9. ročníku se sešly přední společnosti, odborníci a technologičtí nadšenci, aby společně strávili tři dny plné inovací, inspirace a cenných rozhovorů. Poskytl skvělou příležitost znovu navázat kontakty s profesionály z oboru, poznat nové partnery a prozkoumat nejnovější trendy, které utvářejí budoucnost výroby.  </p>
<p>Letošní veletrh byl impozantní svou velikostí i rozsahem, představilo se na něm více než 500 vystavovatelů a přivítal 22 573 návštěvníků z celého Polska i ze zahraničí. Každá hala nabízela příležitosti k prozkoumání nejnovějších průmyslových řešení, živým ukázkám a kontaktům s inovátory z celého regionu, což z něj činilo inspirativní prostředí pro učení a výměnu nápadů. </p>
<p>Letošní rok byl pro nás obzvlášť výjimečný. Bylo nám ctí získat <strong>medaile veletrhu kvality a inovací ve</strong> dvou různých kategoriích: </p>
<ol>
<li><strong>Inovace &#8211;</strong> ocenění za naše pokročilá bezpečnostní řešení</li>
<li><strong>Veletržní stánek &#8211;</strong> poznejte náš design a prezentaci expozice</li>
</ol>
<p>Tyto rozdíly zdůrazňují jak naše technologické ambice, tak pozornost, kterou věnujeme způsobu komunikace a prezentace naší práce.</p>
<p>Warsaw Industry Week byl pro náš tým opět neocenitelnou zkušeností. Inspirováni veletrhem si odnášíme nové nápady, smysluplné kontakty a poznatky, které budou v budoucnu určovat naše inovace ve výrobním průmyslu. </p>

<p>Letos měl náš tým opět to potěšení zúčastnit se Warsaw Industry Week. Na 9. ročníku se sešly přední společnosti, odborníci a technologičtí nadšenci, aby společně strávili tři dny plné inovací, inspirace a cenných rozhovorů. Poskytl skvělou příležitost znovu navázat kontakty s profesionály z oboru, poznat nové partnery a prozkoumat nejnovější trendy, které utvářejí budoucnost výroby. [&hellip;]</p>

<!-- This site is optimized with the Yoast SEO plugin v27.0 - https://yoast.com/product/yoast-seo-wordpress/ -->
<title>Warsaw Industry Week 2025 - Anter System</title>
<meta name="description" content="Letos měl náš tým opět to potěšení zúčastnit se Warsaw Industry Week. Na 9. ročníku se sešly přední společnosti, odborníci a technologičtí nadšenci, aby" />
<meta name="robots" content="index, follow, max-snippet:-1, max-image-preview:large, max-video-preview:-1" />
<link rel="canonical" href="https://antersystem.com/cs/novinky/warsaw-industry-week-2025/" />
<meta property="og:locale" content="cs_CZ" />
<meta property="og:type" content="article" />
<meta property="og:title" content="Warsaw Industry Week 2025 - Anter System" />
<meta property="og:description" content="Letos měl náš tým opět to potěšení zúčastnit se Warsaw Industry Week. Na 9. ročníku se sešly přední společnosti, odborníci a technologičtí nadšenci, aby" />
<meta property="og:url" content="https://antersystem.com/cs/novinky/warsaw-industry-week-2025/" />
<meta property="og:site_name" content="Anter System" />
<meta property="og:image" content="https://antersystem.com/wp-content/uploads/WIW2025-01.webp" />
	<meta property="og:image:width" content="2001" />
	<meta property="og:image:height" content="1001" />
	<meta property="og:image:type" content="image/webp" />
<meta name="twitter:card" content="summary_large_image" />
<meta name="twitter:label1" content="Odhadovaná doba čtení" />
	<meta name="twitter:data1" content="1 minuta" />
<script type="application/ld+json" class="yoast-schema-graph">{"@context":"https://schema.org","@graph":[{"@type":"WebPage","@id":"https://antersystem.com/cs/novinky/warsaw-industry-week-2025/","url":"https://antersystem.com/cs/novinky/warsaw-industry-week-2025/","name":"Warsaw Industry Week 2025 - Anter System","isPartOf":{"@id":"https://antersystem.com/cs/#website"},"primaryImageOfPage":{"@id":"https://antersystem.com/cs/novinky/warsaw-industry-week-2025/#primaryimage"},"image":{"@id":"https://antersystem.com/cs/novinky/warsaw-industry-week-2025/#primaryimage"},"thumbnailUrl":"https://antersystem.com/wp-content/uploads/WIW2025-01.webp","datePublished":"2025-11-07T13:23:00+00:00","description":"Letos měl náš tým opět to potěšení zúčastnit se Warsaw Industry Week. Na 9. ročníku se sešly přední společnosti, odborníci a technologičtí nadšenci, aby","breadcrumb":{"@id":"https://antersystem.com/cs/novinky/warsaw-industry-week-2025/#breadcrumb"},"inLanguage":"cs","potentialAction":[{"@type":"ReadAction","target":["https://antersystem.com/cs/novinky/warsaw-industry-week-2025/"]}]},{"@type":"ImageObject","inLanguage":"cs","@id":"https://antersystem.com/cs/novinky/warsaw-industry-week-2025/#primaryimage","url":"https://antersystem.com/wp-content/uploads/WIW2025-01.webp","contentUrl":"https://antersystem.com/wp-content/uploads/WIW2025-01.webp","width":2001,"height":1001},{"@type":"BreadcrumbList","@id":"https://antersystem.com/cs/novinky/warsaw-industry-week-2025/#breadcrumb","itemListElement":[{"@type":"ListItem","position":1,"name":"AnterSystem","item":"https://antersystem.com/cs/"},{"@type":"ListItem","position":2,"name":"Zprávy","item":"https://antersystem.com/cs/novinky/"},{"@type":"ListItem","position":3,"name":"Warsaw Industry Week 2025"}]},{"@type":"WebSite","@id":"https://antersystem.com/cs/#website","url":"https://antersystem.com/cs/","name":"Anter System","description":"Jesteśmy polskim producentem elastycznych barier ochronnych wykonywanych z polimerowych tworzyw sztucznych. Na rynku krajowym i zagranicznym działamy od ponad 15 lat dbając o zapewnienie bezpieczeństwa w zakładach produkcyjnych, magazynach oraz centrach logistycznych.","potentialAction":[{"@type":"SearchAction","target":{"@type":"EntryPoint","urlTemplate":"https://antersystem.com/cs/?s={search_term_string}"},"query-input":{"@type":"PropertyValueSpecification","valueRequired":true,"valueName":"search_term_string"}}],"inLanguage":"cs"}]}</script>
<!-- / Yoast SEO plugin. -->

Letos měl náš tým opět to potěšení zúčastnit se Warsaw Industry Week. Na 9. ročníku se sešly přední společnosti, odborníci a technologičtí nadšenci, aby

Zprávy

Jesteśmy polskim producentem elastycznych barier ochronnych wykonywanych z polimerowych tworzyw sztucznych. Na rynku krajowym i zagranicznym działamy od ponad 15 lat dbając o zapewnienie bezpieczeństwa w zakładach produkcyjnych, magazynach oraz centrach logistycznych.
