{"id":39902,"date":"2025-11-10T12:16:50","date_gmt":"2025-11-10T11:16:50","guid":{"rendered":"https:\/\/antersystem.com\/novinky\/aa-2025-dusseldorf\/"},"modified":"2025-11-10T12:16:50","modified_gmt":"2025-11-10T11:16:50","slug":"aa-2025-dusseldorf","status":"publish","type":"page","link":"https:\/\/antersystem.com\/cs\/novinky\/aa-2025-dusseldorf\/","title":{"rendered":"A+A 2025 v D\u00fcsseldorfu"},"content":{"rendered":"<p>Letos v listopadu m\u011bl n\u00e1\u0161 t\u00fdm to pot\u011b\u0161en\u00ed z\u00fa\u010dastnit se mezin\u00e1rodn\u00edho veletrhu a kongresu A+A v D\u00fcsseldorfu &#8211; nejv\u011bt\u0161\u00ed sv\u011btov\u00e9 akce t\u00e9to kategorie zam\u011b\u0159en\u00e9 na bezpe\u010dnost, zdrav\u00ed a pohodu p\u0159i pr\u00e1ci. Leto\u0161n\u00edho veletrhu se z\u00fa\u010dastnilo \u00factyhodn\u00fdch 2 340 vystavovatel\u016f ze 70 zem\u00ed a 67 000 n\u00e1v\u0161t\u011bvn\u00edk\u016f ze 150 r\u016fzn\u00fdch n\u00e1rod\u016f, kte\u0159\u00ed naplnili haly skv\u011blou energi\u00ed a pronikav\u00fdmi n\u00e1pady. <\/p>\n<p>Veletrh nab\u00eddl komplexn\u00ed pohled na nejnov\u011bj\u0161\u00ed trendy a zlep\u0161en\u00ed v oboru &#8211; od nejmodern\u011bj\u0161\u00edch ochrann\u00fdch prost\u0159edk\u016f a chytr\u00fdch technologi\u00ed a\u017e po \u0159e\u0161en\u00ed zam\u011b\u0159en\u00e1 na udr\u017eitelnost. Akce poskytla spole\u010dnostem a odborn\u00edk\u016fm platformu pro prezentaci jejich inovac\u00ed, diskusi o nov\u00fdch v\u00fdzv\u00e1ch a tak\u00e9 v\u00fdm\u011bnu n\u00e1pad\u016f na zlep\u0161en\u00ed bezpe\u010dnosti a pohody na pracovi\u0161ti po cel\u00e9m sv\u011bt\u011b. <\/p>\n<p>Na tomto veletrhu jsme byli poprv\u00e9 a bylo opravdu vzru\u0161uj\u00edc\u00ed vid\u011bt tak \u0161irokou \u0161k\u00e1lu inovac\u00ed a nov\u00fdch n\u00e1pad\u016f v oboru. Jsme vd\u011b\u010dn\u00ed za cenn\u00e9 rozhovory a kontakty, kter\u00e9 jsme b\u011bhem t\u00e9to doby nav\u00e1zali. <\/p>\n<p>D\u011bkujeme v\u0161em, kte\u0159\u00ed se u n\u00e1s zastavili a spojili se s n\u00e1mi. T\u011b\u0161\u00edme se na dal\u0161\u00ed p\u0159\u00edle\u017eitosti a na to, \u017ee se k v\u00e1m v budoucnu vr\u00e1t\u00edme. <\/p>\nngg_shortcode_0_placeholder\n","protected":false},"excerpt":{"rendered":"<p>Letos v listopadu m\u011bl n\u00e1\u0161 t\u00fdm to pot\u011b\u0161en\u00ed z\u00fa\u010dastnit se mezin\u00e1rodn\u00edho veletrhu a kongresu A+A v D\u00fcsseldorfu &#8211; nejv\u011bt\u0161\u00ed sv\u011btov\u00e9 akce t\u00e9to kategorie zam\u011b\u0159en\u00e9 na bezpe\u010dnost, zdrav\u00ed a pohodu p\u0159i pr\u00e1ci. Leto\u0161n\u00edho veletrhu se z\u00fa\u010dastnilo \u00factyhodn\u00fdch 2 340 vystavovatel\u016f ze 70 zem\u00ed a 67 000 n\u00e1v\u0161t\u011bvn\u00edk\u016f ze 150 r\u016fzn\u00fdch n\u00e1rod\u016f, kte\u0159\u00ed naplnili haly skv\u011blou energi\u00ed [&hellip;]<\/p>\n","protected":false},"author":11,"featured_media":39805,"parent":30524,"menu_order":0,"comment_status":"closed","ping_status":"closed","template":"","meta":{"inline_featured_image":false,"ngg_post_thumbnail":0,"footnotes":""},"class_list":["post-39902","page","type-page","status-publish","has-post-thumbnail","hentry"],"acf":[],"yoast_head":"<!-- This site is optimized with the Yoast SEO plugin v27.0 - https:\/\/yoast.com\/product\/yoast-seo-wordpress\/ -->\n<title>A+A 2025 v D\u00fcsseldorfu - Anter System<\/title>\n<meta name=\"description\" content=\"Letos v listopadu m\u011bl n\u00e1\u0161 t\u00fdm to pot\u011b\u0161en\u00ed z\u00fa\u010dastnit se mezin\u00e1rodn\u00edho veletrhu a kongresu A+A v D\u00fcsseldorfu - nejv\u011bt\u0161\u00ed sv\u011btov\u00e9 akce t\u00e9to kategorie zam\u011b\u0159en\u00e9\" \/>\n<meta name=\"robots\" content=\"index, follow, max-snippet:-1, max-image-preview:large, max-video-preview:-1\" \/>\n<link rel=\"canonical\" href=\"https:\/\/antersystem.com\/cs\/novinky\/aa-2025-dusseldorf\/\" \/>\n<meta property=\"og:locale\" content=\"cs_CZ\" \/>\n<meta property=\"og:type\" content=\"article\" \/>\n<meta property=\"og:title\" content=\"A+A 2025 v D\u00fcsseldorfu - Anter System\" \/>\n<meta property=\"og:description\" content=\"Letos v listopadu m\u011bl n\u00e1\u0161 t\u00fdm to pot\u011b\u0161en\u00ed z\u00fa\u010dastnit se mezin\u00e1rodn\u00edho veletrhu a kongresu A+A v D\u00fcsseldorfu - nejv\u011bt\u0161\u00ed sv\u011btov\u00e9 akce t\u00e9to kategorie zam\u011b\u0159en\u00e9\" \/>\n<meta property=\"og:url\" content=\"https:\/\/antersystem.com\/cs\/novinky\/aa-2025-dusseldorf\/\" \/>\n<meta property=\"og:site_name\" content=\"Anter System\" \/>\n<meta property=\"og:image\" content=\"https:\/\/antersystem.com\/wp-content\/uploads\/AplusA2025-01.webp\" \/>\n\t<meta property=\"og:image:width\" content=\"2001\" \/>\n\t<meta property=\"og:image:height\" content=\"1001\" \/>\n\t<meta property=\"og:image:type\" content=\"image\/webp\" \/>\n<meta name=\"twitter:card\" content=\"summary_large_image\" \/>\n<meta name=\"twitter:label1\" content=\"Odhadovan\u00e1 doba \u010dten\u00ed\" \/>\n\t<meta name=\"twitter:data1\" content=\"1 minuta\" \/>\n<script type=\"application\/ld+json\" class=\"yoast-schema-graph\">{\"@context\":\"https:\/\/schema.org\",\"@graph\":[{\"@type\":\"WebPage\",\"@id\":\"https:\/\/antersystem.com\/cs\/novinky\/aa-2025-dusseldorf\/\",\"url\":\"https:\/\/antersystem.com\/cs\/novinky\/aa-2025-dusseldorf\/\",\"name\":\"A+A 2025 v D\u00fcsseldorfu - Anter System\",\"isPartOf\":{\"@id\":\"https:\/\/antersystem.com\/cs\/#website\"},\"primaryImageOfPage\":{\"@id\":\"https:\/\/antersystem.com\/cs\/novinky\/aa-2025-dusseldorf\/#primaryimage\"},\"image\":{\"@id\":\"https:\/\/antersystem.com\/cs\/novinky\/aa-2025-dusseldorf\/#primaryimage\"},\"thumbnailUrl\":\"https:\/\/antersystem.com\/wp-content\/uploads\/AplusA2025-01.webp\",\"datePublished\":\"2025-11-10T11:16:50+00:00\",\"description\":\"Letos v listopadu m\u011bl n\u00e1\u0161 t\u00fdm to pot\u011b\u0161en\u00ed z\u00fa\u010dastnit se mezin\u00e1rodn\u00edho veletrhu a kongresu A+A v D\u00fcsseldorfu - nejv\u011bt\u0161\u00ed sv\u011btov\u00e9 akce t\u00e9to kategorie zam\u011b\u0159en\u00e9\",\"breadcrumb\":{\"@id\":\"https:\/\/antersystem.com\/cs\/novinky\/aa-2025-dusseldorf\/#breadcrumb\"},\"inLanguage\":\"cs\",\"potentialAction\":[{\"@type\":\"ReadAction\",\"target\":[\"https:\/\/antersystem.com\/cs\/novinky\/aa-2025-dusseldorf\/\"]}]},{\"@type\":\"ImageObject\",\"inLanguage\":\"cs\",\"@id\":\"https:\/\/antersystem.com\/cs\/novinky\/aa-2025-dusseldorf\/#primaryimage\",\"url\":\"https:\/\/antersystem.com\/wp-content\/uploads\/AplusA2025-01.webp\",\"contentUrl\":\"https:\/\/antersystem.com\/wp-content\/uploads\/AplusA2025-01.webp\",\"width\":2001,\"height\":1001},{\"@type\":\"BreadcrumbList\",\"@id\":\"https:\/\/antersystem.com\/cs\/novinky\/aa-2025-dusseldorf\/#breadcrumb\",\"itemListElement\":[{\"@type\":\"ListItem\",\"position\":1,\"name\":\"AnterSystem\",\"item\":\"https:\/\/antersystem.com\/cs\/\"},{\"@type\":\"ListItem\",\"position\":2,\"name\":\"Zpr\u00e1vy\",\"item\":\"https:\/\/antersystem.com\/cs\/novinky\/\"},{\"@type\":\"ListItem\",\"position\":3,\"name\":\"A+A 2025 v D\u00fcsseldorfu\"}]},{\"@type\":\"WebSite\",\"@id\":\"https:\/\/antersystem.com\/cs\/#website\",\"url\":\"https:\/\/antersystem.com\/cs\/\",\"name\":\"Anter System\",\"description\":\"Jeste\u015bmy polskim producentem elastycznych barier ochronnych wykonywanych z polimerowych tworzyw sztucznych. Na rynku krajowym i zagranicznym dzia\u0142amy od ponad 15 lat dbaj\u0105c o zapewnienie bezpiecze\u0144stwa w zak\u0142adach produkcyjnych, magazynach oraz centrach logistycznych.\",\"potentialAction\":[{\"@type\":\"SearchAction\",\"target\":{\"@type\":\"EntryPoint\",\"urlTemplate\":\"https:\/\/antersystem.com\/cs\/?s={search_term_string}\"},\"query-input\":{\"@type\":\"PropertyValueSpecification\",\"valueRequired\":true,\"valueName\":\"search_term_string\"}}],\"inLanguage\":\"cs\"}]}<\/script>\n<!-- \/ Yoast SEO plugin. -->","yoast_head_json":{"title":"A+A 2025 v D\u00fcsseldorfu - Anter System","description":"Letos v listopadu m\u011bl n\u00e1\u0161 t\u00fdm to pot\u011b\u0161en\u00ed z\u00fa\u010dastnit se mezin\u00e1rodn\u00edho veletrhu a kongresu A+A v D\u00fcsseldorfu - nejv\u011bt\u0161\u00ed sv\u011btov\u00e9 akce t\u00e9to kategorie zam\u011b\u0159en\u00e9","robots":{"index":"index","follow":"follow","max-snippet":"max-snippet:-1","max-image-preview":"max-image-preview:large","max-video-preview":"max-video-preview:-1"},"canonical":"https:\/\/antersystem.com\/cs\/novinky\/aa-2025-dusseldorf\/","og_locale":"cs_CZ","og_type":"article","og_title":"A+A 2025 v D\u00fcsseldorfu - Anter System","og_description":"Letos v listopadu m\u011bl n\u00e1\u0161 t\u00fdm to pot\u011b\u0161en\u00ed z\u00fa\u010dastnit se mezin\u00e1rodn\u00edho veletrhu a kongresu A+A v D\u00fcsseldorfu - nejv\u011bt\u0161\u00ed sv\u011btov\u00e9 akce t\u00e9to kategorie zam\u011b\u0159en\u00e9","og_url":"https:\/\/antersystem.com\/cs\/novinky\/aa-2025-dusseldorf\/","og_site_name":"Anter System","og_image":[{"width":2001,"height":1001,"url":"https:\/\/antersystem.com\/wp-content\/uploads\/AplusA2025-01.webp","type":"image\/webp"}],"twitter_card":"summary_large_image","twitter_misc":{"Odhadovan\u00e1 doba \u010dten\u00ed":"1 minuta"},"schema":{"@context":"https:\/\/schema.org","@graph":[{"@type":"WebPage","@id":"https:\/\/antersystem.com\/cs\/novinky\/aa-2025-dusseldorf\/","url":"https:\/\/antersystem.com\/cs\/novinky\/aa-2025-dusseldorf\/","name":"A+A 2025 v D\u00fcsseldorfu - Anter System","isPartOf":{"@id":"https:\/\/antersystem.com\/cs\/#website"},"primaryImageOfPage":{"@id":"https:\/\/antersystem.com\/cs\/novinky\/aa-2025-dusseldorf\/#primaryimage"},"image":{"@id":"https:\/\/antersystem.com\/cs\/novinky\/aa-2025-dusseldorf\/#primaryimage"},"thumbnailUrl":"https:\/\/antersystem.com\/wp-content\/uploads\/AplusA2025-01.webp","datePublished":"2025-11-10T11:16:50+00:00","description":"Letos v listopadu m\u011bl n\u00e1\u0161 t\u00fdm to pot\u011b\u0161en\u00ed z\u00fa\u010dastnit se mezin\u00e1rodn\u00edho veletrhu a kongresu A+A v D\u00fcsseldorfu - nejv\u011bt\u0161\u00ed sv\u011btov\u00e9 akce t\u00e9to kategorie zam\u011b\u0159en\u00e9","breadcrumb":{"@id":"https:\/\/antersystem.com\/cs\/novinky\/aa-2025-dusseldorf\/#breadcrumb"},"inLanguage":"cs","potentialAction":[{"@type":"ReadAction","target":["https:\/\/antersystem.com\/cs\/novinky\/aa-2025-dusseldorf\/"]}]},{"@type":"ImageObject","inLanguage":"cs","@id":"https:\/\/antersystem.com\/cs\/novinky\/aa-2025-dusseldorf\/#primaryimage","url":"https:\/\/antersystem.com\/wp-content\/uploads\/AplusA2025-01.webp","contentUrl":"https:\/\/antersystem.com\/wp-content\/uploads\/AplusA2025-01.webp","width":2001,"height":1001},{"@type":"BreadcrumbList","@id":"https:\/\/antersystem.com\/cs\/novinky\/aa-2025-dusseldorf\/#breadcrumb","itemListElement":[{"@type":"ListItem","position":1,"name":"AnterSystem","item":"https:\/\/antersystem.com\/cs\/"},{"@type":"ListItem","position":2,"name":"Zpr\u00e1vy","item":"https:\/\/antersystem.com\/cs\/novinky\/"},{"@type":"ListItem","position":3,"name":"A+A 2025 v D\u00fcsseldorfu"}]},{"@type":"WebSite","@id":"https:\/\/antersystem.com\/cs\/#website","url":"https:\/\/antersystem.com\/cs\/","name":"Anter System","description":"Jeste\u015bmy polskim producentem elastycznych barier ochronnych wykonywanych z polimerowych tworzyw sztucznych. Na rynku krajowym i zagranicznym dzia\u0142amy od ponad 15 lat dbaj\u0105c o zapewnienie bezpiecze\u0144stwa w zak\u0142adach produkcyjnych, magazynach oraz centrach logistycznych.","potentialAction":[{"@type":"SearchAction","target":{"@type":"EntryPoint","urlTemplate":"https:\/\/antersystem.com\/cs\/?s={search_term_string}"},"query-input":{"@type":"PropertyValueSpecification","valueRequired":true,"valueName":"search_term_string"}}],"inLanguage":"cs"}]}},"_links":{"self":[{"href":"https:\/\/antersystem.com\/cs\/wp-json\/wp\/v2\/pages\/39902","targetHints":{"allow":["GET"]}}],"collection":[{"href":"https:\/\/antersystem.com\/cs\/wp-json\/wp\/v2\/pages"}],"about":[{"href":"https:\/\/antersystem.com\/cs\/wp-json\/wp\/v2\/types\/page"}],"author":[{"embeddable":true,"href":"https:\/\/antersystem.com\/cs\/wp-json\/wp\/v2\/users\/11"}],"replies":[{"embeddable":true,"href":"https:\/\/antersystem.com\/cs\/wp-json\/wp\/v2\/comments?post=39902"}],"version-history":[{"count":0,"href":"https:\/\/antersystem.com\/cs\/wp-json\/wp\/v2\/pages\/39902\/revisions"}],"up":[{"embeddable":true,"href":"https:\/\/antersystem.com\/cs\/wp-json\/wp\/v2\/pages\/30524"}],"wp:featuredmedia":[{"embeddable":true,"href":"https:\/\/antersystem.com\/cs\/wp-json\/wp\/v2\/media\/39805"}],"wp:attachment":[{"href":"https:\/\/antersystem.com\/cs\/wp-json\/wp\/v2\/media?parent=39902"}],"curies":[{"name":"wp","href":"https:\/\/api.w.org\/{rel}","templated":true}]}}

A+A 2025 v Düsseldorfu

<p>Letos v listopadu měl náš tým to potěšení zúčastnit se mezinárodního veletrhu a kongresu A+A v Düsseldorfu &#8211; největší světové akce této kategorie zaměřené na bezpečnost, zdraví a pohodu při práci. Letošního veletrhu se zúčastnilo úctyhodných 2 340 vystavovatelů ze 70 zemí a 67 000 návštěvníků ze 150 různých národů, kteří naplnili haly skvělou energií a pronikavými nápady. </p>
<p>Veletrh nabídl komplexní pohled na nejnovější trendy a zlepšení v oboru &#8211; od nejmodernějších ochranných prostředků a chytrých technologií až po řešení zaměřená na udržitelnost. Akce poskytla společnostem a odborníkům platformu pro prezentaci jejich inovací, diskusi o nových výzvách a také výměnu nápadů na zlepšení bezpečnosti a pohody na pracovišti po celém světě. </p>
<p>Na tomto veletrhu jsme byli poprvé a bylo opravdu vzrušující vidět tak širokou škálu inovací a nových nápadů v oboru. Jsme vděční za cenné rozhovory a kontakty, které jsme během této doby navázali. </p>
<p>Děkujeme všem, kteří se u nás zastavili a spojili se s námi. Těšíme se na další příležitosti a na to, že se k vám v budoucnu vrátíme. </p>
ngg_shortcode_0_placeholder

<p>Letos v listopadu měl náš tým to potěšení zúčastnit se mezinárodního veletrhu a kongresu A+A v Düsseldorfu &#8211; největší světové akce této kategorie zaměřené na bezpečnost, zdraví a pohodu při práci. Letošního veletrhu se zúčastnilo úctyhodných 2 340 vystavovatelů ze 70 zemí a 67 000 návštěvníků ze 150 různých národů, kteří naplnili haly skvělou energií [&hellip;]</p>

<!-- This site is optimized with the Yoast SEO plugin v27.0 - https://yoast.com/product/yoast-seo-wordpress/ -->
<title>A+A 2025 v Düsseldorfu - Anter System</title>
<meta name="description" content="Letos v listopadu měl náš tým to potěšení zúčastnit se mezinárodního veletrhu a kongresu A+A v Düsseldorfu - největší světové akce této kategorie zaměřené" />
<meta name="robots" content="index, follow, max-snippet:-1, max-image-preview:large, max-video-preview:-1" />
<link rel="canonical" href="https://antersystem.com/cs/novinky/aa-2025-dusseldorf/" />
<meta property="og:locale" content="cs_CZ" />
<meta property="og:type" content="article" />
<meta property="og:title" content="A+A 2025 v Düsseldorfu - Anter System" />
<meta property="og:description" content="Letos v listopadu měl náš tým to potěšení zúčastnit se mezinárodního veletrhu a kongresu A+A v Düsseldorfu - největší světové akce této kategorie zaměřené" />
<meta property="og:url" content="https://antersystem.com/cs/novinky/aa-2025-dusseldorf/" />
<meta property="og:site_name" content="Anter System" />
<meta property="og:image" content="https://antersystem.com/wp-content/uploads/AplusA2025-01.webp" />
	<meta property="og:image:width" content="2001" />
	<meta property="og:image:height" content="1001" />
	<meta property="og:image:type" content="image/webp" />
<meta name="twitter:card" content="summary_large_image" />
<meta name="twitter:label1" content="Odhadovaná doba čtení" />
	<meta name="twitter:data1" content="1 minuta" />
<script type="application/ld+json" class="yoast-schema-graph">{"@context":"https://schema.org","@graph":[{"@type":"WebPage","@id":"https://antersystem.com/cs/novinky/aa-2025-dusseldorf/","url":"https://antersystem.com/cs/novinky/aa-2025-dusseldorf/","name":"A+A 2025 v Düsseldorfu - Anter System","isPartOf":{"@id":"https://antersystem.com/cs/#website"},"primaryImageOfPage":{"@id":"https://antersystem.com/cs/novinky/aa-2025-dusseldorf/#primaryimage"},"image":{"@id":"https://antersystem.com/cs/novinky/aa-2025-dusseldorf/#primaryimage"},"thumbnailUrl":"https://antersystem.com/wp-content/uploads/AplusA2025-01.webp","datePublished":"2025-11-10T11:16:50+00:00","description":"Letos v listopadu měl náš tým to potěšení zúčastnit se mezinárodního veletrhu a kongresu A+A v Düsseldorfu - největší světové akce této kategorie zaměřené","breadcrumb":{"@id":"https://antersystem.com/cs/novinky/aa-2025-dusseldorf/#breadcrumb"},"inLanguage":"cs","potentialAction":[{"@type":"ReadAction","target":["https://antersystem.com/cs/novinky/aa-2025-dusseldorf/"]}]},{"@type":"ImageObject","inLanguage":"cs","@id":"https://antersystem.com/cs/novinky/aa-2025-dusseldorf/#primaryimage","url":"https://antersystem.com/wp-content/uploads/AplusA2025-01.webp","contentUrl":"https://antersystem.com/wp-content/uploads/AplusA2025-01.webp","width":2001,"height":1001},{"@type":"BreadcrumbList","@id":"https://antersystem.com/cs/novinky/aa-2025-dusseldorf/#breadcrumb","itemListElement":[{"@type":"ListItem","position":1,"name":"AnterSystem","item":"https://antersystem.com/cs/"},{"@type":"ListItem","position":2,"name":"Zprávy","item":"https://antersystem.com/cs/novinky/"},{"@type":"ListItem","position":3,"name":"A+A 2025 v Düsseldorfu"}]},{"@type":"WebSite","@id":"https://antersystem.com/cs/#website","url":"https://antersystem.com/cs/","name":"Anter System","description":"Jesteśmy polskim producentem elastycznych barier ochronnych wykonywanych z polimerowych tworzyw sztucznych. Na rynku krajowym i zagranicznym działamy od ponad 15 lat dbając o zapewnienie bezpieczeństwa w zakładach produkcyjnych, magazynach oraz centrach logistycznych.","potentialAction":[{"@type":"SearchAction","target":{"@type":"EntryPoint","urlTemplate":"https://antersystem.com/cs/?s={search_term_string}"},"query-input":{"@type":"PropertyValueSpecification","valueRequired":true,"valueName":"search_term_string"}}],"inLanguage":"cs"}]}</script>
<!-- / Yoast SEO plugin. -->

A+A 2025 v Düsseldorfu - Anter System

Letos v listopadu měl náš tým to potěšení zúčastnit se mezinárodního veletrhu a kongresu A+A v Düsseldorfu - největší světové akce této kategorie zaměřené

Zprávy

Jesteśmy polskim producentem elastycznych barier ochronnych wykonywanych z polimerowych tworzyw sztucznych. Na rynku krajowym i zagranicznym działamy od ponad 15 lat dbając o zapewnienie bezpieczeństwa w zakładach produkcyjnych, magazynach oraz centrach logistycznych.
