{"id":40315,"date":"2025-12-22T15:36:00","date_gmt":"2025-12-22T14:36:00","guid":{"rendered":"https:\/\/antersystem.com\/novinky\/handling-expo-2025\/"},"modified":"2026-02-22T22:30:23","modified_gmt":"2026-02-22T21:30:23","slug":"handling-expo-2025","status":"publish","type":"page","link":"https:\/\/antersystem.com\/cs\/novinky\/handling-expo-2025\/","title":{"rendered":"Handling Expo 2025"},"content":{"rendered":"<h2>Anter System na Handling Expo 2025 v K\u00e1hi\u0159e<\/h2>\n<p>Ve dnech 18.-21. prosince 2025 jsme m\u011bli to pot\u011b\u0161en\u00ed z\u00fa\u010dastnit se <strong>veletrhu Handling Expo &#8211; Mezin\u00e1rodn\u00ed v\u00fdstavy manipula\u010dn\u00ed a skladovac\u00ed techniky v<\/strong> egyptsk\u00e9 <strong>K\u00e1hi\u0159e<\/strong>. Tato akce znamenala d\u016fle\u017eitou zast\u00e1vku na mezin\u00e1rodn\u00edm pl\u00e1nu spole\u010dnosti Anter System a silnou te\u010dku za na\u0161\u00ed veletr\u017en\u00ed sez\u00f3nou 2025. <\/p>\n<p>Veletrh Handling Expo, kter\u00fd se konal v Egyptsk\u00e9m mezin\u00e1rodn\u00edm v\u00fdstavn\u00edm centru, potvrdil, jak dynamicky se vyv\u00edj\u00ed skladov\u00e1n\u00ed, intralogistika a pr\u016fmyslov\u00e1 bezpe\u010dnost na trz\u00edch St\u0159edn\u00edho v\u00fdchodu a Afriky. Podle organiz\u00e1tor\u016f se leto\u0161n\u00edho ro\u010dn\u00edku z\u00fa\u010dastnilo 622 <strong>vystavovatel\u016f z 27 zem\u00ed a p\u0159il\u00e1kalo<\/strong> 24 208 <strong>odborn\u00fdch n\u00e1v\u0161t\u011bvn\u00edk\u016f, kte\u0159\u00ed vytvo\u0159ili \u017eivou platformu<\/strong> pro v\u00fdm\u011bnu znalost\u00ed a obchodn\u00ed r\u016fst. <\/p>\n<p>Na veletrhu jsme p\u0159edstavili n\u00e1\u0161 p\u0159\u00edstup k <strong>flexibiln\u00edm syst\u00e9m\u016fm ochrany proti n\u00e1razu se zam\u011b\u0159en\u00edm<\/strong> na praktick\u00e9 bezpe\u010dnostn\u00ed v\u00fdzvy v modern\u00edch skladech a v\u00fdrobn\u00edch za\u0159\u00edzen\u00edch. Spole\u010dn\u011b s na\u0161\u00edm partnerem <strong>IRack Storage Solution<\/strong> jsme p\u0159edvedli \u0159e\u0161en\u00ed navr\u017een\u00e1 pro re\u00e1ln\u00e9 provozn\u00ed podm\u00ednky &#8211; ochranu osob, infrastruktury a zbo\u017e\u00ed v pr\u016fmyslov\u00e9m prost\u0159ed\u00ed s vysok\u00fdm provozem. <\/p>\n<p>Ka\u017ed\u00e1 mezin\u00e1rodn\u00ed akce n\u00e1m pom\u00e1h\u00e1 l\u00e9pe porozum\u011bt pot\u0159eb\u00e1m m\u00edstn\u00edho trhu, vym\u011b\u0148ovat si n\u00e1zory s odborn\u00edky z oboru a zdokonalovat \u0159e\u0161en\u00ed, kter\u00e1 funguj\u00ed glob\u00e1ln\u011b a z\u00e1rove\u0148 jsou implementov\u00e1na na m\u00edstn\u00ed \u00farovni.<\/p>\n<p>D\u011bkujeme v\u0161em, kte\u0159\u00ed n\u00e1s v K\u00e1hi\u0159e nav\u0161t\u00edvili a p\u0159isp\u011bli k inspirativn\u00edm rozhovor\u016fm a cenn\u00fdm setk\u00e1n\u00edm. T\u011b\u0161\u00edme se na pokra\u010dov\u00e1n\u00ed t\u011bchto diskus\u00ed v roce 2026. <\/p>\n","protected":false},"excerpt":{"rendered":"<p>Anter System na Handling Expo 2025 v K\u00e1hi\u0159e Ve dnech 18.-21. prosince 2025 jsme m\u011bli to pot\u011b\u0161en\u00ed z\u00fa\u010dastnit se veletrhu Handling Expo &#8211; Mezin\u00e1rodn\u00ed v\u00fdstavy manipula\u010dn\u00ed a skladovac\u00ed techniky v egyptsk\u00e9 K\u00e1hi\u0159e. Tato akce znamenala d\u016fle\u017eitou zast\u00e1vku na mezin\u00e1rodn\u00edm pl\u00e1nu spole\u010dnosti Anter System a silnou te\u010dku za na\u0161\u00ed veletr\u017en\u00ed sez\u00f3nou 2025. Veletrh Handling Expo, kter\u00fd [&hellip;]<\/p>\n","protected":false},"author":11,"featured_media":40280,"parent":30524,"menu_order":0,"comment_status":"closed","ping_status":"closed","template":"","meta":{"inline_featured_image":false,"ngg_post_thumbnail":0,"footnotes":""},"class_list":["post-40315","page","type-page","status-publish","has-post-thumbnail","hentry"],"acf":[],"yoast_head":"<!-- This site is optimized with the Yoast SEO plugin v27.0 - https:\/\/yoast.com\/product\/yoast-seo-wordpress\/ -->\n<title>Handling Expo 2025 - Anter System<\/title>\n<meta name=\"description\" content=\"Anter System na Handling Expo 2025 v K\u00e1hi\u0159e Ve dnech 18.-21. prosince 2025 jsme m\u011bli to pot\u011b\u0161en\u00ed z\u00fa\u010dastnit se veletrhu Handling Expo - Mezin\u00e1rodn\u00ed v\u00fdstavy\" \/>\n<meta name=\"robots\" content=\"index, follow, max-snippet:-1, max-image-preview:large, max-video-preview:-1\" \/>\n<link rel=\"canonical\" href=\"https:\/\/antersystem.com\/cs\/novinky\/handling-expo-2025\/\" \/>\n<meta property=\"og:locale\" content=\"cs_CZ\" \/>\n<meta property=\"og:type\" content=\"article\" \/>\n<meta property=\"og:title\" content=\"Handling Expo 2025 - Anter System\" \/>\n<meta property=\"og:description\" content=\"Anter System na Handling Expo 2025 v K\u00e1hi\u0159e Ve dnech 18.-21. prosince 2025 jsme m\u011bli to pot\u011b\u0161en\u00ed z\u00fa\u010dastnit se veletrhu Handling Expo - Mezin\u00e1rodn\u00ed v\u00fdstavy\" \/>\n<meta property=\"og:url\" content=\"https:\/\/antersystem.com\/cs\/novinky\/handling-expo-2025\/\" \/>\n<meta property=\"og:site_name\" content=\"Anter System\" \/>\n<meta property=\"article:modified_time\" content=\"2026-02-22T21:30:23+00:00\" \/>\n<meta property=\"og:image\" content=\"https:\/\/antersystem.com\/wp-content\/uploads\/handling-expo-2025-cover.webp\" \/>\n\t<meta property=\"og:image:width\" content=\"1921\" \/>\n\t<meta property=\"og:image:height\" content=\"1080\" \/>\n\t<meta property=\"og:image:type\" content=\"image\/webp\" \/>\n<meta name=\"twitter:card\" content=\"summary_large_image\" \/>\n<meta name=\"twitter:label1\" content=\"Odhadovan\u00e1 doba \u010dten\u00ed\" \/>\n\t<meta name=\"twitter:data1\" content=\"2 minuty\" \/>\n<script type=\"application\/ld+json\" class=\"yoast-schema-graph\">{\"@context\":\"https:\/\/schema.org\",\"@graph\":[{\"@type\":\"WebPage\",\"@id\":\"https:\/\/antersystem.com\/cs\/novinky\/handling-expo-2025\/\",\"url\":\"https:\/\/antersystem.com\/cs\/novinky\/handling-expo-2025\/\",\"name\":\"Handling Expo 2025 - Anter System\",\"isPartOf\":{\"@id\":\"https:\/\/antersystem.com\/cs\/#website\"},\"primaryImageOfPage\":{\"@id\":\"https:\/\/antersystem.com\/cs\/novinky\/handling-expo-2025\/#primaryimage\"},\"image\":{\"@id\":\"https:\/\/antersystem.com\/cs\/novinky\/handling-expo-2025\/#primaryimage\"},\"thumbnailUrl\":\"https:\/\/antersystem.com\/wp-content\/uploads\/handling-expo-2025-cover.webp\",\"datePublished\":\"2025-12-22T14:36:00+00:00\",\"dateModified\":\"2026-02-22T21:30:23+00:00\",\"description\":\"Anter System na Handling Expo 2025 v K\u00e1hi\u0159e Ve dnech 18.-21. prosince 2025 jsme m\u011bli to pot\u011b\u0161en\u00ed z\u00fa\u010dastnit se veletrhu Handling Expo - Mezin\u00e1rodn\u00ed v\u00fdstavy\",\"breadcrumb\":{\"@id\":\"https:\/\/antersystem.com\/cs\/novinky\/handling-expo-2025\/#breadcrumb\"},\"inLanguage\":\"cs\",\"potentialAction\":[{\"@type\":\"ReadAction\",\"target\":[\"https:\/\/antersystem.com\/cs\/novinky\/handling-expo-2025\/\"]}]},{\"@type\":\"ImageObject\",\"inLanguage\":\"cs\",\"@id\":\"https:\/\/antersystem.com\/cs\/novinky\/handling-expo-2025\/#primaryimage\",\"url\":\"https:\/\/antersystem.com\/wp-content\/uploads\/handling-expo-2025-cover.webp\",\"contentUrl\":\"https:\/\/antersystem.com\/wp-content\/uploads\/handling-expo-2025-cover.webp\",\"width\":1921,\"height\":1080},{\"@type\":\"BreadcrumbList\",\"@id\":\"https:\/\/antersystem.com\/cs\/novinky\/handling-expo-2025\/#breadcrumb\",\"itemListElement\":[{\"@type\":\"ListItem\",\"position\":1,\"name\":\"AnterSystem\",\"item\":\"https:\/\/antersystem.com\/cs\/\"},{\"@type\":\"ListItem\",\"position\":2,\"name\":\"Zpr\u00e1vy\",\"item\":\"https:\/\/antersystem.com\/cs\/novinky\/\"},{\"@type\":\"ListItem\",\"position\":3,\"name\":\"Handling Expo 2025\"}]},{\"@type\":\"WebSite\",\"@id\":\"https:\/\/antersystem.com\/cs\/#website\",\"url\":\"https:\/\/antersystem.com\/cs\/\",\"name\":\"Anter System\",\"description\":\"Jeste\u015bmy polskim producentem elastycznych barier ochronnych wykonywanych z polimerowych tworzyw sztucznych. Na rynku krajowym i zagranicznym dzia\u0142amy od ponad 15 lat dbaj\u0105c o zapewnienie bezpiecze\u0144stwa w zak\u0142adach produkcyjnych, magazynach oraz centrach logistycznych.\",\"potentialAction\":[{\"@type\":\"SearchAction\",\"target\":{\"@type\":\"EntryPoint\",\"urlTemplate\":\"https:\/\/antersystem.com\/cs\/?s={search_term_string}\"},\"query-input\":{\"@type\":\"PropertyValueSpecification\",\"valueRequired\":true,\"valueName\":\"search_term_string\"}}],\"inLanguage\":\"cs\"}]}<\/script>\n<!-- \/ Yoast SEO plugin. -->","yoast_head_json":{"title":"Handling Expo 2025 - Anter System","description":"Anter System na Handling Expo 2025 v K\u00e1hi\u0159e Ve dnech 18.-21. prosince 2025 jsme m\u011bli to pot\u011b\u0161en\u00ed z\u00fa\u010dastnit se veletrhu Handling Expo - Mezin\u00e1rodn\u00ed v\u00fdstavy","robots":{"index":"index","follow":"follow","max-snippet":"max-snippet:-1","max-image-preview":"max-image-preview:large","max-video-preview":"max-video-preview:-1"},"canonical":"https:\/\/antersystem.com\/cs\/novinky\/handling-expo-2025\/","og_locale":"cs_CZ","og_type":"article","og_title":"Handling Expo 2025 - Anter System","og_description":"Anter System na Handling Expo 2025 v K\u00e1hi\u0159e Ve dnech 18.-21. prosince 2025 jsme m\u011bli to pot\u011b\u0161en\u00ed z\u00fa\u010dastnit se veletrhu Handling Expo - Mezin\u00e1rodn\u00ed v\u00fdstavy","og_url":"https:\/\/antersystem.com\/cs\/novinky\/handling-expo-2025\/","og_site_name":"Anter System","article_modified_time":"2026-02-22T21:30:23+00:00","og_image":[{"width":1921,"height":1080,"url":"https:\/\/antersystem.com\/wp-content\/uploads\/handling-expo-2025-cover.webp","type":"image\/webp"}],"twitter_card":"summary_large_image","twitter_misc":{"Odhadovan\u00e1 doba \u010dten\u00ed":"2 minuty"},"schema":{"@context":"https:\/\/schema.org","@graph":[{"@type":"WebPage","@id":"https:\/\/antersystem.com\/cs\/novinky\/handling-expo-2025\/","url":"https:\/\/antersystem.com\/cs\/novinky\/handling-expo-2025\/","name":"Handling Expo 2025 - Anter System","isPartOf":{"@id":"https:\/\/antersystem.com\/cs\/#website"},"primaryImageOfPage":{"@id":"https:\/\/antersystem.com\/cs\/novinky\/handling-expo-2025\/#primaryimage"},"image":{"@id":"https:\/\/antersystem.com\/cs\/novinky\/handling-expo-2025\/#primaryimage"},"thumbnailUrl":"https:\/\/antersystem.com\/wp-content\/uploads\/handling-expo-2025-cover.webp","datePublished":"2025-12-22T14:36:00+00:00","dateModified":"2026-02-22T21:30:23+00:00","description":"Anter System na Handling Expo 2025 v K\u00e1hi\u0159e Ve dnech 18.-21. prosince 2025 jsme m\u011bli to pot\u011b\u0161en\u00ed z\u00fa\u010dastnit se veletrhu Handling Expo - Mezin\u00e1rodn\u00ed v\u00fdstavy","breadcrumb":{"@id":"https:\/\/antersystem.com\/cs\/novinky\/handling-expo-2025\/#breadcrumb"},"inLanguage":"cs","potentialAction":[{"@type":"ReadAction","target":["https:\/\/antersystem.com\/cs\/novinky\/handling-expo-2025\/"]}]},{"@type":"ImageObject","inLanguage":"cs","@id":"https:\/\/antersystem.com\/cs\/novinky\/handling-expo-2025\/#primaryimage","url":"https:\/\/antersystem.com\/wp-content\/uploads\/handling-expo-2025-cover.webp","contentUrl":"https:\/\/antersystem.com\/wp-content\/uploads\/handling-expo-2025-cover.webp","width":1921,"height":1080},{"@type":"BreadcrumbList","@id":"https:\/\/antersystem.com\/cs\/novinky\/handling-expo-2025\/#breadcrumb","itemListElement":[{"@type":"ListItem","position":1,"name":"AnterSystem","item":"https:\/\/antersystem.com\/cs\/"},{"@type":"ListItem","position":2,"name":"Zpr\u00e1vy","item":"https:\/\/antersystem.com\/cs\/novinky\/"},{"@type":"ListItem","position":3,"name":"Handling Expo 2025"}]},{"@type":"WebSite","@id":"https:\/\/antersystem.com\/cs\/#website","url":"https:\/\/antersystem.com\/cs\/","name":"Anter System","description":"Jeste\u015bmy polskim producentem elastycznych barier ochronnych wykonywanych z polimerowych tworzyw sztucznych. Na rynku krajowym i zagranicznym dzia\u0142amy od ponad 15 lat dbaj\u0105c o zapewnienie bezpiecze\u0144stwa w zak\u0142adach produkcyjnych, magazynach oraz centrach logistycznych.","potentialAction":[{"@type":"SearchAction","target":{"@type":"EntryPoint","urlTemplate":"https:\/\/antersystem.com\/cs\/?s={search_term_string}"},"query-input":{"@type":"PropertyValueSpecification","valueRequired":true,"valueName":"search_term_string"}}],"inLanguage":"cs"}]}},"_links":{"self":[{"href":"https:\/\/antersystem.com\/cs\/wp-json\/wp\/v2\/pages\/40315","targetHints":{"allow":["GET"]}}],"collection":[{"href":"https:\/\/antersystem.com\/cs\/wp-json\/wp\/v2\/pages"}],"about":[{"href":"https:\/\/antersystem.com\/cs\/wp-json\/wp\/v2\/types\/page"}],"author":[{"embeddable":true,"href":"https:\/\/antersystem.com\/cs\/wp-json\/wp\/v2\/users\/11"}],"replies":[{"embeddable":true,"href":"https:\/\/antersystem.com\/cs\/wp-json\/wp\/v2\/comments?post=40315"}],"version-history":[{"count":1,"href":"https:\/\/antersystem.com\/cs\/wp-json\/wp\/v2\/pages\/40315\/revisions"}],"predecessor-version":[{"id":40387,"href":"https:\/\/antersystem.com\/cs\/wp-json\/wp\/v2\/pages\/40315\/revisions\/40387"}],"up":[{"embeddable":true,"href":"https:\/\/antersystem.com\/cs\/wp-json\/wp\/v2\/pages\/30524"}],"wp:featuredmedia":[{"embeddable":true,"href":"https:\/\/antersystem.com\/cs\/wp-json\/wp\/v2\/media\/40280"}],"wp:attachment":[{"href":"https:\/\/antersystem.com\/cs\/wp-json\/wp\/v2\/media?parent=40315"}],"curies":[{"name":"wp","href":"https:\/\/api.w.org\/{rel}","templated":true}]}}

<h2>Anter System na Handling Expo 2025 v Káhiře</h2>
<p>Ve dnech 18.-21. prosince 2025 jsme měli to potěšení zúčastnit se <strong>veletrhu Handling Expo &#8211; Mezinárodní výstavy manipulační a skladovací techniky v</strong> egyptské <strong>Káhiře</strong>. Tato akce znamenala důležitou zastávku na mezinárodním plánu společnosti Anter System a silnou tečku za naší veletržní sezónou 2025. </p>
<p>Veletrh Handling Expo, který se konal v Egyptském mezinárodním výstavním centru, potvrdil, jak dynamicky se vyvíjí skladování, intralogistika a průmyslová bezpečnost na trzích Středního východu a Afriky. Podle organizátorů se letošního ročníku zúčastnilo 622 <strong>vystavovatelů z 27 zemí a přilákalo</strong> 24 208 <strong>odborných návštěvníků, kteří vytvořili živou platformu</strong> pro výměnu znalostí a obchodní růst. </p>
<p>Na veletrhu jsme představili náš přístup k <strong>flexibilním systémům ochrany proti nárazu se zaměřením</strong> na praktické bezpečnostní výzvy v moderních skladech a výrobních zařízeních. Společně s naším partnerem <strong>IRack Storage Solution</strong> jsme předvedli řešení navržená pro reálné provozní podmínky &#8211; ochranu osob, infrastruktury a zboží v průmyslovém prostředí s vysokým provozem. </p>
<p>Každá mezinárodní akce nám pomáhá lépe porozumět potřebám místního trhu, vyměňovat si názory s odborníky z oboru a zdokonalovat řešení, která fungují globálně a zároveň jsou implementována na místní úrovni.</p>
<p>Děkujeme všem, kteří nás v Káhiře navštívili a přispěli k inspirativním rozhovorům a cenným setkáním. Těšíme se na pokračování těchto diskusí v roce 2026. </p>

<p>Anter System na Handling Expo 2025 v Káhiře Ve dnech 18.-21. prosince 2025 jsme měli to potěšení zúčastnit se veletrhu Handling Expo &#8211; Mezinárodní výstavy manipulační a skladovací techniky v egyptské Káhiře. Tato akce znamenala důležitou zastávku na mezinárodním plánu společnosti Anter System a silnou tečku za naší veletržní sezónou 2025. Veletrh Handling Expo, který [&hellip;]</p>

<!-- This site is optimized with the Yoast SEO plugin v27.0 - https://yoast.com/product/yoast-seo-wordpress/ -->
<title>Handling Expo 2025 - Anter System</title>
<meta name="description" content="Anter System na Handling Expo 2025 v Káhiře Ve dnech 18.-21. prosince 2025 jsme měli to potěšení zúčastnit se veletrhu Handling Expo - Mezinárodní výstavy" />
<meta name="robots" content="index, follow, max-snippet:-1, max-image-preview:large, max-video-preview:-1" />
<link rel="canonical" href="https://antersystem.com/cs/novinky/handling-expo-2025/" />
<meta property="og:locale" content="cs_CZ" />
<meta property="og:type" content="article" />
<meta property="og:title" content="Handling Expo 2025 - Anter System" />
<meta property="og:description" content="Anter System na Handling Expo 2025 v Káhiře Ve dnech 18.-21. prosince 2025 jsme měli to potěšení zúčastnit se veletrhu Handling Expo - Mezinárodní výstavy" />
<meta property="og:url" content="https://antersystem.com/cs/novinky/handling-expo-2025/" />
<meta property="og:site_name" content="Anter System" />
<meta property="article:modified_time" content="2026-02-22T21:30:23+00:00" />
<meta property="og:image" content="https://antersystem.com/wp-content/uploads/handling-expo-2025-cover.webp" />
	<meta property="og:image:width" content="1921" />
	<meta property="og:image:height" content="1080" />
	<meta property="og:image:type" content="image/webp" />
<meta name="twitter:card" content="summary_large_image" />
<meta name="twitter:label1" content="Odhadovaná doba čtení" />
	<meta name="twitter:data1" content="2 minuty" />
<script type="application/ld+json" class="yoast-schema-graph">{"@context":"https://schema.org","@graph":[{"@type":"WebPage","@id":"https://antersystem.com/cs/novinky/handling-expo-2025/","url":"https://antersystem.com/cs/novinky/handling-expo-2025/","name":"Handling Expo 2025 - Anter System","isPartOf":{"@id":"https://antersystem.com/cs/#website"},"primaryImageOfPage":{"@id":"https://antersystem.com/cs/novinky/handling-expo-2025/#primaryimage"},"image":{"@id":"https://antersystem.com/cs/novinky/handling-expo-2025/#primaryimage"},"thumbnailUrl":"https://antersystem.com/wp-content/uploads/handling-expo-2025-cover.webp","datePublished":"2025-12-22T14:36:00+00:00","dateModified":"2026-02-22T21:30:23+00:00","description":"Anter System na Handling Expo 2025 v Káhiře Ve dnech 18.-21. prosince 2025 jsme měli to potěšení zúčastnit se veletrhu Handling Expo - Mezinárodní výstavy","breadcrumb":{"@id":"https://antersystem.com/cs/novinky/handling-expo-2025/#breadcrumb"},"inLanguage":"cs","potentialAction":[{"@type":"ReadAction","target":["https://antersystem.com/cs/novinky/handling-expo-2025/"]}]},{"@type":"ImageObject","inLanguage":"cs","@id":"https://antersystem.com/cs/novinky/handling-expo-2025/#primaryimage","url":"https://antersystem.com/wp-content/uploads/handling-expo-2025-cover.webp","contentUrl":"https://antersystem.com/wp-content/uploads/handling-expo-2025-cover.webp","width":1921,"height":1080},{"@type":"BreadcrumbList","@id":"https://antersystem.com/cs/novinky/handling-expo-2025/#breadcrumb","itemListElement":[{"@type":"ListItem","position":1,"name":"AnterSystem","item":"https://antersystem.com/cs/"},{"@type":"ListItem","position":2,"name":"Zprávy","item":"https://antersystem.com/cs/novinky/"},{"@type":"ListItem","position":3,"name":"Handling Expo 2025"}]},{"@type":"WebSite","@id":"https://antersystem.com/cs/#website","url":"https://antersystem.com/cs/","name":"Anter System","description":"Jesteśmy polskim producentem elastycznych barier ochronnych wykonywanych z polimerowych tworzyw sztucznych. Na rynku krajowym i zagranicznym działamy od ponad 15 lat dbając o zapewnienie bezpieczeństwa w zakładach produkcyjnych, magazynach oraz centrach logistycznych.","potentialAction":[{"@type":"SearchAction","target":{"@type":"EntryPoint","urlTemplate":"https://antersystem.com/cs/?s={search_term_string}"},"query-input":{"@type":"PropertyValueSpecification","valueRequired":true,"valueName":"search_term_string"}}],"inLanguage":"cs"}]}</script>
<!-- / Yoast SEO plugin. -->

Anter System na Handling Expo 2025 v Káhiře Ve dnech 18.-21. prosince 2025 jsme měli to potěšení zúčastnit se veletrhu Handling Expo - Mezinárodní výstavy

Zprávy

Jesteśmy polskim producentem elastycznych barier ochronnych wykonywanych z polimerowych tworzyw sztucznych. Na rynku krajowym i zagranicznym działamy od ponad 15 lat dbając o zapewnienie bezpieczeństwa w zakładach produkcyjnych, magazynach oraz centrach logistycznych.
