{"id":39899,"date":"2025-11-10T12:16:50","date_gmt":"2025-11-10T11:16:50","guid":{"rendered":"https:\/\/antersystem.com\/nachrichten\/aa-2025-dusseldorf\/"},"modified":"2025-11-10T12:16:50","modified_gmt":"2025-11-10T11:16:50","slug":"aa-2025-dusseldorf","status":"publish","type":"page","link":"https:\/\/antersystem.com\/de\/nachrichten\/aa-2025-dusseldorf\/","title":{"rendered":"A+A 2025 in D\u00fcsseldorf"},"content":{"rendered":"<p>Diesen November hatte unser Team das Vergn\u00fcgen, an der A+A Internationale Fachmesse und Kongress in D\u00fcsseldorf teilzunehmen &#8211; der weltweit gr\u00f6\u00dften Veranstaltung dieser Kategorie, die sich auf Sicherheit, Gesundheit und Wohlbefinden am Arbeitsplatz konzentriert. Die diesj\u00e4hrige Messe brachte beeindruckende 2.340 Aussteller aus 70 L\u00e4ndern und 67.000 Besucher aus 150 verschiedenen Nationen zusammen und f\u00fcllte die Hallen mit gro\u00dfer Energie und aufschlussreichen Ideen. <\/p>\n<p>Die Messe bot einen umfassenden Einblick in die neuesten Trends und Verbesserungen in der Branche &#8211; von modernster Schutzausr\u00fcstung und intelligenten Technologien bis hin zu L\u00f6sungen, die auf Nachhaltigkeit ausgerichtet sind. Die Veranstaltung bot Unternehmen und Fachleuten eine Plattform, um ihre Innovationen vorzustellen, neue Herausforderungen zu diskutieren und Ideen zur Verbesserung der Sicherheit und des Wohlbefindens am Arbeitsplatz weltweit auszutauschen. <\/p>\n<p>Wir waren zum ersten Mal auf dieser Messe und es war wirklich aufregend, ein so breites Spektrum an Innovationen und neuen Ideen in der Branche zu sehen. Wir sind dankbar f\u00fcr die wertvollen Gespr\u00e4che und Verbindungen, die wir in dieser Zeit gekn\u00fcpft haben. <\/p>\n<p>Vielen Dank an alle, die vorbeigekommen sind und mit uns in Kontakt getreten sind. Wir freuen uns auf die vor uns liegenden M\u00f6glichkeiten und darauf, in Zukunft wiederzukommen. <\/p>\nngg_shortcode_0_placeholder\n","protected":false},"excerpt":{"rendered":"<p>Diesen November hatte unser Team das Vergn\u00fcgen, an der A+A Internationale Fachmesse und Kongress in D\u00fcsseldorf teilzunehmen &#8211; der weltweit gr\u00f6\u00dften Veranstaltung dieser Kategorie, die sich auf Sicherheit, Gesundheit und Wohlbefinden am Arbeitsplatz konzentriert. Die diesj\u00e4hrige Messe brachte beeindruckende 2.340 Aussteller aus 70 L\u00e4ndern und 67.000 Besucher aus 150 verschiedenen Nationen zusammen und f\u00fcllte die [&hellip;]<\/p>\n","protected":false},"author":11,"featured_media":39808,"parent":30484,"menu_order":0,"comment_status":"closed","ping_status":"closed","template":"","meta":{"inline_featured_image":false,"ngg_post_thumbnail":0,"footnotes":""},"class_list":["post-39899","page","type-page","status-publish","has-post-thumbnail","hentry"],"acf":[],"yoast_head":"<!-- This site is optimized with the Yoast SEO plugin v27.0 - https:\/\/yoast.com\/product\/yoast-seo-wordpress\/ -->\n<title>A+A 2025 in D\u00fcsseldorf - Anter System<\/title>\n<meta name=\"description\" content=\"Diesen November hatte unser Team das Vergn\u00fcgen, an der A+A Internationale Fachmesse und Kongress in D\u00fcsseldorf teilzunehmen - der weltweit gr\u00f6\u00dften\" \/>\n<meta name=\"robots\" content=\"index, follow, max-snippet:-1, max-image-preview:large, max-video-preview:-1\" \/>\n<link rel=\"canonical\" href=\"https:\/\/antersystem.com\/de\/nachrichten\/aa-2025-dusseldorf\/\" \/>\n<meta property=\"og:locale\" content=\"de_DE\" \/>\n<meta property=\"og:type\" content=\"article\" \/>\n<meta property=\"og:title\" content=\"A+A 2025 in D\u00fcsseldorf - Anter System\" \/>\n<meta property=\"og:description\" content=\"Diesen November hatte unser Team das Vergn\u00fcgen, an der A+A Internationale Fachmesse und Kongress in D\u00fcsseldorf teilzunehmen - der weltweit gr\u00f6\u00dften\" \/>\n<meta property=\"og:url\" content=\"https:\/\/antersystem.com\/de\/nachrichten\/aa-2025-dusseldorf\/\" \/>\n<meta property=\"og:site_name\" content=\"Anter System\" \/>\n<meta property=\"og:image\" content=\"https:\/\/antersystem.com\/wp-content\/uploads\/AplusA2025-01.webp\" \/>\n\t<meta property=\"og:image:width\" content=\"2001\" \/>\n\t<meta property=\"og:image:height\" content=\"1001\" \/>\n\t<meta property=\"og:image:type\" content=\"image\/webp\" \/>\n<meta name=\"twitter:card\" content=\"summary_large_image\" \/>\n<meta name=\"twitter:label1\" content=\"Gesch\u00e4tzte Lesezeit\" \/>\n\t<meta name=\"twitter:data1\" content=\"1\u00a0Minute\" \/>\n<script type=\"application\/ld+json\" class=\"yoast-schema-graph\">{\"@context\":\"https:\/\/schema.org\",\"@graph\":[{\"@type\":\"WebPage\",\"@id\":\"https:\/\/antersystem.com\/de\/nachrichten\/aa-2025-dusseldorf\/\",\"url\":\"https:\/\/antersystem.com\/de\/nachrichten\/aa-2025-dusseldorf\/\",\"name\":\"A+A 2025 in D\u00fcsseldorf - Anter System\",\"isPartOf\":{\"@id\":\"https:\/\/antersystem.com\/de\/#website\"},\"primaryImageOfPage\":{\"@id\":\"https:\/\/antersystem.com\/de\/nachrichten\/aa-2025-dusseldorf\/#primaryimage\"},\"image\":{\"@id\":\"https:\/\/antersystem.com\/de\/nachrichten\/aa-2025-dusseldorf\/#primaryimage\"},\"thumbnailUrl\":\"https:\/\/antersystem.com\/wp-content\/uploads\/AplusA2025-01.webp\",\"datePublished\":\"2025-11-10T11:16:50+00:00\",\"description\":\"Diesen November hatte unser Team das Vergn\u00fcgen, an der A+A Internationale Fachmesse und Kongress in D\u00fcsseldorf teilzunehmen - der weltweit gr\u00f6\u00dften\",\"breadcrumb\":{\"@id\":\"https:\/\/antersystem.com\/de\/nachrichten\/aa-2025-dusseldorf\/#breadcrumb\"},\"inLanguage\":\"de\",\"potentialAction\":[{\"@type\":\"ReadAction\",\"target\":[\"https:\/\/antersystem.com\/de\/nachrichten\/aa-2025-dusseldorf\/\"]}]},{\"@type\":\"ImageObject\",\"inLanguage\":\"de\",\"@id\":\"https:\/\/antersystem.com\/de\/nachrichten\/aa-2025-dusseldorf\/#primaryimage\",\"url\":\"https:\/\/antersystem.com\/wp-content\/uploads\/AplusA2025-01.webp\",\"contentUrl\":\"https:\/\/antersystem.com\/wp-content\/uploads\/AplusA2025-01.webp\",\"width\":2001,\"height\":1001},{\"@type\":\"BreadcrumbList\",\"@id\":\"https:\/\/antersystem.com\/de\/nachrichten\/aa-2025-dusseldorf\/#breadcrumb\",\"itemListElement\":[{\"@type\":\"ListItem\",\"position\":1,\"name\":\"AnterSystem\",\"item\":\"https:\/\/antersystem.com\/de\/\"},{\"@type\":\"ListItem\",\"position\":2,\"name\":\"Nachrichten\",\"item\":\"https:\/\/antersystem.com\/de\/nachrichten\/\"},{\"@type\":\"ListItem\",\"position\":3,\"name\":\"A+A 2025 in D\u00fcsseldorf\"}]},{\"@type\":\"WebSite\",\"@id\":\"https:\/\/antersystem.com\/de\/#website\",\"url\":\"https:\/\/antersystem.com\/de\/\",\"name\":\"Anter System\",\"description\":\"Jeste\u015bmy polskim producentem elastycznych barier ochronnych wykonywanych z polimerowych tworzyw sztucznych. Na rynku krajowym i zagranicznym dzia\u0142amy od ponad 15 lat dbaj\u0105c o zapewnienie bezpiecze\u0144stwa w zak\u0142adach produkcyjnych, magazynach oraz centrach logistycznych.\",\"potentialAction\":[{\"@type\":\"SearchAction\",\"target\":{\"@type\":\"EntryPoint\",\"urlTemplate\":\"https:\/\/antersystem.com\/de\/?s={search_term_string}\"},\"query-input\":{\"@type\":\"PropertyValueSpecification\",\"valueRequired\":true,\"valueName\":\"search_term_string\"}}],\"inLanguage\":\"de\"}]}<\/script>\n<!-- \/ Yoast SEO plugin. -->","yoast_head_json":{"title":"A+A 2025 in D\u00fcsseldorf - Anter System","description":"Diesen November hatte unser Team das Vergn\u00fcgen, an der A+A Internationale Fachmesse und Kongress in D\u00fcsseldorf teilzunehmen - der weltweit gr\u00f6\u00dften","robots":{"index":"index","follow":"follow","max-snippet":"max-snippet:-1","max-image-preview":"max-image-preview:large","max-video-preview":"max-video-preview:-1"},"canonical":"https:\/\/antersystem.com\/de\/nachrichten\/aa-2025-dusseldorf\/","og_locale":"de_DE","og_type":"article","og_title":"A+A 2025 in D\u00fcsseldorf - Anter System","og_description":"Diesen November hatte unser Team das Vergn\u00fcgen, an der A+A Internationale Fachmesse und Kongress in D\u00fcsseldorf teilzunehmen - der weltweit gr\u00f6\u00dften","og_url":"https:\/\/antersystem.com\/de\/nachrichten\/aa-2025-dusseldorf\/","og_site_name":"Anter System","og_image":[{"width":2001,"height":1001,"url":"https:\/\/antersystem.com\/wp-content\/uploads\/AplusA2025-01.webp","type":"image\/webp"}],"twitter_card":"summary_large_image","twitter_misc":{"Gesch\u00e4tzte Lesezeit":"1\u00a0Minute"},"schema":{"@context":"https:\/\/schema.org","@graph":[{"@type":"WebPage","@id":"https:\/\/antersystem.com\/de\/nachrichten\/aa-2025-dusseldorf\/","url":"https:\/\/antersystem.com\/de\/nachrichten\/aa-2025-dusseldorf\/","name":"A+A 2025 in D\u00fcsseldorf - Anter System","isPartOf":{"@id":"https:\/\/antersystem.com\/de\/#website"},"primaryImageOfPage":{"@id":"https:\/\/antersystem.com\/de\/nachrichten\/aa-2025-dusseldorf\/#primaryimage"},"image":{"@id":"https:\/\/antersystem.com\/de\/nachrichten\/aa-2025-dusseldorf\/#primaryimage"},"thumbnailUrl":"https:\/\/antersystem.com\/wp-content\/uploads\/AplusA2025-01.webp","datePublished":"2025-11-10T11:16:50+00:00","description":"Diesen November hatte unser Team das Vergn\u00fcgen, an der A+A Internationale Fachmesse und Kongress in D\u00fcsseldorf teilzunehmen - der weltweit gr\u00f6\u00dften","breadcrumb":{"@id":"https:\/\/antersystem.com\/de\/nachrichten\/aa-2025-dusseldorf\/#breadcrumb"},"inLanguage":"de","potentialAction":[{"@type":"ReadAction","target":["https:\/\/antersystem.com\/de\/nachrichten\/aa-2025-dusseldorf\/"]}]},{"@type":"ImageObject","inLanguage":"de","@id":"https:\/\/antersystem.com\/de\/nachrichten\/aa-2025-dusseldorf\/#primaryimage","url":"https:\/\/antersystem.com\/wp-content\/uploads\/AplusA2025-01.webp","contentUrl":"https:\/\/antersystem.com\/wp-content\/uploads\/AplusA2025-01.webp","width":2001,"height":1001},{"@type":"BreadcrumbList","@id":"https:\/\/antersystem.com\/de\/nachrichten\/aa-2025-dusseldorf\/#breadcrumb","itemListElement":[{"@type":"ListItem","position":1,"name":"AnterSystem","item":"https:\/\/antersystem.com\/de\/"},{"@type":"ListItem","position":2,"name":"Nachrichten","item":"https:\/\/antersystem.com\/de\/nachrichten\/"},{"@type":"ListItem","position":3,"name":"A+A 2025 in D\u00fcsseldorf"}]},{"@type":"WebSite","@id":"https:\/\/antersystem.com\/de\/#website","url":"https:\/\/antersystem.com\/de\/","name":"Anter System","description":"Jeste\u015bmy polskim producentem elastycznych barier ochronnych wykonywanych z polimerowych tworzyw sztucznych. Na rynku krajowym i zagranicznym dzia\u0142amy od ponad 15 lat dbaj\u0105c o zapewnienie bezpiecze\u0144stwa w zak\u0142adach produkcyjnych, magazynach oraz centrach logistycznych.","potentialAction":[{"@type":"SearchAction","target":{"@type":"EntryPoint","urlTemplate":"https:\/\/antersystem.com\/de\/?s={search_term_string}"},"query-input":{"@type":"PropertyValueSpecification","valueRequired":true,"valueName":"search_term_string"}}],"inLanguage":"de"}]}},"_links":{"self":[{"href":"https:\/\/antersystem.com\/de\/wp-json\/wp\/v2\/pages\/39899","targetHints":{"allow":["GET"]}}],"collection":[{"href":"https:\/\/antersystem.com\/de\/wp-json\/wp\/v2\/pages"}],"about":[{"href":"https:\/\/antersystem.com\/de\/wp-json\/wp\/v2\/types\/page"}],"author":[{"embeddable":true,"href":"https:\/\/antersystem.com\/de\/wp-json\/wp\/v2\/users\/11"}],"replies":[{"embeddable":true,"href":"https:\/\/antersystem.com\/de\/wp-json\/wp\/v2\/comments?post=39899"}],"version-history":[{"count":0,"href":"https:\/\/antersystem.com\/de\/wp-json\/wp\/v2\/pages\/39899\/revisions"}],"up":[{"embeddable":true,"href":"https:\/\/antersystem.com\/de\/wp-json\/wp\/v2\/pages\/30484"}],"wp:featuredmedia":[{"embeddable":true,"href":"https:\/\/antersystem.com\/de\/wp-json\/wp\/v2\/media\/39808"}],"wp:attachment":[{"href":"https:\/\/antersystem.com\/de\/wp-json\/wp\/v2\/media?parent=39899"}],"curies":[{"name":"wp","href":"https:\/\/api.w.org\/{rel}","templated":true}]}}

A+A 2025 in Düsseldorf

<p>Diesen November hatte unser Team das Vergnügen, an der A+A Internationale Fachmesse und Kongress in Düsseldorf teilzunehmen &#8211; der weltweit größten Veranstaltung dieser Kategorie, die sich auf Sicherheit, Gesundheit und Wohlbefinden am Arbeitsplatz konzentriert. Die diesjährige Messe brachte beeindruckende 2.340 Aussteller aus 70 Ländern und 67.000 Besucher aus 150 verschiedenen Nationen zusammen und füllte die Hallen mit großer Energie und aufschlussreichen Ideen. </p>
<p>Die Messe bot einen umfassenden Einblick in die neuesten Trends und Verbesserungen in der Branche &#8211; von modernster Schutzausrüstung und intelligenten Technologien bis hin zu Lösungen, die auf Nachhaltigkeit ausgerichtet sind. Die Veranstaltung bot Unternehmen und Fachleuten eine Plattform, um ihre Innovationen vorzustellen, neue Herausforderungen zu diskutieren und Ideen zur Verbesserung der Sicherheit und des Wohlbefindens am Arbeitsplatz weltweit auszutauschen. </p>
<p>Wir waren zum ersten Mal auf dieser Messe und es war wirklich aufregend, ein so breites Spektrum an Innovationen und neuen Ideen in der Branche zu sehen. Wir sind dankbar für die wertvollen Gespräche und Verbindungen, die wir in dieser Zeit geknüpft haben. </p>
<p>Vielen Dank an alle, die vorbeigekommen sind und mit uns in Kontakt getreten sind. Wir freuen uns auf die vor uns liegenden Möglichkeiten und darauf, in Zukunft wiederzukommen. </p>
ngg_shortcode_0_placeholder

<p>Diesen November hatte unser Team das Vergnügen, an der A+A Internationale Fachmesse und Kongress in Düsseldorf teilzunehmen &#8211; der weltweit größten Veranstaltung dieser Kategorie, die sich auf Sicherheit, Gesundheit und Wohlbefinden am Arbeitsplatz konzentriert. Die diesjährige Messe brachte beeindruckende 2.340 Aussteller aus 70 Ländern und 67.000 Besucher aus 150 verschiedenen Nationen zusammen und füllte die [&hellip;]</p>

<!-- This site is optimized with the Yoast SEO plugin v27.0 - https://yoast.com/product/yoast-seo-wordpress/ -->
<title>A+A 2025 in Düsseldorf - Anter System</title>
<meta name="description" content="Diesen November hatte unser Team das Vergnügen, an der A+A Internationale Fachmesse und Kongress in Düsseldorf teilzunehmen - der weltweit größten" />
<meta name="robots" content="index, follow, max-snippet:-1, max-image-preview:large, max-video-preview:-1" />
<link rel="canonical" href="https://antersystem.com/de/nachrichten/aa-2025-dusseldorf/" />
<meta property="og:locale" content="de_DE" />
<meta property="og:type" content="article" />
<meta property="og:title" content="A+A 2025 in Düsseldorf - Anter System" />
<meta property="og:description" content="Diesen November hatte unser Team das Vergnügen, an der A+A Internationale Fachmesse und Kongress in Düsseldorf teilzunehmen - der weltweit größten" />
<meta property="og:url" content="https://antersystem.com/de/nachrichten/aa-2025-dusseldorf/" />
<meta property="og:site_name" content="Anter System" />
<meta property="og:image" content="https://antersystem.com/wp-content/uploads/AplusA2025-01.webp" />
	<meta property="og:image:width" content="2001" />
	<meta property="og:image:height" content="1001" />
	<meta property="og:image:type" content="image/webp" />
<meta name="twitter:card" content="summary_large_image" />
<meta name="twitter:label1" content="Geschätzte Lesezeit" />
	<meta name="twitter:data1" content="1 Minute" />
<script type="application/ld+json" class="yoast-schema-graph">{"@context":"https://schema.org","@graph":[{"@type":"WebPage","@id":"https://antersystem.com/de/nachrichten/aa-2025-dusseldorf/","url":"https://antersystem.com/de/nachrichten/aa-2025-dusseldorf/","name":"A+A 2025 in Düsseldorf - Anter System","isPartOf":{"@id":"https://antersystem.com/de/#website"},"primaryImageOfPage":{"@id":"https://antersystem.com/de/nachrichten/aa-2025-dusseldorf/#primaryimage"},"image":{"@id":"https://antersystem.com/de/nachrichten/aa-2025-dusseldorf/#primaryimage"},"thumbnailUrl":"https://antersystem.com/wp-content/uploads/AplusA2025-01.webp","datePublished":"2025-11-10T11:16:50+00:00","description":"Diesen November hatte unser Team das Vergnügen, an der A+A Internationale Fachmesse und Kongress in Düsseldorf teilzunehmen - der weltweit größten","breadcrumb":{"@id":"https://antersystem.com/de/nachrichten/aa-2025-dusseldorf/#breadcrumb"},"inLanguage":"de","potentialAction":[{"@type":"ReadAction","target":["https://antersystem.com/de/nachrichten/aa-2025-dusseldorf/"]}]},{"@type":"ImageObject","inLanguage":"de","@id":"https://antersystem.com/de/nachrichten/aa-2025-dusseldorf/#primaryimage","url":"https://antersystem.com/wp-content/uploads/AplusA2025-01.webp","contentUrl":"https://antersystem.com/wp-content/uploads/AplusA2025-01.webp","width":2001,"height":1001},{"@type":"BreadcrumbList","@id":"https://antersystem.com/de/nachrichten/aa-2025-dusseldorf/#breadcrumb","itemListElement":[{"@type":"ListItem","position":1,"name":"AnterSystem","item":"https://antersystem.com/de/"},{"@type":"ListItem","position":2,"name":"Nachrichten","item":"https://antersystem.com/de/nachrichten/"},{"@type":"ListItem","position":3,"name":"A+A 2025 in Düsseldorf"}]},{"@type":"WebSite","@id":"https://antersystem.com/de/#website","url":"https://antersystem.com/de/","name":"Anter System","description":"Jesteśmy polskim producentem elastycznych barier ochronnych wykonywanych z polimerowych tworzyw sztucznych. Na rynku krajowym i zagranicznym działamy od ponad 15 lat dbając o zapewnienie bezpieczeństwa w zakładach produkcyjnych, magazynach oraz centrach logistycznych.","potentialAction":[{"@type":"SearchAction","target":{"@type":"EntryPoint","urlTemplate":"https://antersystem.com/de/?s={search_term_string}"},"query-input":{"@type":"PropertyValueSpecification","valueRequired":true,"valueName":"search_term_string"}}],"inLanguage":"de"}]}</script>
<!-- / Yoast SEO plugin. -->

A+A 2025 in Düsseldorf - Anter System

Diesen November hatte unser Team das Vergnügen, an der A+A Internationale Fachmesse und Kongress in Düsseldorf teilzunehmen - der weltweit größten

Jesteśmy polskim producentem elastycznych barier ochronnych wykonywanych z polimerowych tworzyw sztucznych. Na rynku krajowym i zagranicznym działamy od ponad 15 lat dbając o zapewnienie bezpieczeństwa w zakładach produkcyjnych, magazynach oraz centrach logistycznych.
