{"id":39876,"date":"2025-11-10T12:16:50","date_gmt":"2025-11-10T11:16:50","guid":{"rendered":"https:\/\/antersystem.com\/noticias\/aa-2025-dusseldorf\/"},"modified":"2025-11-10T12:16:50","modified_gmt":"2025-11-10T11:16:50","slug":"aa-2025-dusseldorf","status":"publish","type":"page","link":"https:\/\/antersystem.com\/es\/noticias\/aa-2025-dusseldorf\/","title":{"rendered":"A+A 2025 en D\u00fcsseldorf"},"content":{"rendered":"<p>Este mes de noviembre, nuestro equipo tuvo el placer de asistir a la Feria y Congreso Internacional A+A de D\u00fcsseldorf, el mayor evento mundial de esta categor\u00eda centrado en la seguridad, la salud y el bienestar en el trabajo. La feria de este a\u00f1o reuni\u00f3 a la impresionante cifra de 2.340 expositores de 70 pa\u00edses, y a 67.000 visitantes de 150 naciones diferentes, llenando los pabellones de gran energ\u00eda e ideas perspicaces. <\/p>\n<p>La feria ofreci\u00f3 una visi\u00f3n completa de las \u00faltimas tendencias y mejoras del sector, desde equipos de protecci\u00f3n de vanguardia y tecnolog\u00edas inteligentes hasta soluciones impulsadas por la sostenibilidad. El evento proporcion\u00f3 una plataforma para que empresas y profesionales mostraran sus innovaciones, debatieran los retos emergentes y tambi\u00e9n intercambiaran ideas sobre la mejora de la seguridad y el bienestar en el lugar de trabajo en todo el mundo. <\/p>\n<p>Era la primera vez que asist\u00edamos a esta feria, y fue realmente emocionante ver una gama tan amplia de innovaciones y nuevas ideas en el sector. Estamos agradecidos por las valiosas conversaciones y conexiones que se establecieron durante ese tiempo. <\/p>\n<p>Gracias a todos los que os pasasteis y conectasteis con nosotros. Esperamos con impaciencia las oportunidades que nos esperan y volver en el futuro. <\/p>\nngg_shortcode_0_placeholder\n","protected":false},"excerpt":{"rendered":"<p>Este mes de noviembre, nuestro equipo tuvo el placer de asistir a la Feria y Congreso Internacional A+A de D\u00fcsseldorf, el mayor evento mundial de esta categor\u00eda centrado en la seguridad, la salud y el bienestar en el trabajo. La feria de este a\u00f1o reuni\u00f3 a la impresionante cifra de 2.340 expositores de 70 pa\u00edses, [&hellip;]<\/p>\n","protected":false},"author":11,"featured_media":39816,"parent":30348,"menu_order":0,"comment_status":"closed","ping_status":"closed","template":"","meta":{"inline_featured_image":false,"ngg_post_thumbnail":0,"footnotes":""},"class_list":["post-39876","page","type-page","status-publish","has-post-thumbnail","hentry"],"acf":[],"yoast_head":"<!-- This site is optimized with the Yoast SEO plugin v27.0 - https:\/\/yoast.com\/product\/yoast-seo-wordpress\/ -->\n<title>A+A 2025 en D\u00fcsseldorf - Anter System<\/title>\n<meta name=\"description\" content=\"Este mes de noviembre, nuestro equipo tuvo el placer de asistir a la Feria y Congreso Internacional A+A de D\u00fcsseldorf, el mayor evento mundial de esta\" \/>\n<meta name=\"robots\" content=\"index, follow, max-snippet:-1, max-image-preview:large, max-video-preview:-1\" \/>\n<link rel=\"canonical\" href=\"https:\/\/antersystem.com\/es\/noticias\/aa-2025-dusseldorf\/\" \/>\n<meta property=\"og:locale\" content=\"es_ES\" \/>\n<meta property=\"og:type\" content=\"article\" \/>\n<meta property=\"og:title\" content=\"A+A 2025 en D\u00fcsseldorf - Anter System\" \/>\n<meta property=\"og:description\" content=\"Este mes de noviembre, nuestro equipo tuvo el placer de asistir a la Feria y Congreso Internacional A+A de D\u00fcsseldorf, el mayor evento mundial de esta\" \/>\n<meta property=\"og:url\" content=\"https:\/\/antersystem.com\/es\/noticias\/aa-2025-dusseldorf\/\" \/>\n<meta property=\"og:site_name\" content=\"Anter System\" \/>\n<meta property=\"og:image\" content=\"https:\/\/antersystem.com\/wp-content\/uploads\/AplusA2025-01.webp\" \/>\n\t<meta property=\"og:image:width\" content=\"2001\" \/>\n\t<meta property=\"og:image:height\" content=\"1001\" \/>\n\t<meta property=\"og:image:type\" content=\"image\/webp\" \/>\n<meta name=\"twitter:card\" content=\"summary_large_image\" \/>\n<meta name=\"twitter:label1\" content=\"Tiempo de lectura\" \/>\n\t<meta name=\"twitter:data1\" content=\"1 minuto\" \/>\n<script type=\"application\/ld+json\" class=\"yoast-schema-graph\">{\"@context\":\"https:\/\/schema.org\",\"@graph\":[{\"@type\":\"WebPage\",\"@id\":\"https:\/\/antersystem.com\/es\/noticias\/aa-2025-dusseldorf\/\",\"url\":\"https:\/\/antersystem.com\/es\/noticias\/aa-2025-dusseldorf\/\",\"name\":\"A+A 2025 en D\u00fcsseldorf - Anter System\",\"isPartOf\":{\"@id\":\"https:\/\/antersystem.com\/es\/#website\"},\"primaryImageOfPage\":{\"@id\":\"https:\/\/antersystem.com\/es\/noticias\/aa-2025-dusseldorf\/#primaryimage\"},\"image\":{\"@id\":\"https:\/\/antersystem.com\/es\/noticias\/aa-2025-dusseldorf\/#primaryimage\"},\"thumbnailUrl\":\"https:\/\/antersystem.com\/wp-content\/uploads\/AplusA2025-01.webp\",\"datePublished\":\"2025-11-10T11:16:50+00:00\",\"description\":\"Este mes de noviembre, nuestro equipo tuvo el placer de asistir a la Feria y Congreso Internacional A+A de D\u00fcsseldorf, el mayor evento mundial de esta\",\"breadcrumb\":{\"@id\":\"https:\/\/antersystem.com\/es\/noticias\/aa-2025-dusseldorf\/#breadcrumb\"},\"inLanguage\":\"es\",\"potentialAction\":[{\"@type\":\"ReadAction\",\"target\":[\"https:\/\/antersystem.com\/es\/noticias\/aa-2025-dusseldorf\/\"]}]},{\"@type\":\"ImageObject\",\"inLanguage\":\"es\",\"@id\":\"https:\/\/antersystem.com\/es\/noticias\/aa-2025-dusseldorf\/#primaryimage\",\"url\":\"https:\/\/antersystem.com\/wp-content\/uploads\/AplusA2025-01.webp\",\"contentUrl\":\"https:\/\/antersystem.com\/wp-content\/uploads\/AplusA2025-01.webp\",\"width\":2001,\"height\":1001},{\"@type\":\"BreadcrumbList\",\"@id\":\"https:\/\/antersystem.com\/es\/noticias\/aa-2025-dusseldorf\/#breadcrumb\",\"itemListElement\":[{\"@type\":\"ListItem\",\"position\":1,\"name\":\"AnterSystem\",\"item\":\"https:\/\/antersystem.com\/es\/\"},{\"@type\":\"ListItem\",\"position\":2,\"name\":\"Noticias\",\"item\":\"https:\/\/antersystem.com\/es\/noticias\/\"},{\"@type\":\"ListItem\",\"position\":3,\"name\":\"A+A 2025 en D\u00fcsseldorf\"}]},{\"@type\":\"WebSite\",\"@id\":\"https:\/\/antersystem.com\/es\/#website\",\"url\":\"https:\/\/antersystem.com\/es\/\",\"name\":\"Anter System\",\"description\":\"Jeste\u015bmy polskim producentem elastycznych barier ochronnych wykonywanych z polimerowych tworzyw sztucznych. Na rynku krajowym i zagranicznym dzia\u0142amy od ponad 15 lat dbaj\u0105c o zapewnienie bezpiecze\u0144stwa w zak\u0142adach produkcyjnych, magazynach oraz centrach logistycznych.\",\"potentialAction\":[{\"@type\":\"SearchAction\",\"target\":{\"@type\":\"EntryPoint\",\"urlTemplate\":\"https:\/\/antersystem.com\/es\/?s={search_term_string}\"},\"query-input\":{\"@type\":\"PropertyValueSpecification\",\"valueRequired\":true,\"valueName\":\"search_term_string\"}}],\"inLanguage\":\"es\"}]}<\/script>\n<!-- \/ Yoast SEO plugin. -->","yoast_head_json":{"title":"A+A 2025 en D\u00fcsseldorf - Anter System","description":"Este mes de noviembre, nuestro equipo tuvo el placer de asistir a la Feria y Congreso Internacional A+A de D\u00fcsseldorf, el mayor evento mundial de esta","robots":{"index":"index","follow":"follow","max-snippet":"max-snippet:-1","max-image-preview":"max-image-preview:large","max-video-preview":"max-video-preview:-1"},"canonical":"https:\/\/antersystem.com\/es\/noticias\/aa-2025-dusseldorf\/","og_locale":"es_ES","og_type":"article","og_title":"A+A 2025 en D\u00fcsseldorf - Anter System","og_description":"Este mes de noviembre, nuestro equipo tuvo el placer de asistir a la Feria y Congreso Internacional A+A de D\u00fcsseldorf, el mayor evento mundial de esta","og_url":"https:\/\/antersystem.com\/es\/noticias\/aa-2025-dusseldorf\/","og_site_name":"Anter System","og_image":[{"width":2001,"height":1001,"url":"https:\/\/antersystem.com\/wp-content\/uploads\/AplusA2025-01.webp","type":"image\/webp"}],"twitter_card":"summary_large_image","twitter_misc":{"Tiempo de lectura":"1 minuto"},"schema":{"@context":"https:\/\/schema.org","@graph":[{"@type":"WebPage","@id":"https:\/\/antersystem.com\/es\/noticias\/aa-2025-dusseldorf\/","url":"https:\/\/antersystem.com\/es\/noticias\/aa-2025-dusseldorf\/","name":"A+A 2025 en D\u00fcsseldorf - Anter System","isPartOf":{"@id":"https:\/\/antersystem.com\/es\/#website"},"primaryImageOfPage":{"@id":"https:\/\/antersystem.com\/es\/noticias\/aa-2025-dusseldorf\/#primaryimage"},"image":{"@id":"https:\/\/antersystem.com\/es\/noticias\/aa-2025-dusseldorf\/#primaryimage"},"thumbnailUrl":"https:\/\/antersystem.com\/wp-content\/uploads\/AplusA2025-01.webp","datePublished":"2025-11-10T11:16:50+00:00","description":"Este mes de noviembre, nuestro equipo tuvo el placer de asistir a la Feria y Congreso Internacional A+A de D\u00fcsseldorf, el mayor evento mundial de esta","breadcrumb":{"@id":"https:\/\/antersystem.com\/es\/noticias\/aa-2025-dusseldorf\/#breadcrumb"},"inLanguage":"es","potentialAction":[{"@type":"ReadAction","target":["https:\/\/antersystem.com\/es\/noticias\/aa-2025-dusseldorf\/"]}]},{"@type":"ImageObject","inLanguage":"es","@id":"https:\/\/antersystem.com\/es\/noticias\/aa-2025-dusseldorf\/#primaryimage","url":"https:\/\/antersystem.com\/wp-content\/uploads\/AplusA2025-01.webp","contentUrl":"https:\/\/antersystem.com\/wp-content\/uploads\/AplusA2025-01.webp","width":2001,"height":1001},{"@type":"BreadcrumbList","@id":"https:\/\/antersystem.com\/es\/noticias\/aa-2025-dusseldorf\/#breadcrumb","itemListElement":[{"@type":"ListItem","position":1,"name":"AnterSystem","item":"https:\/\/antersystem.com\/es\/"},{"@type":"ListItem","position":2,"name":"Noticias","item":"https:\/\/antersystem.com\/es\/noticias\/"},{"@type":"ListItem","position":3,"name":"A+A 2025 en D\u00fcsseldorf"}]},{"@type":"WebSite","@id":"https:\/\/antersystem.com\/es\/#website","url":"https:\/\/antersystem.com\/es\/","name":"Anter System","description":"Jeste\u015bmy polskim producentem elastycznych barier ochronnych wykonywanych z polimerowych tworzyw sztucznych. Na rynku krajowym i zagranicznym dzia\u0142amy od ponad 15 lat dbaj\u0105c o zapewnienie bezpiecze\u0144stwa w zak\u0142adach produkcyjnych, magazynach oraz centrach logistycznych.","potentialAction":[{"@type":"SearchAction","target":{"@type":"EntryPoint","urlTemplate":"https:\/\/antersystem.com\/es\/?s={search_term_string}"},"query-input":{"@type":"PropertyValueSpecification","valueRequired":true,"valueName":"search_term_string"}}],"inLanguage":"es"}]}},"_links":{"self":[{"href":"https:\/\/antersystem.com\/es\/wp-json\/wp\/v2\/pages\/39876","targetHints":{"allow":["GET"]}}],"collection":[{"href":"https:\/\/antersystem.com\/es\/wp-json\/wp\/v2\/pages"}],"about":[{"href":"https:\/\/antersystem.com\/es\/wp-json\/wp\/v2\/types\/page"}],"author":[{"embeddable":true,"href":"https:\/\/antersystem.com\/es\/wp-json\/wp\/v2\/users\/11"}],"replies":[{"embeddable":true,"href":"https:\/\/antersystem.com\/es\/wp-json\/wp\/v2\/comments?post=39876"}],"version-history":[{"count":0,"href":"https:\/\/antersystem.com\/es\/wp-json\/wp\/v2\/pages\/39876\/revisions"}],"up":[{"embeddable":true,"href":"https:\/\/antersystem.com\/es\/wp-json\/wp\/v2\/pages\/30348"}],"wp:featuredmedia":[{"embeddable":true,"href":"https:\/\/antersystem.com\/es\/wp-json\/wp\/v2\/media\/39816"}],"wp:attachment":[{"href":"https:\/\/antersystem.com\/es\/wp-json\/wp\/v2\/media?parent=39876"}],"curies":[{"name":"wp","href":"https:\/\/api.w.org\/{rel}","templated":true}]}}

A+A 2025 en Düsseldorf

<p>Este mes de noviembre, nuestro equipo tuvo el placer de asistir a la Feria y Congreso Internacional A+A de Düsseldorf, el mayor evento mundial de esta categoría centrado en la seguridad, la salud y el bienestar en el trabajo. La feria de este año reunió a la impresionante cifra de 2.340 expositores de 70 países, y a 67.000 visitantes de 150 naciones diferentes, llenando los pabellones de gran energía e ideas perspicaces. </p>
<p>La feria ofreció una visión completa de las últimas tendencias y mejoras del sector, desde equipos de protección de vanguardia y tecnologías inteligentes hasta soluciones impulsadas por la sostenibilidad. El evento proporcionó una plataforma para que empresas y profesionales mostraran sus innovaciones, debatieran los retos emergentes y también intercambiaran ideas sobre la mejora de la seguridad y el bienestar en el lugar de trabajo en todo el mundo. </p>
<p>Era la primera vez que asistíamos a esta feria, y fue realmente emocionante ver una gama tan amplia de innovaciones y nuevas ideas en el sector. Estamos agradecidos por las valiosas conversaciones y conexiones que se establecieron durante ese tiempo. </p>
<p>Gracias a todos los que os pasasteis y conectasteis con nosotros. Esperamos con impaciencia las oportunidades que nos esperan y volver en el futuro. </p>
ngg_shortcode_0_placeholder

<p>Este mes de noviembre, nuestro equipo tuvo el placer de asistir a la Feria y Congreso Internacional A+A de Düsseldorf, el mayor evento mundial de esta categoría centrado en la seguridad, la salud y el bienestar en el trabajo. La feria de este año reunió a la impresionante cifra de 2.340 expositores de 70 países, [&hellip;]</p>

<!-- This site is optimized with the Yoast SEO plugin v27.0 - https://yoast.com/product/yoast-seo-wordpress/ -->
<title>A+A 2025 en Düsseldorf - Anter System</title>
<meta name="description" content="Este mes de noviembre, nuestro equipo tuvo el placer de asistir a la Feria y Congreso Internacional A+A de Düsseldorf, el mayor evento mundial de esta" />
<meta name="robots" content="index, follow, max-snippet:-1, max-image-preview:large, max-video-preview:-1" />
<link rel="canonical" href="https://antersystem.com/es/noticias/aa-2025-dusseldorf/" />
<meta property="og:locale" content="es_ES" />
<meta property="og:type" content="article" />
<meta property="og:title" content="A+A 2025 en Düsseldorf - Anter System" />
<meta property="og:description" content="Este mes de noviembre, nuestro equipo tuvo el placer de asistir a la Feria y Congreso Internacional A+A de Düsseldorf, el mayor evento mundial de esta" />
<meta property="og:url" content="https://antersystem.com/es/noticias/aa-2025-dusseldorf/" />
<meta property="og:site_name" content="Anter System" />
<meta property="og:image" content="https://antersystem.com/wp-content/uploads/AplusA2025-01.webp" />
	<meta property="og:image:width" content="2001" />
	<meta property="og:image:height" content="1001" />
	<meta property="og:image:type" content="image/webp" />
<meta name="twitter:card" content="summary_large_image" />
<meta name="twitter:label1" content="Tiempo de lectura" />
	<meta name="twitter:data1" content="1 minuto" />
<script type="application/ld+json" class="yoast-schema-graph">{"@context":"https://schema.org","@graph":[{"@type":"WebPage","@id":"https://antersystem.com/es/noticias/aa-2025-dusseldorf/","url":"https://antersystem.com/es/noticias/aa-2025-dusseldorf/","name":"A+A 2025 en Düsseldorf - Anter System","isPartOf":{"@id":"https://antersystem.com/es/#website"},"primaryImageOfPage":{"@id":"https://antersystem.com/es/noticias/aa-2025-dusseldorf/#primaryimage"},"image":{"@id":"https://antersystem.com/es/noticias/aa-2025-dusseldorf/#primaryimage"},"thumbnailUrl":"https://antersystem.com/wp-content/uploads/AplusA2025-01.webp","datePublished":"2025-11-10T11:16:50+00:00","description":"Este mes de noviembre, nuestro equipo tuvo el placer de asistir a la Feria y Congreso Internacional A+A de Düsseldorf, el mayor evento mundial de esta","breadcrumb":{"@id":"https://antersystem.com/es/noticias/aa-2025-dusseldorf/#breadcrumb"},"inLanguage":"es","potentialAction":[{"@type":"ReadAction","target":["https://antersystem.com/es/noticias/aa-2025-dusseldorf/"]}]},{"@type":"ImageObject","inLanguage":"es","@id":"https://antersystem.com/es/noticias/aa-2025-dusseldorf/#primaryimage","url":"https://antersystem.com/wp-content/uploads/AplusA2025-01.webp","contentUrl":"https://antersystem.com/wp-content/uploads/AplusA2025-01.webp","width":2001,"height":1001},{"@type":"BreadcrumbList","@id":"https://antersystem.com/es/noticias/aa-2025-dusseldorf/#breadcrumb","itemListElement":[{"@type":"ListItem","position":1,"name":"AnterSystem","item":"https://antersystem.com/es/"},{"@type":"ListItem","position":2,"name":"Noticias","item":"https://antersystem.com/es/noticias/"},{"@type":"ListItem","position":3,"name":"A+A 2025 en Düsseldorf"}]},{"@type":"WebSite","@id":"https://antersystem.com/es/#website","url":"https://antersystem.com/es/","name":"Anter System","description":"Jesteśmy polskim producentem elastycznych barier ochronnych wykonywanych z polimerowych tworzyw sztucznych. Na rynku krajowym i zagranicznym działamy od ponad 15 lat dbając o zapewnienie bezpieczeństwa w zakładach produkcyjnych, magazynach oraz centrach logistycznych.","potentialAction":[{"@type":"SearchAction","target":{"@type":"EntryPoint","urlTemplate":"https://antersystem.com/es/?s={search_term_string}"},"query-input":{"@type":"PropertyValueSpecification","valueRequired":true,"valueName":"search_term_string"}}],"inLanguage":"es"}]}</script>
<!-- / Yoast SEO plugin. -->

A+A 2025 en Düsseldorf - Anter System

Este mes de noviembre, nuestro equipo tuvo el placer de asistir a la Feria y Congreso Internacional A+A de Düsseldorf, el mayor evento mundial de esta

Jesteśmy polskim producentem elastycznych barier ochronnych wykonywanych z polimerowych tworzyw sztucznych. Na rynku krajowym i zagranicznym działamy od ponad 15 lat dbając o zapewnienie bezpieczeństwa w zakładach produkcyjnych, magazynach oraz centrach logistycznych.
