{"id":15440,"date":"2024-11-08T10:12:51","date_gmt":"2024-11-08T09:12:51","guid":{"rendered":"https:\/\/new.antersystem.com\/warsaw-industry-week-2024-2\/"},"modified":"2026-01-31T22:28:56","modified_gmt":"2026-01-31T21:28:56","slug":"warsaw-industry-week-2024-2","status":"publish","type":"page","link":"https:\/\/antersystem.com\/hu\/hirek\/warsaw-industry-week-2024-2\/","title":{"rendered":"Warsaw Industry Week 2024"},"content":{"rendered":"\n<div class=\"wp-block-columns is-layout-flex wp-container-core-columns-is-layout-9d6595d7 wp-block-columns-is-layout-flex\">\n<div class=\"wp-block-column is-layout-flow wp-block-column-is-layout-flow\">\n<h2 class=\"wp-block-heading\">Jelent\u00e9s a Warsaw Industry Weekr\u0151l 5-7.11.2024<\/h2>\n\n\n\n<div class=\"wp-block-columns is-layout-flex wp-container-core-columns-is-layout-9d6595d7 wp-block-columns-is-layout-flex\">\n<div class=\"wp-block-column is-layout-flow wp-block-column-is-layout-flow\" style=\"flex-basis:10%\"><\/div>\n\n\n\n<div class=\"wp-block-column is-layout-flow wp-block-column-is-layout-flow\" style=\"flex-basis:10%\"><\/div>\n<\/div>\n\n\n\n<div class=\"wp-block-columns is-layout-flex wp-container-core-columns-is-layout-9d6595d7 wp-block-columns-is-layout-flex\">\n<div class=\"wp-block-column is-layout-flow wp-block-column-is-layout-flow\" style=\"flex-basis:10%\"><\/div>\n\n\n\n<div class=\"wp-block-column is-layout-flow wp-block-column-is-layout-flow\">\n<p>A <strong>Warsaw Industry Week<\/strong> 2024-es kiad\u00e1sa <strong>volt<\/strong> a nyolcadik \u00e9s \u00fajabb nagy siker\u0171 rendezv\u00e9nye K\u00f6z\u00e9p- \u00e9s Kelet-Eur\u00f3pa egyik legfontosabb ipari esem\u00e9ny\u00e9nek. <strong>Az Anter Systemet, mint ki\u00e1ll\u00edt\u00f3t \u00e9rte a megtiszteltet\u00e9s,<\/strong> hogy r\u00e9szt vehetett ezen a rangos v\u00e1s\u00e1ron, amely t\u00f6bb mint 370 ki\u00e1ll\u00edt\u00f3t \u00e9s t\u00f6bb ezer szakembert gy\u0171jt\u00f6tt \u00f6ssze az ipar minden ter\u00fclet\u00e9r\u0151l. Az esem\u00e9ny kiv\u00e1l\u00f3 platformot biztos\u00edtott innovat\u00edv ipari \u00e9s intralogisztikai megold\u00e1saink bemutat\u00e1s\u00e1ra, bele\u00e9rtve a munkahelyi biztons\u00e1got \u00e9s a folyamatok hat\u00e9konys\u00e1g\u00e1t t\u00e1mogat\u00f3 fejlett rendszereket. A v\u00e1s\u00e1r m\u00e1sik f\u00e9nypontja a k\u00eds\u00e9r\u0151 rendezv\u00e9nyeken, p\u00e9ld\u00e1ul a Nemzetk\u00f6zi Ipari Konferenci\u00e1n val\u00f3 r\u00e9szv\u00e9tel lehet\u0151s\u00e9ge volt.<\/p>\n\n\n\n<p>A standunk nagy \u00e9rdekl\u0151d\u00e9st keltett, k\u00fcl\u00f6n\u00f6sen az olyan term\u00e9kek bemutat\u00e1s\u00e1val, mint <a href=\"https:\/\/antersystem.com\/kategorie-produktow\/bramki-bezpieczenstwa\/\">az automatikus biztons\u00e1gi kapuk, valam<\/a> <a href=\"https:\/\/antersystem.com\/kategorie-produktow\/odbojnice-regalowe\/\">int a GATE PROTECTOR-ok.<\/a> Ezek a megold\u00e1sok, amelyeket a munkahelyi biztons\u00e1g \u00e9s a szervezetts\u00e9g fokoz\u00e1s\u00e1ra terveztek a gy\u00e1rt\u00f3\u00fczemekben, t\u00f6k\u00e9letesen illeszkednek az idei v\u00e1s\u00e1ron bemutatott automatiz\u00e1l\u00e1si \u00e9s munkater\u00fclet-optimaliz\u00e1l\u00e1si trendekhez.<\/p>\n\n\n\n<p><strong>A Warsaw Industry Week-n\u00e9<\/strong> l val\u00f3 r\u00e9szv\u00e9tel nem csak azt <strong>tette lehet\u0151v\u00e9<\/strong>, hogy megosszuk szak\u00e9rtelm\u00fcnket, hanem azt is, hogy \u00e9rt\u00e9kes \u00fczleti kapcsolatokat alak\u00edtsunk ki \u00e9s ismereteket cser\u00e9lj\u00fcnk ki az ipar\u00e1gi szak\u00e9rt\u0151kkel. Ez er\u0151s inspir\u00e1ci\u00f3t ny\u00fajt term\u00e9keink tov\u00e1bbi fejleszt\u00e9s\u00e9hez a v\u00e1ltoz\u00f3 piaci elv\u00e1r\u00e1soknak \u00e9s az ipar\u00e1gi \u00e1talakul\u00e1soknak megfelel\u0151en. B\u00fcszk\u00e9k vagyunk arra, hogy innov\u00e1ci\u00f3ink tov\u00e1bbra is megfelelnek a piac dinamikus ig\u00e9nyeinek, \u00e9s hozz\u00e1j\u00e1rulnak a hat\u00e9konys\u00e1g \u00e9s a biztons\u00e1g jav\u00edt\u00e1s\u00e1hoz az ipari \u00e1gazatban.<\/p>\n\n\n\n<p>Szeretn\u00e9nk k\u00f6sz\u00f6netet mondani mindenkinek <strong>,<\/strong> aki <strong>ell\u00e1togatott a standunkra &#8211;<\/strong> tal\u00e1lkozunk a k\u00f6vetkez\u0151 ki\u00e1ll\u00edt\u00e1son!<\/p>\n\n\n\n<div class=\"wp-block-columns is-layout-flex wp-container-core-columns-is-layout-9d6595d7 wp-block-columns-is-layout-flex\">\n<div class=\"wp-block-column is-layout-flow wp-block-column-is-layout-flow\"><\/div>\n\n\n\n<div class=\"wp-block-column is-layout-flow wp-block-column-is-layout-flow\"><\/div>\n\n\n\n<div class=\"wp-block-column is-layout-flow wp-block-column-is-layout-flow\"><\/div>\n<\/div>\n<\/div>\n\n\n\n<div class=\"wp-block-column is-layout-flow wp-block-column-is-layout-flow\" style=\"flex-basis:10%\"><\/div>\n<\/div>\n\n\n\nngg_shortcode_0_placeholder\n<\/div>\n<\/div>\n\n<p><\/p>\n","protected":false},"excerpt":{"rendered":"<p>Jelent\u00e9s a Warsaw Industry Weekr\u0151l 5-7.11.2024 A Warsaw Industry Week 2024-es kiad\u00e1sa volt a nyolcadik \u00e9s \u00fajabb nagy siker\u0171 rendezv\u00e9nye K\u00f6z\u00e9p- \u00e9s Kelet-Eur\u00f3pa egyik legfontosabb ipari esem\u00e9ny\u00e9nek. Az Anter Systemet, mint ki\u00e1ll\u00edt\u00f3t \u00e9rte a megtiszteltet\u00e9s, hogy r\u00e9szt vehetett ezen a rangos v\u00e1s\u00e1ron, amely t\u00f6bb mint 370 ki\u00e1ll\u00edt\u00f3t \u00e9s t\u00f6bb ezer szakembert gy\u0171jt\u00f6tt \u00f6ssze az ipar [&hellip;]<\/p>\n","protected":false},"author":1,"featured_media":0,"parent":30300,"menu_order":0,"comment_status":"closed","ping_status":"closed","template":"","meta":{"inline_featured_image":false,"ngg_post_thumbnail":0,"footnotes":""},"class_list":["post-15440","page","type-page","status-publish","hentry"],"acf":[],"yoast_head":"<!-- This site is optimized with the Yoast SEO plugin v27.0 - https:\/\/yoast.com\/product\/yoast-seo-wordpress\/ -->\n<title>Warsaw Industry Week 2024 - Anter System<\/title>\n<meta name=\"description\" content=\"W dniach 5-7listopada odby\u0142a si\u0119 \u00f3sma edycja targ\u00f3w Warsaw Industry Week, podczas kt\u00f3rej nie mog\u0142o zabrakn\u0105\u0107 stoiska Anter System\" \/>\n<meta name=\"robots\" content=\"index, follow, max-snippet:-1, max-image-preview:large, max-video-preview:-1\" \/>\n<link rel=\"canonical\" href=\"https:\/\/antersystem.com\/hu\/hirek\/warsaw-industry-week-2024-2\/\" \/>\n<meta property=\"og:locale\" content=\"hu_HU\" \/>\n<meta property=\"og:type\" content=\"article\" \/>\n<meta property=\"og:title\" content=\"Warsaw Industry Week 2024 - Anter System\" \/>\n<meta property=\"og:description\" content=\"W dniach 5-7listopada odby\u0142a si\u0119 \u00f3sma edycja targ\u00f3w Warsaw Industry Week, podczas kt\u00f3rej nie mog\u0142o zabrakn\u0105\u0107 stoiska Anter System\" \/>\n<meta property=\"og:url\" content=\"https:\/\/antersystem.com\/hu\/hirek\/warsaw-industry-week-2024-2\/\" \/>\n<meta property=\"og:site_name\" content=\"Anter System\" \/>\n<meta property=\"article:modified_time\" content=\"2026-01-31T21:28:56+00:00\" \/>\n<meta name=\"twitter:card\" content=\"summary_large_image\" \/>\n<meta name=\"twitter:label1\" content=\"Becs\u00fclt olvas\u00e1si id\u0151\" \/>\n\t<meta name=\"twitter:data1\" content=\"2 perc\" \/>\n<script type=\"application\/ld+json\" class=\"yoast-schema-graph\">{\"@context\":\"https:\/\/schema.org\",\"@graph\":[{\"@type\":\"WebPage\",\"@id\":\"https:\/\/antersystem.com\/hu\/hirek\/warsaw-industry-week-2024-2\/\",\"url\":\"https:\/\/antersystem.com\/hu\/hirek\/warsaw-industry-week-2024-2\/\",\"name\":\"Warsaw Industry Week 2024 - Anter System\",\"isPartOf\":{\"@id\":\"https:\/\/antersystem.com\/hu\/#website\"},\"datePublished\":\"2024-11-08T09:12:51+00:00\",\"dateModified\":\"2026-01-31T21:28:56+00:00\",\"description\":\"W dniach 5-7listopada odby\u0142a si\u0119 \u00f3sma edycja targ\u00f3w Warsaw Industry Week, podczas kt\u00f3rej nie mog\u0142o zabrakn\u0105\u0107 stoiska Anter System\",\"breadcrumb\":{\"@id\":\"https:\/\/antersystem.com\/hu\/hirek\/warsaw-industry-week-2024-2\/#breadcrumb\"},\"inLanguage\":\"hu\",\"potentialAction\":[{\"@type\":\"ReadAction\",\"target\":[\"https:\/\/antersystem.com\/hu\/hirek\/warsaw-industry-week-2024-2\/\"]}]},{\"@type\":\"BreadcrumbList\",\"@id\":\"https:\/\/antersystem.com\/hu\/hirek\/warsaw-industry-week-2024-2\/#breadcrumb\",\"itemListElement\":[{\"@type\":\"ListItem\",\"position\":1,\"name\":\"AnterSystem\",\"item\":\"https:\/\/antersystem.com\/hu\/\"},{\"@type\":\"ListItem\",\"position\":2,\"name\":\"H\u00edrek\",\"item\":\"https:\/\/antersystem.com\/hu\/hirek\/\"},{\"@type\":\"ListItem\",\"position\":3,\"name\":\"Warsaw Industry Week 2024\"}]},{\"@type\":\"WebSite\",\"@id\":\"https:\/\/antersystem.com\/hu\/#website\",\"url\":\"https:\/\/antersystem.com\/hu\/\",\"name\":\"Anter System\",\"description\":\"Jeste\u015bmy polskim producentem elastycznych barier ochronnych wykonywanych z polimerowych tworzyw sztucznych. Na rynku krajowym i zagranicznym dzia\u0142amy od ponad 15 lat dbaj\u0105c o zapewnienie bezpiecze\u0144stwa w zak\u0142adach produkcyjnych, magazynach oraz centrach logistycznych.\",\"potentialAction\":[{\"@type\":\"SearchAction\",\"target\":{\"@type\":\"EntryPoint\",\"urlTemplate\":\"https:\/\/antersystem.com\/hu\/?s={search_term_string}\"},\"query-input\":{\"@type\":\"PropertyValueSpecification\",\"valueRequired\":true,\"valueName\":\"search_term_string\"}}],\"inLanguage\":\"hu\"}]}<\/script>\n<!-- \/ Yoast SEO plugin. -->","yoast_head_json":{"title":"Warsaw Industry Week 2024 - Anter System","description":"W dniach 5-7listopada odby\u0142a si\u0119 \u00f3sma edycja targ\u00f3w Warsaw Industry Week, podczas kt\u00f3rej nie mog\u0142o zabrakn\u0105\u0107 stoiska Anter System","robots":{"index":"index","follow":"follow","max-snippet":"max-snippet:-1","max-image-preview":"max-image-preview:large","max-video-preview":"max-video-preview:-1"},"canonical":"https:\/\/antersystem.com\/hu\/hirek\/warsaw-industry-week-2024-2\/","og_locale":"hu_HU","og_type":"article","og_title":"Warsaw Industry Week 2024 - Anter System","og_description":"W dniach 5-7listopada odby\u0142a si\u0119 \u00f3sma edycja targ\u00f3w Warsaw Industry Week, podczas kt\u00f3rej nie mog\u0142o zabrakn\u0105\u0107 stoiska Anter System","og_url":"https:\/\/antersystem.com\/hu\/hirek\/warsaw-industry-week-2024-2\/","og_site_name":"Anter System","article_modified_time":"2026-01-31T21:28:56+00:00","twitter_card":"summary_large_image","twitter_misc":{"Becs\u00fclt olvas\u00e1si id\u0151":"2 perc"},"schema":{"@context":"https:\/\/schema.org","@graph":[{"@type":"WebPage","@id":"https:\/\/antersystem.com\/hu\/hirek\/warsaw-industry-week-2024-2\/","url":"https:\/\/antersystem.com\/hu\/hirek\/warsaw-industry-week-2024-2\/","name":"Warsaw Industry Week 2024 - Anter System","isPartOf":{"@id":"https:\/\/antersystem.com\/hu\/#website"},"datePublished":"2024-11-08T09:12:51+00:00","dateModified":"2026-01-31T21:28:56+00:00","description":"W dniach 5-7listopada odby\u0142a si\u0119 \u00f3sma edycja targ\u00f3w Warsaw Industry Week, podczas kt\u00f3rej nie mog\u0142o zabrakn\u0105\u0107 stoiska Anter System","breadcrumb":{"@id":"https:\/\/antersystem.com\/hu\/hirek\/warsaw-industry-week-2024-2\/#breadcrumb"},"inLanguage":"hu","potentialAction":[{"@type":"ReadAction","target":["https:\/\/antersystem.com\/hu\/hirek\/warsaw-industry-week-2024-2\/"]}]},{"@type":"BreadcrumbList","@id":"https:\/\/antersystem.com\/hu\/hirek\/warsaw-industry-week-2024-2\/#breadcrumb","itemListElement":[{"@type":"ListItem","position":1,"name":"AnterSystem","item":"https:\/\/antersystem.com\/hu\/"},{"@type":"ListItem","position":2,"name":"H\u00edrek","item":"https:\/\/antersystem.com\/hu\/hirek\/"},{"@type":"ListItem","position":3,"name":"Warsaw Industry Week 2024"}]},{"@type":"WebSite","@id":"https:\/\/antersystem.com\/hu\/#website","url":"https:\/\/antersystem.com\/hu\/","name":"Anter System","description":"Jeste\u015bmy polskim producentem elastycznych barier ochronnych wykonywanych z polimerowych tworzyw sztucznych. Na rynku krajowym i zagranicznym dzia\u0142amy od ponad 15 lat dbaj\u0105c o zapewnienie bezpiecze\u0144stwa w zak\u0142adach produkcyjnych, magazynach oraz centrach logistycznych.","potentialAction":[{"@type":"SearchAction","target":{"@type":"EntryPoint","urlTemplate":"https:\/\/antersystem.com\/hu\/?s={search_term_string}"},"query-input":{"@type":"PropertyValueSpecification","valueRequired":true,"valueName":"search_term_string"}}],"inLanguage":"hu"}]}},"_links":{"self":[{"href":"https:\/\/antersystem.com\/hu\/wp-json\/wp\/v2\/pages\/15440","targetHints":{"allow":["GET"]}}],"collection":[{"href":"https:\/\/antersystem.com\/hu\/wp-json\/wp\/v2\/pages"}],"about":[{"href":"https:\/\/antersystem.com\/hu\/wp-json\/wp\/v2\/types\/page"}],"author":[{"embeddable":true,"href":"https:\/\/antersystem.com\/hu\/wp-json\/wp\/v2\/users\/1"}],"replies":[{"embeddable":true,"href":"https:\/\/antersystem.com\/hu\/wp-json\/wp\/v2\/comments?post=15440"}],"version-history":[{"count":1,"href":"https:\/\/antersystem.com\/hu\/wp-json\/wp\/v2\/pages\/15440\/revisions"}],"predecessor-version":[{"id":15441,"href":"https:\/\/antersystem.com\/hu\/wp-json\/wp\/v2\/pages\/15440\/revisions\/15441"}],"up":[{"embeddable":true,"href":"https:\/\/antersystem.com\/hu\/wp-json\/wp\/v2\/pages\/30300"}],"wp:attachment":[{"href":"https:\/\/antersystem.com\/hu\/wp-json\/wp\/v2\/media?parent=15440"}],"curies":[{"name":"wp","href":"https:\/\/api.w.org\/{rel}","templated":true}]}}

<div class="wp-block-columns is-layout-flex wp-container-core-columns-is-layout-9d6595d7 wp-block-columns-is-layout-flex">
<div class="wp-block-column is-layout-flow wp-block-column-is-layout-flow">
<h2 class="wp-block-heading">Jelentés a Warsaw Industry Weekről 5-7.11.2024</h2>



<div class="wp-block-columns is-layout-flex wp-container-core-columns-is-layout-9d6595d7 wp-block-columns-is-layout-flex">
<div class="wp-block-column is-layout-flow wp-block-column-is-layout-flow" style="flex-basis:10%"></div>



<div class="wp-block-column is-layout-flow wp-block-column-is-layout-flow" style="flex-basis:10%"></div>
</div>



<div class="wp-block-columns is-layout-flex wp-container-core-columns-is-layout-9d6595d7 wp-block-columns-is-layout-flex">
<div class="wp-block-column is-layout-flow wp-block-column-is-layout-flow" style="flex-basis:10%"></div>



<div class="wp-block-column is-layout-flow wp-block-column-is-layout-flow">
<p>A <strong>Warsaw Industry Week</strong> 2024-es kiadása <strong>volt</strong> a nyolcadik és újabb nagy sikerű rendezvénye Közép- és Kelet-Európa egyik legfontosabb ipari eseményének. <strong>Az Anter Systemet, mint kiállítót érte a megtiszteltetés,</strong> hogy részt vehetett ezen a rangos vásáron, amely több mint 370 kiállítót és több ezer szakembert gyűjtött össze az ipar minden területéről. Az esemény kiváló platformot biztosított innovatív ipari és intralogisztikai megoldásaink bemutatására, beleértve a munkahelyi biztonságot és a folyamatok hatékonyságát támogató fejlett rendszereket. A vásár másik fénypontja a kísérő rendezvényeken, például a Nemzetközi Ipari Konferencián való részvétel lehetősége volt.</p>



<p>A standunk nagy érdeklődést keltett, különösen az olyan termékek bemutatásával, mint <a href="https://antersystem.com/kategorie-produktow/bramki-bezpieczenstwa/">az automatikus biztonsági kapuk, valam</a> <a href="https://antersystem.com/kategorie-produktow/odbojnice-regalowe/">int a GATE PROTECTOR-ok.</a> Ezek a megoldások, amelyeket a munkahelyi biztonság és a szervezettség fokozására terveztek a gyártóüzemekben, tökéletesen illeszkednek az idei vásáron bemutatott automatizálási és munkaterület-optimalizálási trendekhez.</p>



<p><strong>A Warsaw Industry Week-né</strong> l való részvétel nem csak azt <strong>tette lehetővé</strong>, hogy megosszuk szakértelmünket, hanem azt is, hogy értékes üzleti kapcsolatokat alakítsunk ki és ismereteket cseréljünk ki az iparági szakértőkkel. Ez erős inspirációt nyújt termékeink további fejlesztéséhez a változó piaci elvárásoknak és az iparági átalakulásoknak megfelelően. Büszkék vagyunk arra, hogy innovációink továbbra is megfelelnek a piac dinamikus igényeinek, és hozzájárulnak a hatékonyság és a biztonság javításához az ipari ágazatban.</p>



<p>Szeretnénk köszönetet mondani mindenkinek <strong>,</strong> aki <strong>ellátogatott a standunkra &#8211;</strong> találkozunk a következő kiállításon!</p>



<div class="wp-block-columns is-layout-flex wp-container-core-columns-is-layout-9d6595d7 wp-block-columns-is-layout-flex">
<div class="wp-block-column is-layout-flow wp-block-column-is-layout-flow"></div>



<div class="wp-block-column is-layout-flow wp-block-column-is-layout-flow"></div>



<div class="wp-block-column is-layout-flow wp-block-column-is-layout-flow"></div>
</div>
</div>



<div class="wp-block-column is-layout-flow wp-block-column-is-layout-flow" style="flex-basis:10%"></div>
</div>



ngg_shortcode_0_placeholder
</div>
</div>

<p></p>

<p>Jelentés a Warsaw Industry Weekről 5-7.11.2024 A Warsaw Industry Week 2024-es kiadása volt a nyolcadik és újabb nagy sikerű rendezvénye Közép- és Kelet-Európa egyik legfontosabb ipari eseményének. Az Anter Systemet, mint kiállítót érte a megtiszteltetés, hogy részt vehetett ezen a rangos vásáron, amely több mint 370 kiállítót és több ezer szakembert gyűjtött össze az ipar [&hellip;]</p>

<!-- This site is optimized with the Yoast SEO plugin v27.0 - https://yoast.com/product/yoast-seo-wordpress/ -->
<title>Warsaw Industry Week 2024 - Anter System</title>
<meta name="description" content="W dniach 5-7listopada odbyła się ósma edycja targów Warsaw Industry Week, podczas której nie mogło zabraknąć stoiska Anter System" />
<meta name="robots" content="index, follow, max-snippet:-1, max-image-preview:large, max-video-preview:-1" />
<link rel="canonical" href="https://antersystem.com/hu/hirek/warsaw-industry-week-2024-2/" />
<meta property="og:locale" content="hu_HU" />
<meta property="og:type" content="article" />
<meta property="og:title" content="Warsaw Industry Week 2024 - Anter System" />
<meta property="og:description" content="W dniach 5-7listopada odbyła się ósma edycja targów Warsaw Industry Week, podczas której nie mogło zabraknąć stoiska Anter System" />
<meta property="og:url" content="https://antersystem.com/hu/hirek/warsaw-industry-week-2024-2/" />
<meta property="og:site_name" content="Anter System" />
<meta property="article:modified_time" content="2026-01-31T21:28:56+00:00" />
<meta name="twitter:card" content="summary_large_image" />
<meta name="twitter:label1" content="Becsült olvasási idő" />
	<meta name="twitter:data1" content="2 perc" />
<script type="application/ld+json" class="yoast-schema-graph">{"@context":"https://schema.org","@graph":[{"@type":"WebPage","@id":"https://antersystem.com/hu/hirek/warsaw-industry-week-2024-2/","url":"https://antersystem.com/hu/hirek/warsaw-industry-week-2024-2/","name":"Warsaw Industry Week 2024 - Anter System","isPartOf":{"@id":"https://antersystem.com/hu/#website"},"datePublished":"2024-11-08T09:12:51+00:00","dateModified":"2026-01-31T21:28:56+00:00","description":"W dniach 5-7listopada odbyła się ósma edycja targów Warsaw Industry Week, podczas której nie mogło zabraknąć stoiska Anter System","breadcrumb":{"@id":"https://antersystem.com/hu/hirek/warsaw-industry-week-2024-2/#breadcrumb"},"inLanguage":"hu","potentialAction":[{"@type":"ReadAction","target":["https://antersystem.com/hu/hirek/warsaw-industry-week-2024-2/"]}]},{"@type":"BreadcrumbList","@id":"https://antersystem.com/hu/hirek/warsaw-industry-week-2024-2/#breadcrumb","itemListElement":[{"@type":"ListItem","position":1,"name":"AnterSystem","item":"https://antersystem.com/hu/"},{"@type":"ListItem","position":2,"name":"Hírek","item":"https://antersystem.com/hu/hirek/"},{"@type":"ListItem","position":3,"name":"Warsaw Industry Week 2024"}]},{"@type":"WebSite","@id":"https://antersystem.com/hu/#website","url":"https://antersystem.com/hu/","name":"Anter System","description":"Jesteśmy polskim producentem elastycznych barier ochronnych wykonywanych z polimerowych tworzyw sztucznych. Na rynku krajowym i zagranicznym działamy od ponad 15 lat dbając o zapewnienie bezpieczeństwa w zakładach produkcyjnych, magazynach oraz centrach logistycznych.","potentialAction":[{"@type":"SearchAction","target":{"@type":"EntryPoint","urlTemplate":"https://antersystem.com/hu/?s={search_term_string}"},"query-input":{"@type":"PropertyValueSpecification","valueRequired":true,"valueName":"search_term_string"}}],"inLanguage":"hu"}]}</script>
<!-- / Yoast SEO plugin. -->

W dniach 5-7listopada odbyła się ósma edycja targów Warsaw Industry Week, podczas której nie mogło zabraknąć stoiska Anter System

Hírek

Jesteśmy polskim producentem elastycznych barier ochronnych wykonywanych z polimerowych tworzyw sztucznych. Na rynku krajowym i zagranicznym działamy od ponad 15 lat dbając o zapewnienie bezpieczeństwa w zakładach produkcyjnych, magazynach oraz centrach logistycznych.
