{"id":39891,"date":"2025-11-10T12:16:50","date_gmt":"2025-11-10T11:16:50","guid":{"rendered":"https:\/\/antersystem.com\/hirek\/aa-2025-dusseldorf\/"},"modified":"2025-11-10T12:16:50","modified_gmt":"2025-11-10T11:16:50","slug":"aa-2025-dusseldorf","status":"publish","type":"page","link":"https:\/\/antersystem.com\/hu\/hirek\/aa-2025-dusseldorf\/","title":{"rendered":"A+A 2025 D\u00fcsseldorfban"},"content":{"rendered":"<p>Id\u00e9n novemberben csapatunknak volt szerencs\u00e9je r\u00e9szt venni a d\u00fcsseldorfi A+A Nemzetk\u00f6zi V\u00e1s\u00e1ron \u00e9s Kongresszuson &#8211; a vil\u00e1g legnagyobb rendezv\u00e9ny\u00e9n ebben a kateg\u00f3ri\u00e1ban, amely a munkahelyi biztons\u00e1gra, eg\u00e9szs\u00e9gre \u00e9s j\u00f3l\u00e9tre \u00f6sszpontos\u00edt. Az idei v\u00e1s\u00e1ron 70 orsz\u00e1gb\u00f3l 2340 ki\u00e1ll\u00edt\u00f3 \u00e9s 150 k\u00fcl\u00f6nb\u00f6z\u0151 nemzetb\u0151l 67 000 l\u00e1togat\u00f3 vett r\u00e9szt, akik nagyszer\u0171 energi\u00e1val \u00e9s \u00e9lesl\u00e1t\u00f3 \u00f6tletekkel t\u00f6lt\u00f6tt\u00e9k meg a csarnokokat. <\/p>\n<p>A v\u00e1s\u00e1r \u00e1tfog\u00f3 betekint\u00e9st ny\u00fajtott az ipar\u00e1g leg\u00fajabb trendjeibe \u00e9s fejleszt\u00e9seibe &#8211; a legmodernebb v\u00e9d\u0151felszerel\u00e9sekt\u0151l \u00e9s intelligens technol\u00f3gi\u00e1kt\u00f3l kezdve a fenntarthat\u00f3s\u00e1got c\u00e9lz\u00f3 megold\u00e1sokig. Az esem\u00e9ny platformot biztos\u00edtott a v\u00e1llalatok \u00e9s szakemberek sz\u00e1m\u00e1ra, hogy bemutass\u00e1k innov\u00e1ci\u00f3ikat, megvitass\u00e1k a felmer\u00fcl\u0151 kih\u00edv\u00e1sokat, valamint \u00f6tleteket cser\u00e9ljenek a munkahelyi biztons\u00e1g \u00e9s j\u00f3l\u00e9t jav\u00edt\u00e1s\u00e1r\u00f3l vil\u00e1gszerte. <\/p>\n<p>El\u0151sz\u00f6r vett\u00fcnk r\u00e9szt ezen a v\u00e1s\u00e1ron, \u00e9s igaz\u00e1n izgalmas volt l\u00e1tni az innov\u00e1ci\u00f3k \u00e9s \u00faj \u00f6tletek ilyen sz\u00e9les sk\u00e1l\u00e1j\u00e1t az ipar\u00e1gban. H\u00e1l\u00e1sak vagyunk az \u00e9rt\u00e9kes besz\u00e9lget\u00e9sek\u00e9rt \u00e9s kapcsolatok\u00e9rt, amelyeket ezalatt az id\u0151 alatt folytattunk. <\/p>\n<p>K\u00f6sz\u00f6nj\u00fck mindenkinek, aki meg\u00e1llt \u00e9s csatlakozott hozz\u00e1nk. V\u00e1rjuk az el\u0151tt\u00fcnk \u00e1ll\u00f3 lehet\u0151s\u00e9geket \u00e9s a j\u00f6v\u0151beni visszat\u00e9r\u00e9st. <\/p>\nngg_shortcode_0_placeholder\n","protected":false},"excerpt":{"rendered":"<p>Id\u00e9n novemberben csapatunknak volt szerencs\u00e9je r\u00e9szt venni a d\u00fcsseldorfi A+A Nemzetk\u00f6zi V\u00e1s\u00e1ron \u00e9s Kongresszuson &#8211; a vil\u00e1g legnagyobb rendezv\u00e9ny\u00e9n ebben a kateg\u00f3ri\u00e1ban, amely a munkahelyi biztons\u00e1gra, eg\u00e9szs\u00e9gre \u00e9s j\u00f3l\u00e9tre \u00f6sszpontos\u00edt. Az idei v\u00e1s\u00e1ron 70 orsz\u00e1gb\u00f3l 2340 ki\u00e1ll\u00edt\u00f3 \u00e9s 150 k\u00fcl\u00f6nb\u00f6z\u0151 nemzetb\u0151l 67 000 l\u00e1togat\u00f3 vett r\u00e9szt, akik nagyszer\u0171 energi\u00e1val \u00e9s \u00e9lesl\u00e1t\u00f3 \u00f6tletekkel t\u00f6lt\u00f6tt\u00e9k meg a [&hellip;]<\/p>\n","protected":false},"author":11,"featured_media":39810,"parent":30300,"menu_order":0,"comment_status":"closed","ping_status":"closed","template":"","meta":{"inline_featured_image":false,"ngg_post_thumbnail":0,"footnotes":""},"class_list":["post-39891","page","type-page","status-publish","has-post-thumbnail","hentry"],"acf":[],"yoast_head":"<!-- This site is optimized with the Yoast SEO plugin v27.0 - https:\/\/yoast.com\/product\/yoast-seo-wordpress\/ -->\n<title>A+A 2025 D\u00fcsseldorfban - Anter System<\/title>\n<meta name=\"description\" content=\"Id\u00e9n novemberben csapatunknak volt szerencs\u00e9je r\u00e9szt venni a d\u00fcsseldorfi A+A Nemzetk\u00f6zi V\u00e1s\u00e1ron \u00e9s Kongresszuson - a vil\u00e1g legnagyobb rendezv\u00e9ny\u00e9n ebben a\" \/>\n<meta name=\"robots\" content=\"index, follow, max-snippet:-1, max-image-preview:large, max-video-preview:-1\" \/>\n<link rel=\"canonical\" href=\"https:\/\/antersystem.com\/hu\/hirek\/aa-2025-dusseldorf\/\" \/>\n<meta property=\"og:locale\" content=\"hu_HU\" \/>\n<meta property=\"og:type\" content=\"article\" \/>\n<meta property=\"og:title\" content=\"A+A 2025 D\u00fcsseldorfban - Anter System\" \/>\n<meta property=\"og:description\" content=\"Id\u00e9n novemberben csapatunknak volt szerencs\u00e9je r\u00e9szt venni a d\u00fcsseldorfi A+A Nemzetk\u00f6zi V\u00e1s\u00e1ron \u00e9s Kongresszuson - a vil\u00e1g legnagyobb rendezv\u00e9ny\u00e9n ebben a\" \/>\n<meta property=\"og:url\" content=\"https:\/\/antersystem.com\/hu\/hirek\/aa-2025-dusseldorf\/\" \/>\n<meta property=\"og:site_name\" content=\"Anter System\" \/>\n<meta property=\"og:image\" content=\"https:\/\/antersystem.com\/wp-content\/uploads\/AplusA2025-01.webp\" \/>\n\t<meta property=\"og:image:width\" content=\"2001\" \/>\n\t<meta property=\"og:image:height\" content=\"1001\" \/>\n\t<meta property=\"og:image:type\" content=\"image\/webp\" \/>\n<meta name=\"twitter:card\" content=\"summary_large_image\" \/>\n<meta name=\"twitter:label1\" content=\"Becs\u00fclt olvas\u00e1si id\u0151\" \/>\n\t<meta name=\"twitter:data1\" content=\"1 perc\" \/>\n<script type=\"application\/ld+json\" class=\"yoast-schema-graph\">{\"@context\":\"https:\/\/schema.org\",\"@graph\":[{\"@type\":\"WebPage\",\"@id\":\"https:\/\/antersystem.com\/hu\/hirek\/aa-2025-dusseldorf\/\",\"url\":\"https:\/\/antersystem.com\/hu\/hirek\/aa-2025-dusseldorf\/\",\"name\":\"A+A 2025 D\u00fcsseldorfban - Anter System\",\"isPartOf\":{\"@id\":\"https:\/\/antersystem.com\/hu\/#website\"},\"primaryImageOfPage\":{\"@id\":\"https:\/\/antersystem.com\/hu\/hirek\/aa-2025-dusseldorf\/#primaryimage\"},\"image\":{\"@id\":\"https:\/\/antersystem.com\/hu\/hirek\/aa-2025-dusseldorf\/#primaryimage\"},\"thumbnailUrl\":\"https:\/\/antersystem.com\/wp-content\/uploads\/AplusA2025-01.webp\",\"datePublished\":\"2025-11-10T11:16:50+00:00\",\"description\":\"Id\u00e9n novemberben csapatunknak volt szerencs\u00e9je r\u00e9szt venni a d\u00fcsseldorfi A+A Nemzetk\u00f6zi V\u00e1s\u00e1ron \u00e9s Kongresszuson - a vil\u00e1g legnagyobb rendezv\u00e9ny\u00e9n ebben a\",\"breadcrumb\":{\"@id\":\"https:\/\/antersystem.com\/hu\/hirek\/aa-2025-dusseldorf\/#breadcrumb\"},\"inLanguage\":\"hu\",\"potentialAction\":[{\"@type\":\"ReadAction\",\"target\":[\"https:\/\/antersystem.com\/hu\/hirek\/aa-2025-dusseldorf\/\"]}]},{\"@type\":\"ImageObject\",\"inLanguage\":\"hu\",\"@id\":\"https:\/\/antersystem.com\/hu\/hirek\/aa-2025-dusseldorf\/#primaryimage\",\"url\":\"https:\/\/antersystem.com\/wp-content\/uploads\/AplusA2025-01.webp\",\"contentUrl\":\"https:\/\/antersystem.com\/wp-content\/uploads\/AplusA2025-01.webp\",\"width\":2001,\"height\":1001},{\"@type\":\"BreadcrumbList\",\"@id\":\"https:\/\/antersystem.com\/hu\/hirek\/aa-2025-dusseldorf\/#breadcrumb\",\"itemListElement\":[{\"@type\":\"ListItem\",\"position\":1,\"name\":\"AnterSystem\",\"item\":\"https:\/\/antersystem.com\/hu\/\"},{\"@type\":\"ListItem\",\"position\":2,\"name\":\"H\u00edrek\",\"item\":\"https:\/\/antersystem.com\/hu\/hirek\/\"},{\"@type\":\"ListItem\",\"position\":3,\"name\":\"A+A 2025 D\u00fcsseldorfban\"}]},{\"@type\":\"WebSite\",\"@id\":\"https:\/\/antersystem.com\/hu\/#website\",\"url\":\"https:\/\/antersystem.com\/hu\/\",\"name\":\"Anter System\",\"description\":\"Jeste\u015bmy polskim producentem elastycznych barier ochronnych wykonywanych z polimerowych tworzyw sztucznych. Na rynku krajowym i zagranicznym dzia\u0142amy od ponad 15 lat dbaj\u0105c o zapewnienie bezpiecze\u0144stwa w zak\u0142adach produkcyjnych, magazynach oraz centrach logistycznych.\",\"potentialAction\":[{\"@type\":\"SearchAction\",\"target\":{\"@type\":\"EntryPoint\",\"urlTemplate\":\"https:\/\/antersystem.com\/hu\/?s={search_term_string}\"},\"query-input\":{\"@type\":\"PropertyValueSpecification\",\"valueRequired\":true,\"valueName\":\"search_term_string\"}}],\"inLanguage\":\"hu\"}]}<\/script>\n<!-- \/ Yoast SEO plugin. -->","yoast_head_json":{"title":"A+A 2025 D\u00fcsseldorfban - Anter System","description":"Id\u00e9n novemberben csapatunknak volt szerencs\u00e9je r\u00e9szt venni a d\u00fcsseldorfi A+A Nemzetk\u00f6zi V\u00e1s\u00e1ron \u00e9s Kongresszuson - a vil\u00e1g legnagyobb rendezv\u00e9ny\u00e9n ebben a","robots":{"index":"index","follow":"follow","max-snippet":"max-snippet:-1","max-image-preview":"max-image-preview:large","max-video-preview":"max-video-preview:-1"},"canonical":"https:\/\/antersystem.com\/hu\/hirek\/aa-2025-dusseldorf\/","og_locale":"hu_HU","og_type":"article","og_title":"A+A 2025 D\u00fcsseldorfban - Anter System","og_description":"Id\u00e9n novemberben csapatunknak volt szerencs\u00e9je r\u00e9szt venni a d\u00fcsseldorfi A+A Nemzetk\u00f6zi V\u00e1s\u00e1ron \u00e9s Kongresszuson - a vil\u00e1g legnagyobb rendezv\u00e9ny\u00e9n ebben a","og_url":"https:\/\/antersystem.com\/hu\/hirek\/aa-2025-dusseldorf\/","og_site_name":"Anter System","og_image":[{"width":2001,"height":1001,"url":"https:\/\/antersystem.com\/wp-content\/uploads\/AplusA2025-01.webp","type":"image\/webp"}],"twitter_card":"summary_large_image","twitter_misc":{"Becs\u00fclt olvas\u00e1si id\u0151":"1 perc"},"schema":{"@context":"https:\/\/schema.org","@graph":[{"@type":"WebPage","@id":"https:\/\/antersystem.com\/hu\/hirek\/aa-2025-dusseldorf\/","url":"https:\/\/antersystem.com\/hu\/hirek\/aa-2025-dusseldorf\/","name":"A+A 2025 D\u00fcsseldorfban - Anter System","isPartOf":{"@id":"https:\/\/antersystem.com\/hu\/#website"},"primaryImageOfPage":{"@id":"https:\/\/antersystem.com\/hu\/hirek\/aa-2025-dusseldorf\/#primaryimage"},"image":{"@id":"https:\/\/antersystem.com\/hu\/hirek\/aa-2025-dusseldorf\/#primaryimage"},"thumbnailUrl":"https:\/\/antersystem.com\/wp-content\/uploads\/AplusA2025-01.webp","datePublished":"2025-11-10T11:16:50+00:00","description":"Id\u00e9n novemberben csapatunknak volt szerencs\u00e9je r\u00e9szt venni a d\u00fcsseldorfi A+A Nemzetk\u00f6zi V\u00e1s\u00e1ron \u00e9s Kongresszuson - a vil\u00e1g legnagyobb rendezv\u00e9ny\u00e9n ebben a","breadcrumb":{"@id":"https:\/\/antersystem.com\/hu\/hirek\/aa-2025-dusseldorf\/#breadcrumb"},"inLanguage":"hu","potentialAction":[{"@type":"ReadAction","target":["https:\/\/antersystem.com\/hu\/hirek\/aa-2025-dusseldorf\/"]}]},{"@type":"ImageObject","inLanguage":"hu","@id":"https:\/\/antersystem.com\/hu\/hirek\/aa-2025-dusseldorf\/#primaryimage","url":"https:\/\/antersystem.com\/wp-content\/uploads\/AplusA2025-01.webp","contentUrl":"https:\/\/antersystem.com\/wp-content\/uploads\/AplusA2025-01.webp","width":2001,"height":1001},{"@type":"BreadcrumbList","@id":"https:\/\/antersystem.com\/hu\/hirek\/aa-2025-dusseldorf\/#breadcrumb","itemListElement":[{"@type":"ListItem","position":1,"name":"AnterSystem","item":"https:\/\/antersystem.com\/hu\/"},{"@type":"ListItem","position":2,"name":"H\u00edrek","item":"https:\/\/antersystem.com\/hu\/hirek\/"},{"@type":"ListItem","position":3,"name":"A+A 2025 D\u00fcsseldorfban"}]},{"@type":"WebSite","@id":"https:\/\/antersystem.com\/hu\/#website","url":"https:\/\/antersystem.com\/hu\/","name":"Anter System","description":"Jeste\u015bmy polskim producentem elastycznych barier ochronnych wykonywanych z polimerowych tworzyw sztucznych. Na rynku krajowym i zagranicznym dzia\u0142amy od ponad 15 lat dbaj\u0105c o zapewnienie bezpiecze\u0144stwa w zak\u0142adach produkcyjnych, magazynach oraz centrach logistycznych.","potentialAction":[{"@type":"SearchAction","target":{"@type":"EntryPoint","urlTemplate":"https:\/\/antersystem.com\/hu\/?s={search_term_string}"},"query-input":{"@type":"PropertyValueSpecification","valueRequired":true,"valueName":"search_term_string"}}],"inLanguage":"hu"}]}},"_links":{"self":[{"href":"https:\/\/antersystem.com\/hu\/wp-json\/wp\/v2\/pages\/39891","targetHints":{"allow":["GET"]}}],"collection":[{"href":"https:\/\/antersystem.com\/hu\/wp-json\/wp\/v2\/pages"}],"about":[{"href":"https:\/\/antersystem.com\/hu\/wp-json\/wp\/v2\/types\/page"}],"author":[{"embeddable":true,"href":"https:\/\/antersystem.com\/hu\/wp-json\/wp\/v2\/users\/11"}],"replies":[{"embeddable":true,"href":"https:\/\/antersystem.com\/hu\/wp-json\/wp\/v2\/comments?post=39891"}],"version-history":[{"count":0,"href":"https:\/\/antersystem.com\/hu\/wp-json\/wp\/v2\/pages\/39891\/revisions"}],"up":[{"embeddable":true,"href":"https:\/\/antersystem.com\/hu\/wp-json\/wp\/v2\/pages\/30300"}],"wp:featuredmedia":[{"embeddable":true,"href":"https:\/\/antersystem.com\/hu\/wp-json\/wp\/v2\/media\/39810"}],"wp:attachment":[{"href":"https:\/\/antersystem.com\/hu\/wp-json\/wp\/v2\/media?parent=39891"}],"curies":[{"name":"wp","href":"https:\/\/api.w.org\/{rel}","templated":true}]}}

A+A 2025 Düsseldorfban

<p>Idén novemberben csapatunknak volt szerencséje részt venni a düsseldorfi A+A Nemzetközi Vásáron és Kongresszuson &#8211; a világ legnagyobb rendezvényén ebben a kategóriában, amely a munkahelyi biztonságra, egészségre és jólétre összpontosít. Az idei vásáron 70 országból 2340 kiállító és 150 különböző nemzetből 67 000 látogató vett részt, akik nagyszerű energiával és éleslátó ötletekkel töltötték meg a csarnokokat. </p>
<p>A vásár átfogó betekintést nyújtott az iparág legújabb trendjeibe és fejlesztéseibe &#8211; a legmodernebb védőfelszerelésektől és intelligens technológiáktól kezdve a fenntarthatóságot célzó megoldásokig. Az esemény platformot biztosított a vállalatok és szakemberek számára, hogy bemutassák innovációikat, megvitassák a felmerülő kihívásokat, valamint ötleteket cseréljenek a munkahelyi biztonság és jólét javításáról világszerte. </p>
<p>Először vettünk részt ezen a vásáron, és igazán izgalmas volt látni az innovációk és új ötletek ilyen széles skáláját az iparágban. Hálásak vagyunk az értékes beszélgetésekért és kapcsolatokért, amelyeket ezalatt az idő alatt folytattunk. </p>
<p>Köszönjük mindenkinek, aki megállt és csatlakozott hozzánk. Várjuk az előttünk álló lehetőségeket és a jövőbeni visszatérést. </p>
ngg_shortcode_0_placeholder

<p>Idén novemberben csapatunknak volt szerencséje részt venni a düsseldorfi A+A Nemzetközi Vásáron és Kongresszuson &#8211; a világ legnagyobb rendezvényén ebben a kategóriában, amely a munkahelyi biztonságra, egészségre és jólétre összpontosít. Az idei vásáron 70 országból 2340 kiállító és 150 különböző nemzetből 67 000 látogató vett részt, akik nagyszerű energiával és éleslátó ötletekkel töltötték meg a [&hellip;]</p>

<!-- This site is optimized with the Yoast SEO plugin v27.0 - https://yoast.com/product/yoast-seo-wordpress/ -->
<title>A+A 2025 Düsseldorfban - Anter System</title>
<meta name="description" content="Idén novemberben csapatunknak volt szerencséje részt venni a düsseldorfi A+A Nemzetközi Vásáron és Kongresszuson - a világ legnagyobb rendezvényén ebben a" />
<meta name="robots" content="index, follow, max-snippet:-1, max-image-preview:large, max-video-preview:-1" />
<link rel="canonical" href="https://antersystem.com/hu/hirek/aa-2025-dusseldorf/" />
<meta property="og:locale" content="hu_HU" />
<meta property="og:type" content="article" />
<meta property="og:title" content="A+A 2025 Düsseldorfban - Anter System" />
<meta property="og:description" content="Idén novemberben csapatunknak volt szerencséje részt venni a düsseldorfi A+A Nemzetközi Vásáron és Kongresszuson - a világ legnagyobb rendezvényén ebben a" />
<meta property="og:url" content="https://antersystem.com/hu/hirek/aa-2025-dusseldorf/" />
<meta property="og:site_name" content="Anter System" />
<meta property="og:image" content="https://antersystem.com/wp-content/uploads/AplusA2025-01.webp" />
	<meta property="og:image:width" content="2001" />
	<meta property="og:image:height" content="1001" />
	<meta property="og:image:type" content="image/webp" />
<meta name="twitter:card" content="summary_large_image" />
<meta name="twitter:label1" content="Becsült olvasási idő" />
	<meta name="twitter:data1" content="1 perc" />
<script type="application/ld+json" class="yoast-schema-graph">{"@context":"https://schema.org","@graph":[{"@type":"WebPage","@id":"https://antersystem.com/hu/hirek/aa-2025-dusseldorf/","url":"https://antersystem.com/hu/hirek/aa-2025-dusseldorf/","name":"A+A 2025 Düsseldorfban - Anter System","isPartOf":{"@id":"https://antersystem.com/hu/#website"},"primaryImageOfPage":{"@id":"https://antersystem.com/hu/hirek/aa-2025-dusseldorf/#primaryimage"},"image":{"@id":"https://antersystem.com/hu/hirek/aa-2025-dusseldorf/#primaryimage"},"thumbnailUrl":"https://antersystem.com/wp-content/uploads/AplusA2025-01.webp","datePublished":"2025-11-10T11:16:50+00:00","description":"Idén novemberben csapatunknak volt szerencséje részt venni a düsseldorfi A+A Nemzetközi Vásáron és Kongresszuson - a világ legnagyobb rendezvényén ebben a","breadcrumb":{"@id":"https://antersystem.com/hu/hirek/aa-2025-dusseldorf/#breadcrumb"},"inLanguage":"hu","potentialAction":[{"@type":"ReadAction","target":["https://antersystem.com/hu/hirek/aa-2025-dusseldorf/"]}]},{"@type":"ImageObject","inLanguage":"hu","@id":"https://antersystem.com/hu/hirek/aa-2025-dusseldorf/#primaryimage","url":"https://antersystem.com/wp-content/uploads/AplusA2025-01.webp","contentUrl":"https://antersystem.com/wp-content/uploads/AplusA2025-01.webp","width":2001,"height":1001},{"@type":"BreadcrumbList","@id":"https://antersystem.com/hu/hirek/aa-2025-dusseldorf/#breadcrumb","itemListElement":[{"@type":"ListItem","position":1,"name":"AnterSystem","item":"https://antersystem.com/hu/"},{"@type":"ListItem","position":2,"name":"Hírek","item":"https://antersystem.com/hu/hirek/"},{"@type":"ListItem","position":3,"name":"A+A 2025 Düsseldorfban"}]},{"@type":"WebSite","@id":"https://antersystem.com/hu/#website","url":"https://antersystem.com/hu/","name":"Anter System","description":"Jesteśmy polskim producentem elastycznych barier ochronnych wykonywanych z polimerowych tworzyw sztucznych. Na rynku krajowym i zagranicznym działamy od ponad 15 lat dbając o zapewnienie bezpieczeństwa w zakładach produkcyjnych, magazynach oraz centrach logistycznych.","potentialAction":[{"@type":"SearchAction","target":{"@type":"EntryPoint","urlTemplate":"https://antersystem.com/hu/?s={search_term_string}"},"query-input":{"@type":"PropertyValueSpecification","valueRequired":true,"valueName":"search_term_string"}}],"inLanguage":"hu"}]}</script>
<!-- / Yoast SEO plugin. -->

A+A 2025 Düsseldorfban - Anter System

Idén novemberben csapatunknak volt szerencséje részt venni a düsseldorfi A+A Nemzetközi Vásáron és Kongresszuson - a világ legnagyobb rendezvényén ebben a

Hírek

Jesteśmy polskim producentem elastycznych barier ochronnych wykonywanych z polimerowych tworzyw sztucznych. Na rynku krajowym i zagranicznym działamy od ponad 15 lat dbając o zapewnienie bezpieczeństwa w zakładach produkcyjnych, magazynach oraz centrach logistycznych.
