{"id":39900,"date":"2025-11-10T12:16:50","date_gmt":"2025-11-10T11:16:50","guid":{"rendered":"https:\/\/antersystem.com\/wiedza-i-nowosci\/aa-2025-dusseldorf\/"},"modified":"2025-11-10T12:16:50","modified_gmt":"2025-11-10T11:16:50","slug":"aa-2025-dusseldorf","status":"publish","type":"page","link":"https:\/\/antersystem.com\/pl\/wiedza-i-nowosci\/aa-2025-dusseldorf\/","title":{"rendered":"A+A 2025 w D\u00fcsseldorfie"},"content":{"rendered":"<p>W listopadzie tego roku nasz zesp\u00f3\u0142 mia\u0142 przyjemno\u015b\u0107 uczestniczy\u0107 w Mi\u0119dzynarodowych Targach i Kongresie A+A w D\u00fcsseldorfie &#8211; najwi\u0119kszym na \u015bwiecie wydarzeniu w tej kategorii, koncentruj\u0105cym si\u0119 na bezpiecze\u0144stwie, zdrowiu i dobrym samopoczuciu w pracy. Tegoroczne targi zgromadzi\u0142y imponuj\u0105c\u0105 liczb\u0119 2340 wystawc\u00f3w z 70 kraj\u00f3w i 67 000 odwiedzaj\u0105cych ze 150 r\u00f3\u017cnych kraj\u00f3w, wype\u0142niaj\u0105c hale wielk\u0105 energi\u0105 i wnikliwymi pomys\u0142ami. <\/p>\n<p>Targi oferowa\u0142y kompleksowe spojrzenie na najnowsze trendy i ulepszenia w bran\u017cy &#8211; od najnowocze\u015bniejszego sprz\u0119tu ochronnego i inteligentnych technologii po rozwi\u0105zania oparte na zr\u00f3wnowa\u017conym rozwoju. Wydarzenie stanowi\u0142o platform\u0119 dla firm i profesjonalist\u00f3w do zaprezentowania swoich innowacji, om\u00f3wienia pojawiaj\u0105cych si\u0119 wyzwa\u0144, a tak\u017ce wymiany pomys\u0142\u00f3w na popraw\u0119 bezpiecze\u0144stwa i dobrego samopoczucia w miejscu pracy na ca\u0142ym \u015bwiecie. <\/p>\n<p>To by\u0142 nasz pierwszy raz na tych targach i naprawd\u0119 ekscytuj\u0105ce by\u0142o zobaczy\u0107 tak szerok\u0105 gam\u0119 innowacji i nowych pomys\u0142\u00f3w w bran\u017cy. Jeste\u015bmy wdzi\u0119czni za cenne rozmowy i kontakty nawi\u0105zane w tym czasie. <\/p>\n<p>Dzi\u0119kujemy wszystkim, kt\u00f3rzy nas odwiedzili i nawi\u0105zali z nami kontakt. Z niecierpliwo\u015bci\u0105 czekamy na nadchodz\u0105ce mo\u017cliwo\u015bci i powr\u00f3t w przysz\u0142o\u015bci. <\/p>\nngg_shortcode_0_placeholder\n","protected":false},"excerpt":{"rendered":"<p>W listopadzie tego roku nasz zesp\u00f3\u0142 mia\u0142 przyjemno\u015b\u0107 uczestniczy\u0107 w Mi\u0119dzynarodowych Targach i Kongresie A+A w D\u00fcsseldorfie &#8211; najwi\u0119kszym na \u015bwiecie wydarzeniu w tej kategorii, koncentruj\u0105cym si\u0119 na bezpiecze\u0144stwie, zdrowiu i dobrym samopoczuciu w pracy. Tegoroczne targi zgromadzi\u0142y imponuj\u0105c\u0105 liczb\u0119 2340 wystawc\u00f3w z 70 kraj\u00f3w i 67 000 odwiedzaj\u0105cych ze 150 r\u00f3\u017cnych kraj\u00f3w, wype\u0142niaj\u0105c hale [&hellip;]<\/p>\n","protected":false},"author":11,"featured_media":39813,"parent":12824,"menu_order":0,"comment_status":"closed","ping_status":"closed","template":"","meta":{"inline_featured_image":false,"ngg_post_thumbnail":0,"footnotes":""},"class_list":["post-39900","page","type-page","status-publish","has-post-thumbnail","hentry"],"acf":[],"yoast_head":"<!-- This site is optimized with the Yoast SEO plugin v27.0 - https:\/\/yoast.com\/product\/yoast-seo-wordpress\/ -->\n<title>A+A 2025 w D\u00fcsseldorfie - Anter System<\/title>\n<meta name=\"description\" content=\"W listopadzie tego roku nasz zesp\u00f3\u0142 mia\u0142 przyjemno\u015b\u0107 uczestniczy\u0107 w Mi\u0119dzynarodowych Targach i Kongresie A+A w D\u00fcsseldorfie - najwi\u0119kszym na \u015bwiecie\" \/>\n<meta name=\"robots\" content=\"index, follow, max-snippet:-1, max-image-preview:large, max-video-preview:-1\" \/>\n<link rel=\"canonical\" href=\"https:\/\/antersystem.com\/pl\/wiedza-i-nowosci\/aa-2025-dusseldorf\/\" \/>\n<meta property=\"og:locale\" content=\"pl_PL\" \/>\n<meta property=\"og:type\" content=\"article\" \/>\n<meta property=\"og:title\" content=\"A+A 2025 w D\u00fcsseldorfie - Anter System\" \/>\n<meta property=\"og:description\" content=\"W listopadzie tego roku nasz zesp\u00f3\u0142 mia\u0142 przyjemno\u015b\u0107 uczestniczy\u0107 w Mi\u0119dzynarodowych Targach i Kongresie A+A w D\u00fcsseldorfie - najwi\u0119kszym na \u015bwiecie\" \/>\n<meta property=\"og:url\" content=\"https:\/\/antersystem.com\/pl\/wiedza-i-nowosci\/aa-2025-dusseldorf\/\" \/>\n<meta property=\"og:site_name\" content=\"Anter System\" \/>\n<meta property=\"og:image\" content=\"https:\/\/antersystem.com\/wp-content\/uploads\/AplusA2025-01.webp\" \/>\n\t<meta property=\"og:image:width\" content=\"2001\" \/>\n\t<meta property=\"og:image:height\" content=\"1001\" \/>\n\t<meta property=\"og:image:type\" content=\"image\/webp\" \/>\n<meta name=\"twitter:card\" content=\"summary_large_image\" \/>\n<meta name=\"twitter:label1\" content=\"Szacowany czas czytania\" \/>\n\t<meta name=\"twitter:data1\" content=\"1 minuta\" \/>\n<script type=\"application\/ld+json\" class=\"yoast-schema-graph\">{\"@context\":\"https:\/\/schema.org\",\"@graph\":[{\"@type\":\"WebPage\",\"@id\":\"https:\/\/antersystem.com\/pl\/wiedza-i-nowosci\/aa-2025-dusseldorf\/\",\"url\":\"https:\/\/antersystem.com\/pl\/wiedza-i-nowosci\/aa-2025-dusseldorf\/\",\"name\":\"A+A 2025 w D\u00fcsseldorfie - Anter System\",\"isPartOf\":{\"@id\":\"https:\/\/antersystem.com\/pl\/#website\"},\"primaryImageOfPage\":{\"@id\":\"https:\/\/antersystem.com\/pl\/wiedza-i-nowosci\/aa-2025-dusseldorf\/#primaryimage\"},\"image\":{\"@id\":\"https:\/\/antersystem.com\/pl\/wiedza-i-nowosci\/aa-2025-dusseldorf\/#primaryimage\"},\"thumbnailUrl\":\"https:\/\/antersystem.com\/wp-content\/uploads\/AplusA2025-01.webp\",\"datePublished\":\"2025-11-10T11:16:50+00:00\",\"description\":\"W listopadzie tego roku nasz zesp\u00f3\u0142 mia\u0142 przyjemno\u015b\u0107 uczestniczy\u0107 w Mi\u0119dzynarodowych Targach i Kongresie A+A w D\u00fcsseldorfie - najwi\u0119kszym na \u015bwiecie\",\"breadcrumb\":{\"@id\":\"https:\/\/antersystem.com\/pl\/wiedza-i-nowosci\/aa-2025-dusseldorf\/#breadcrumb\"},\"inLanguage\":\"pl-PL\",\"potentialAction\":[{\"@type\":\"ReadAction\",\"target\":[\"https:\/\/antersystem.com\/pl\/wiedza-i-nowosci\/aa-2025-dusseldorf\/\"]}]},{\"@type\":\"ImageObject\",\"inLanguage\":\"pl-PL\",\"@id\":\"https:\/\/antersystem.com\/pl\/wiedza-i-nowosci\/aa-2025-dusseldorf\/#primaryimage\",\"url\":\"https:\/\/antersystem.com\/wp-content\/uploads\/AplusA2025-01.webp\",\"contentUrl\":\"https:\/\/antersystem.com\/wp-content\/uploads\/AplusA2025-01.webp\",\"width\":2001,\"height\":1001},{\"@type\":\"BreadcrumbList\",\"@id\":\"https:\/\/antersystem.com\/pl\/wiedza-i-nowosci\/aa-2025-dusseldorf\/#breadcrumb\",\"itemListElement\":[{\"@type\":\"ListItem\",\"position\":1,\"name\":\"AnterSystem\",\"item\":\"https:\/\/antersystem.com\/pl\/\"},{\"@type\":\"ListItem\",\"position\":2,\"name\":\"Wiedza i nowo\u015bci\",\"item\":\"https:\/\/antersystem.com\/pl\/wiedza-i-nowosci\/\"},{\"@type\":\"ListItem\",\"position\":3,\"name\":\"A+A 2025 w D\u00fcsseldorfie\"}]},{\"@type\":\"WebSite\",\"@id\":\"https:\/\/antersystem.com\/pl\/#website\",\"url\":\"https:\/\/antersystem.com\/pl\/\",\"name\":\"Anter System\",\"description\":\"Jeste\u015bmy polskim producentem elastycznych barier ochronnych wykonywanych z polimerowych tworzyw sztucznych. Na rynku krajowym i zagranicznym dzia\u0142amy od ponad 15 lat dbaj\u0105c o zapewnienie bezpiecze\u0144stwa w zak\u0142adach produkcyjnych, magazynach oraz centrach logistycznych.\",\"potentialAction\":[{\"@type\":\"SearchAction\",\"target\":{\"@type\":\"EntryPoint\",\"urlTemplate\":\"https:\/\/antersystem.com\/pl\/?s={search_term_string}\"},\"query-input\":{\"@type\":\"PropertyValueSpecification\",\"valueRequired\":true,\"valueName\":\"search_term_string\"}}],\"inLanguage\":\"pl-PL\"}]}<\/script>\n<!-- \/ Yoast SEO plugin. -->","yoast_head_json":{"title":"A+A 2025 w D\u00fcsseldorfie - Anter System","description":"W listopadzie tego roku nasz zesp\u00f3\u0142 mia\u0142 przyjemno\u015b\u0107 uczestniczy\u0107 w Mi\u0119dzynarodowych Targach i Kongresie A+A w D\u00fcsseldorfie - najwi\u0119kszym na \u015bwiecie","robots":{"index":"index","follow":"follow","max-snippet":"max-snippet:-1","max-image-preview":"max-image-preview:large","max-video-preview":"max-video-preview:-1"},"canonical":"https:\/\/antersystem.com\/pl\/wiedza-i-nowosci\/aa-2025-dusseldorf\/","og_locale":"pl_PL","og_type":"article","og_title":"A+A 2025 w D\u00fcsseldorfie - Anter System","og_description":"W listopadzie tego roku nasz zesp\u00f3\u0142 mia\u0142 przyjemno\u015b\u0107 uczestniczy\u0107 w Mi\u0119dzynarodowych Targach i Kongresie A+A w D\u00fcsseldorfie - najwi\u0119kszym na \u015bwiecie","og_url":"https:\/\/antersystem.com\/pl\/wiedza-i-nowosci\/aa-2025-dusseldorf\/","og_site_name":"Anter System","og_image":[{"width":2001,"height":1001,"url":"https:\/\/antersystem.com\/wp-content\/uploads\/AplusA2025-01.webp","type":"image\/webp"}],"twitter_card":"summary_large_image","twitter_misc":{"Szacowany czas czytania":"1 minuta"},"schema":{"@context":"https:\/\/schema.org","@graph":[{"@type":"WebPage","@id":"https:\/\/antersystem.com\/pl\/wiedza-i-nowosci\/aa-2025-dusseldorf\/","url":"https:\/\/antersystem.com\/pl\/wiedza-i-nowosci\/aa-2025-dusseldorf\/","name":"A+A 2025 w D\u00fcsseldorfie - Anter System","isPartOf":{"@id":"https:\/\/antersystem.com\/pl\/#website"},"primaryImageOfPage":{"@id":"https:\/\/antersystem.com\/pl\/wiedza-i-nowosci\/aa-2025-dusseldorf\/#primaryimage"},"image":{"@id":"https:\/\/antersystem.com\/pl\/wiedza-i-nowosci\/aa-2025-dusseldorf\/#primaryimage"},"thumbnailUrl":"https:\/\/antersystem.com\/wp-content\/uploads\/AplusA2025-01.webp","datePublished":"2025-11-10T11:16:50+00:00","description":"W listopadzie tego roku nasz zesp\u00f3\u0142 mia\u0142 przyjemno\u015b\u0107 uczestniczy\u0107 w Mi\u0119dzynarodowych Targach i Kongresie A+A w D\u00fcsseldorfie - najwi\u0119kszym na \u015bwiecie","breadcrumb":{"@id":"https:\/\/antersystem.com\/pl\/wiedza-i-nowosci\/aa-2025-dusseldorf\/#breadcrumb"},"inLanguage":"pl-PL","potentialAction":[{"@type":"ReadAction","target":["https:\/\/antersystem.com\/pl\/wiedza-i-nowosci\/aa-2025-dusseldorf\/"]}]},{"@type":"ImageObject","inLanguage":"pl-PL","@id":"https:\/\/antersystem.com\/pl\/wiedza-i-nowosci\/aa-2025-dusseldorf\/#primaryimage","url":"https:\/\/antersystem.com\/wp-content\/uploads\/AplusA2025-01.webp","contentUrl":"https:\/\/antersystem.com\/wp-content\/uploads\/AplusA2025-01.webp","width":2001,"height":1001},{"@type":"BreadcrumbList","@id":"https:\/\/antersystem.com\/pl\/wiedza-i-nowosci\/aa-2025-dusseldorf\/#breadcrumb","itemListElement":[{"@type":"ListItem","position":1,"name":"AnterSystem","item":"https:\/\/antersystem.com\/pl\/"},{"@type":"ListItem","position":2,"name":"Wiedza i nowo\u015bci","item":"https:\/\/antersystem.com\/pl\/wiedza-i-nowosci\/"},{"@type":"ListItem","position":3,"name":"A+A 2025 w D\u00fcsseldorfie"}]},{"@type":"WebSite","@id":"https:\/\/antersystem.com\/pl\/#website","url":"https:\/\/antersystem.com\/pl\/","name":"Anter System","description":"Jeste\u015bmy polskim producentem elastycznych barier ochronnych wykonywanych z polimerowych tworzyw sztucznych. Na rynku krajowym i zagranicznym dzia\u0142amy od ponad 15 lat dbaj\u0105c o zapewnienie bezpiecze\u0144stwa w zak\u0142adach produkcyjnych, magazynach oraz centrach logistycznych.","potentialAction":[{"@type":"SearchAction","target":{"@type":"EntryPoint","urlTemplate":"https:\/\/antersystem.com\/pl\/?s={search_term_string}"},"query-input":{"@type":"PropertyValueSpecification","valueRequired":true,"valueName":"search_term_string"}}],"inLanguage":"pl-PL"}]}},"_links":{"self":[{"href":"https:\/\/antersystem.com\/pl\/wp-json\/wp\/v2\/pages\/39900","targetHints":{"allow":["GET"]}}],"collection":[{"href":"https:\/\/antersystem.com\/pl\/wp-json\/wp\/v2\/pages"}],"about":[{"href":"https:\/\/antersystem.com\/pl\/wp-json\/wp\/v2\/types\/page"}],"author":[{"embeddable":true,"href":"https:\/\/antersystem.com\/pl\/wp-json\/wp\/v2\/users\/11"}],"replies":[{"embeddable":true,"href":"https:\/\/antersystem.com\/pl\/wp-json\/wp\/v2\/comments?post=39900"}],"version-history":[{"count":0,"href":"https:\/\/antersystem.com\/pl\/wp-json\/wp\/v2\/pages\/39900\/revisions"}],"up":[{"embeddable":true,"href":"https:\/\/antersystem.com\/pl\/wp-json\/wp\/v2\/pages\/12824"}],"wp:featuredmedia":[{"embeddable":true,"href":"https:\/\/antersystem.com\/pl\/wp-json\/wp\/v2\/media\/39813"}],"wp:attachment":[{"href":"https:\/\/antersystem.com\/pl\/wp-json\/wp\/v2\/media?parent=39900"}],"curies":[{"name":"wp","href":"https:\/\/api.w.org\/{rel}","templated":true}]}}

A+A 2025 w Düsseldorfie

<p>W listopadzie tego roku nasz zespół miał przyjemność uczestniczyć w Międzynarodowych Targach i Kongresie A+A w Düsseldorfie &#8211; największym na świecie wydarzeniu w tej kategorii, koncentrującym się na bezpieczeństwie, zdrowiu i dobrym samopoczuciu w pracy. Tegoroczne targi zgromadziły imponującą liczbę 2340 wystawców z 70 krajów i 67 000 odwiedzających ze 150 różnych krajów, wypełniając hale wielką energią i wnikliwymi pomysłami. </p>
<p>Targi oferowały kompleksowe spojrzenie na najnowsze trendy i ulepszenia w branży &#8211; od najnowocześniejszego sprzętu ochronnego i inteligentnych technologii po rozwiązania oparte na zrównoważonym rozwoju. Wydarzenie stanowiło platformę dla firm i profesjonalistów do zaprezentowania swoich innowacji, omówienia pojawiających się wyzwań, a także wymiany pomysłów na poprawę bezpieczeństwa i dobrego samopoczucia w miejscu pracy na całym świecie. </p>
<p>To był nasz pierwszy raz na tych targach i naprawdę ekscytujące było zobaczyć tak szeroką gamę innowacji i nowych pomysłów w branży. Jesteśmy wdzięczni za cenne rozmowy i kontakty nawiązane w tym czasie. </p>
<p>Dziękujemy wszystkim, którzy nas odwiedzili i nawiązali z nami kontakt. Z niecierpliwością czekamy na nadchodzące możliwości i powrót w przyszłości. </p>
ngg_shortcode_0_placeholder

<p>W listopadzie tego roku nasz zespół miał przyjemność uczestniczyć w Międzynarodowych Targach i Kongresie A+A w Düsseldorfie &#8211; największym na świecie wydarzeniu w tej kategorii, koncentrującym się na bezpieczeństwie, zdrowiu i dobrym samopoczuciu w pracy. Tegoroczne targi zgromadziły imponującą liczbę 2340 wystawców z 70 krajów i 67 000 odwiedzających ze 150 różnych krajów, wypełniając hale [&hellip;]</p>

<!-- This site is optimized with the Yoast SEO plugin v27.0 - https://yoast.com/product/yoast-seo-wordpress/ -->
<title>A+A 2025 w Düsseldorfie - Anter System</title>
<meta name="description" content="W listopadzie tego roku nasz zespół miał przyjemność uczestniczyć w Międzynarodowych Targach i Kongresie A+A w Düsseldorfie - największym na świecie" />
<meta name="robots" content="index, follow, max-snippet:-1, max-image-preview:large, max-video-preview:-1" />
<link rel="canonical" href="https://antersystem.com/pl/wiedza-i-nowosci/aa-2025-dusseldorf/" />
<meta property="og:locale" content="pl_PL" />
<meta property="og:type" content="article" />
<meta property="og:title" content="A+A 2025 w Düsseldorfie - Anter System" />
<meta property="og:description" content="W listopadzie tego roku nasz zespół miał przyjemność uczestniczyć w Międzynarodowych Targach i Kongresie A+A w Düsseldorfie - największym na świecie" />
<meta property="og:url" content="https://antersystem.com/pl/wiedza-i-nowosci/aa-2025-dusseldorf/" />
<meta property="og:site_name" content="Anter System" />
<meta property="og:image" content="https://antersystem.com/wp-content/uploads/AplusA2025-01.webp" />
	<meta property="og:image:width" content="2001" />
	<meta property="og:image:height" content="1001" />
	<meta property="og:image:type" content="image/webp" />
<meta name="twitter:card" content="summary_large_image" />
<meta name="twitter:label1" content="Szacowany czas czytania" />
	<meta name="twitter:data1" content="1 minuta" />
<script type="application/ld+json" class="yoast-schema-graph">{"@context":"https://schema.org","@graph":[{"@type":"WebPage","@id":"https://antersystem.com/pl/wiedza-i-nowosci/aa-2025-dusseldorf/","url":"https://antersystem.com/pl/wiedza-i-nowosci/aa-2025-dusseldorf/","name":"A+A 2025 w Düsseldorfie - Anter System","isPartOf":{"@id":"https://antersystem.com/pl/#website"},"primaryImageOfPage":{"@id":"https://antersystem.com/pl/wiedza-i-nowosci/aa-2025-dusseldorf/#primaryimage"},"image":{"@id":"https://antersystem.com/pl/wiedza-i-nowosci/aa-2025-dusseldorf/#primaryimage"},"thumbnailUrl":"https://antersystem.com/wp-content/uploads/AplusA2025-01.webp","datePublished":"2025-11-10T11:16:50+00:00","description":"W listopadzie tego roku nasz zespół miał przyjemność uczestniczyć w Międzynarodowych Targach i Kongresie A+A w Düsseldorfie - największym na świecie","breadcrumb":{"@id":"https://antersystem.com/pl/wiedza-i-nowosci/aa-2025-dusseldorf/#breadcrumb"},"inLanguage":"pl-PL","potentialAction":[{"@type":"ReadAction","target":["https://antersystem.com/pl/wiedza-i-nowosci/aa-2025-dusseldorf/"]}]},{"@type":"ImageObject","inLanguage":"pl-PL","@id":"https://antersystem.com/pl/wiedza-i-nowosci/aa-2025-dusseldorf/#primaryimage","url":"https://antersystem.com/wp-content/uploads/AplusA2025-01.webp","contentUrl":"https://antersystem.com/wp-content/uploads/AplusA2025-01.webp","width":2001,"height":1001},{"@type":"BreadcrumbList","@id":"https://antersystem.com/pl/wiedza-i-nowosci/aa-2025-dusseldorf/#breadcrumb","itemListElement":[{"@type":"ListItem","position":1,"name":"AnterSystem","item":"https://antersystem.com/pl/"},{"@type":"ListItem","position":2,"name":"Wiedza i nowości","item":"https://antersystem.com/pl/wiedza-i-nowosci/"},{"@type":"ListItem","position":3,"name":"A+A 2025 w Düsseldorfie"}]},{"@type":"WebSite","@id":"https://antersystem.com/pl/#website","url":"https://antersystem.com/pl/","name":"Anter System","description":"Jesteśmy polskim producentem elastycznych barier ochronnych wykonywanych z polimerowych tworzyw sztucznych. Na rynku krajowym i zagranicznym działamy od ponad 15 lat dbając o zapewnienie bezpieczeństwa w zakładach produkcyjnych, magazynach oraz centrach logistycznych.","potentialAction":[{"@type":"SearchAction","target":{"@type":"EntryPoint","urlTemplate":"https://antersystem.com/pl/?s={search_term_string}"},"query-input":{"@type":"PropertyValueSpecification","valueRequired":true,"valueName":"search_term_string"}}],"inLanguage":"pl-PL"}]}</script>
<!-- / Yoast SEO plugin. -->

A+A 2025 w Düsseldorfie - Anter System

W listopadzie tego roku nasz zespół miał przyjemność uczestniczyć w Międzynarodowych Targach i Kongresie A+A w Düsseldorfie - największym na świecie

Wiedza i nowości

Jesteśmy polskim producentem elastycznych barier ochronnych wykonywanych z polimerowych tworzyw sztucznych. Na rynku krajowym i zagranicznym działamy od ponad 15 lat dbając o zapewnienie bezpieczeństwa w zakładach produkcyjnych, magazynach oraz centrach logistycznych.
