{"id":39897,"date":"2025-11-07T14:23:00","date_gmt":"2025-11-07T13:23:00","guid":{"rendered":"https:\/\/antersystem.com\/novinky\/warsaw-industry-week-2025\/"},"modified":"2025-11-07T14:23:00","modified_gmt":"2025-11-07T13:23:00","slug":"warsaw-industry-week-2025","status":"publish","type":"page","link":"https:\/\/antersystem.com\/sk\/novinky\/warsaw-industry-week-2025\/","title":{"rendered":"Warsaw Industry Week 2025"},"content":{"rendered":"<p>Tento rok mal n\u00e1\u0161 t\u00edm op\u00e4\u0165 t\u00fa \u010des\u0165 z\u00fa\u010dastni\u0165 sa na <strong>Warsaw Industry Week.<\/strong> Na 9. ro\u010dn\u00edku sa stretli popredn\u00e9 spolo\u010dnosti, odborn\u00edci a technologick\u00ed nad\u0161enci po\u010das troch dn\u00ed pln\u00fdch inov\u00e1ci\u00ed, in\u0161pir\u00e1cie a cenn\u00fdch rozhovorov. Poskytol skvel\u00fa pr\u00edle\u017eitos\u0165 op\u00e4tovne nadviaza\u0165 kontakty s odborn\u00edkmi z odvetvia, spozna\u0165 nov\u00fdch partnerov a presk\u00fama\u0165 najnov\u0161ie trendy, ktor\u00e9 formuj\u00fa bud\u00facnos\u0165 v\u00fdroby.  <\/p>\n<p>Tohtoro\u010dn\u00fd ve\u013etrh bol impozantn\u00fd svojou ve\u013ekos\u0165ou a rozsahom, predstavilo sa na \u0148om viac ako 500 vystavovate\u013eov a nav\u0161t\u00edvilo ho 22 573 n\u00e1v\u0161tevn\u00edkov z cel\u00e9ho Po\u013eska i zo zahrani\u010dia. Ka\u017ed\u00e1 hala pon\u00fakala mo\u017enosti presk\u00fama\u0165 najnov\u0161ie priemyseln\u00e9 rie\u0161enia, by\u0165 svedkom \u017eiv\u00fdch uk\u00e1\u017eok a nadviaza\u0165 kontakt s inov\u00e1tormi z cel\u00e9ho regi\u00f3nu, \u010do z neho robilo in\u0161pirat\u00edvne prostredie na vzdel\u00e1vanie a v\u00fdmenu n\u00e1padov. <\/p>\n<p>Tento rok bol pre n\u00e1s obzvl\u00e1\u0161\u0165 v\u00fdnimo\u010dn\u00fd. Mali sme t\u00fa \u010des\u0165 z\u00edska\u0165 <strong>medaily ve\u013etrhu kvality a inov\u00e1ci\u00ed v<\/strong> dvoch r\u00f4znych kateg\u00f3ri\u00e1ch: <\/p>\n<ol>\n<li><strong>Inov\u00e1cia &#8211;<\/strong> ocenen\u00e1 za na\u0161e pokro\u010dil\u00e9 bezpe\u010dnostn\u00e9 rie\u0161enia<\/li>\n<li><strong>Ve\u013etr\u017en\u00fd st\u00e1nok &#8211;<\/strong> spozn\u00e1vanie n\u00e1\u0161ho v\u00fdstavn\u00e9ho dizajnu a prezent\u00e1cie<\/li>\n<\/ol>\n<p>Tieto rozdiely zd\u00f4raz\u0148uj\u00fa na\u0161e technologick\u00e9 amb\u00edcie aj pozornos\u0165, ktor\u00fa venujeme sp\u00f4sobu komunik\u00e1cie a prezent\u00e1cie na\u0161ej pr\u00e1ce.<\/p>\n<p>Warsaw Industry Week sa pre n\u00e1\u0161 t\u00edm op\u00e4\u0165 stal neocenite\u013enou sk\u00fasenos\u0165ou. In\u0161pirovan\u00ed ve\u013etrhom si odn\u00e1\u0161ame nov\u00e9 n\u00e1pady, zmyslupln\u00e9 kontakty a poznatky, ktor\u00e9 bud\u00fa usmer\u0148ova\u0165 na\u0161e bud\u00face inov\u00e1cie vo v\u00fdrobnom priemysle. <\/p>\n","protected":false},"excerpt":{"rendered":"<p>Tento rok mal n\u00e1\u0161 t\u00edm op\u00e4\u0165 t\u00fa \u010des\u0165 z\u00fa\u010dastni\u0165 sa na Warsaw Industry Week. Na 9. ro\u010dn\u00edku sa stretli popredn\u00e9 spolo\u010dnosti, odborn\u00edci a technologick\u00ed nad\u0161enci po\u010das troch dn\u00ed pln\u00fdch inov\u00e1ci\u00ed, in\u0161pir\u00e1cie a cenn\u00fdch rozhovorov. Poskytol skvel\u00fa pr\u00edle\u017eitos\u0165 op\u00e4tovne nadviaza\u0165 kontakty s odborn\u00edkmi z odvetvia, spozna\u0165 nov\u00fdch partnerov a presk\u00fama\u0165 najnov\u0161ie trendy, ktor\u00e9 formuj\u00fa bud\u00facnos\u0165 v\u00fdroby. [&hellip;]<\/p>\n","protected":false},"author":11,"featured_media":39842,"parent":30350,"menu_order":0,"comment_status":"closed","ping_status":"closed","template":"","meta":{"inline_featured_image":false,"ngg_post_thumbnail":0,"footnotes":""},"class_list":["post-39897","page","type-page","status-publish","has-post-thumbnail","hentry"],"acf":[],"yoast_head":"<!-- This site is optimized with the Yoast SEO plugin v27.0 - https:\/\/yoast.com\/product\/yoast-seo-wordpress\/ -->\n<title>Warsaw Industry Week 2025 - Anter System<\/title>\n<meta name=\"description\" content=\"Tento rok mal n\u00e1\u0161 t\u00edm op\u00e4\u0165 t\u00fa \u010des\u0165 z\u00fa\u010dastni\u0165 sa na Warsaw Industry Week. Na 9. ro\u010dn\u00edku sa stretli popredn\u00e9 spolo\u010dnosti, odborn\u00edci a technologick\u00ed nad\u0161enci\" \/>\n<meta name=\"robots\" content=\"index, follow, max-snippet:-1, max-image-preview:large, max-video-preview:-1\" \/>\n<link rel=\"canonical\" href=\"https:\/\/antersystem.com\/sk\/novinky\/warsaw-industry-week-2025\/\" \/>\n<meta property=\"og:locale\" content=\"sk_SK\" \/>\n<meta property=\"og:type\" content=\"article\" \/>\n<meta property=\"og:title\" content=\"Warsaw Industry Week 2025 - Anter System\" \/>\n<meta property=\"og:description\" content=\"Tento rok mal n\u00e1\u0161 t\u00edm op\u00e4\u0165 t\u00fa \u010des\u0165 z\u00fa\u010dastni\u0165 sa na Warsaw Industry Week. Na 9. ro\u010dn\u00edku sa stretli popredn\u00e9 spolo\u010dnosti, odborn\u00edci a technologick\u00ed nad\u0161enci\" \/>\n<meta property=\"og:url\" content=\"https:\/\/antersystem.com\/sk\/novinky\/warsaw-industry-week-2025\/\" \/>\n<meta property=\"og:site_name\" content=\"Anter System\" \/>\n<meta property=\"og:image\" content=\"https:\/\/antersystem.com\/wp-content\/uploads\/WIW2025-01.webp\" \/>\n\t<meta property=\"og:image:width\" content=\"2001\" \/>\n\t<meta property=\"og:image:height\" content=\"1001\" \/>\n\t<meta property=\"og:image:type\" content=\"image\/webp\" \/>\n<meta name=\"twitter:card\" content=\"summary_large_image\" \/>\n<meta name=\"twitter:label1\" content=\"Predpokladan\u00fd \u010das \u010d\u00edtania\" \/>\n\t<meta name=\"twitter:data1\" content=\"1 min\u00fata\" \/>\n<script type=\"application\/ld+json\" class=\"yoast-schema-graph\">{\"@context\":\"https:\/\/schema.org\",\"@graph\":[{\"@type\":\"WebPage\",\"@id\":\"https:\/\/antersystem.com\/sk\/novinky\/warsaw-industry-week-2025\/\",\"url\":\"https:\/\/antersystem.com\/sk\/novinky\/warsaw-industry-week-2025\/\",\"name\":\"Warsaw Industry Week 2025 - Anter System\",\"isPartOf\":{\"@id\":\"https:\/\/antersystem.com\/sk\/#website\"},\"primaryImageOfPage\":{\"@id\":\"https:\/\/antersystem.com\/sk\/novinky\/warsaw-industry-week-2025\/#primaryimage\"},\"image\":{\"@id\":\"https:\/\/antersystem.com\/sk\/novinky\/warsaw-industry-week-2025\/#primaryimage\"},\"thumbnailUrl\":\"https:\/\/antersystem.com\/wp-content\/uploads\/WIW2025-01.webp\",\"datePublished\":\"2025-11-07T13:23:00+00:00\",\"description\":\"Tento rok mal n\u00e1\u0161 t\u00edm op\u00e4\u0165 t\u00fa \u010des\u0165 z\u00fa\u010dastni\u0165 sa na Warsaw Industry Week. Na 9. ro\u010dn\u00edku sa stretli popredn\u00e9 spolo\u010dnosti, odborn\u00edci a technologick\u00ed nad\u0161enci\",\"breadcrumb\":{\"@id\":\"https:\/\/antersystem.com\/sk\/novinky\/warsaw-industry-week-2025\/#breadcrumb\"},\"inLanguage\":\"sk-SK\",\"potentialAction\":[{\"@type\":\"ReadAction\",\"target\":[\"https:\/\/antersystem.com\/sk\/novinky\/warsaw-industry-week-2025\/\"]}]},{\"@type\":\"ImageObject\",\"inLanguage\":\"sk-SK\",\"@id\":\"https:\/\/antersystem.com\/sk\/novinky\/warsaw-industry-week-2025\/#primaryimage\",\"url\":\"https:\/\/antersystem.com\/wp-content\/uploads\/WIW2025-01.webp\",\"contentUrl\":\"https:\/\/antersystem.com\/wp-content\/uploads\/WIW2025-01.webp\",\"width\":2001,\"height\":1001},{\"@type\":\"BreadcrumbList\",\"@id\":\"https:\/\/antersystem.com\/sk\/novinky\/warsaw-industry-week-2025\/#breadcrumb\",\"itemListElement\":[{\"@type\":\"ListItem\",\"position\":1,\"name\":\"AnterSystem\",\"item\":\"https:\/\/antersystem.com\/sk\/\"},{\"@type\":\"ListItem\",\"position\":2,\"name\":\"Novinky\",\"item\":\"https:\/\/antersystem.com\/sk\/novinky\/\"},{\"@type\":\"ListItem\",\"position\":3,\"name\":\"Warsaw Industry Week 2025\"}]},{\"@type\":\"WebSite\",\"@id\":\"https:\/\/antersystem.com\/sk\/#website\",\"url\":\"https:\/\/antersystem.com\/sk\/\",\"name\":\"Anter System\",\"description\":\"Jeste\u015bmy polskim producentem elastycznych barier ochronnych wykonywanych z polimerowych tworzyw sztucznych. Na rynku krajowym i zagranicznym dzia\u0142amy od ponad 15 lat dbaj\u0105c o zapewnienie bezpiecze\u0144stwa w zak\u0142adach produkcyjnych, magazynach oraz centrach logistycznych.\",\"potentialAction\":[{\"@type\":\"SearchAction\",\"target\":{\"@type\":\"EntryPoint\",\"urlTemplate\":\"https:\/\/antersystem.com\/sk\/?s={search_term_string}\"},\"query-input\":{\"@type\":\"PropertyValueSpecification\",\"valueRequired\":true,\"valueName\":\"search_term_string\"}}],\"inLanguage\":\"sk-SK\"}]}<\/script>\n<!-- \/ Yoast SEO plugin. -->","yoast_head_json":{"title":"Warsaw Industry Week 2025 - Anter System","description":"Tento rok mal n\u00e1\u0161 t\u00edm op\u00e4\u0165 t\u00fa \u010des\u0165 z\u00fa\u010dastni\u0165 sa na Warsaw Industry Week. Na 9. ro\u010dn\u00edku sa stretli popredn\u00e9 spolo\u010dnosti, odborn\u00edci a technologick\u00ed nad\u0161enci","robots":{"index":"index","follow":"follow","max-snippet":"max-snippet:-1","max-image-preview":"max-image-preview:large","max-video-preview":"max-video-preview:-1"},"canonical":"https:\/\/antersystem.com\/sk\/novinky\/warsaw-industry-week-2025\/","og_locale":"sk_SK","og_type":"article","og_title":"Warsaw Industry Week 2025 - Anter System","og_description":"Tento rok mal n\u00e1\u0161 t\u00edm op\u00e4\u0165 t\u00fa \u010des\u0165 z\u00fa\u010dastni\u0165 sa na Warsaw Industry Week. Na 9. ro\u010dn\u00edku sa stretli popredn\u00e9 spolo\u010dnosti, odborn\u00edci a technologick\u00ed nad\u0161enci","og_url":"https:\/\/antersystem.com\/sk\/novinky\/warsaw-industry-week-2025\/","og_site_name":"Anter System","og_image":[{"width":2001,"height":1001,"url":"https:\/\/antersystem.com\/wp-content\/uploads\/WIW2025-01.webp","type":"image\/webp"}],"twitter_card":"summary_large_image","twitter_misc":{"Predpokladan\u00fd \u010das \u010d\u00edtania":"1 min\u00fata"},"schema":{"@context":"https:\/\/schema.org","@graph":[{"@type":"WebPage","@id":"https:\/\/antersystem.com\/sk\/novinky\/warsaw-industry-week-2025\/","url":"https:\/\/antersystem.com\/sk\/novinky\/warsaw-industry-week-2025\/","name":"Warsaw Industry Week 2025 - Anter System","isPartOf":{"@id":"https:\/\/antersystem.com\/sk\/#website"},"primaryImageOfPage":{"@id":"https:\/\/antersystem.com\/sk\/novinky\/warsaw-industry-week-2025\/#primaryimage"},"image":{"@id":"https:\/\/antersystem.com\/sk\/novinky\/warsaw-industry-week-2025\/#primaryimage"},"thumbnailUrl":"https:\/\/antersystem.com\/wp-content\/uploads\/WIW2025-01.webp","datePublished":"2025-11-07T13:23:00+00:00","description":"Tento rok mal n\u00e1\u0161 t\u00edm op\u00e4\u0165 t\u00fa \u010des\u0165 z\u00fa\u010dastni\u0165 sa na Warsaw Industry Week. Na 9. ro\u010dn\u00edku sa stretli popredn\u00e9 spolo\u010dnosti, odborn\u00edci a technologick\u00ed nad\u0161enci","breadcrumb":{"@id":"https:\/\/antersystem.com\/sk\/novinky\/warsaw-industry-week-2025\/#breadcrumb"},"inLanguage":"sk-SK","potentialAction":[{"@type":"ReadAction","target":["https:\/\/antersystem.com\/sk\/novinky\/warsaw-industry-week-2025\/"]}]},{"@type":"ImageObject","inLanguage":"sk-SK","@id":"https:\/\/antersystem.com\/sk\/novinky\/warsaw-industry-week-2025\/#primaryimage","url":"https:\/\/antersystem.com\/wp-content\/uploads\/WIW2025-01.webp","contentUrl":"https:\/\/antersystem.com\/wp-content\/uploads\/WIW2025-01.webp","width":2001,"height":1001},{"@type":"BreadcrumbList","@id":"https:\/\/antersystem.com\/sk\/novinky\/warsaw-industry-week-2025\/#breadcrumb","itemListElement":[{"@type":"ListItem","position":1,"name":"AnterSystem","item":"https:\/\/antersystem.com\/sk\/"},{"@type":"ListItem","position":2,"name":"Novinky","item":"https:\/\/antersystem.com\/sk\/novinky\/"},{"@type":"ListItem","position":3,"name":"Warsaw Industry Week 2025"}]},{"@type":"WebSite","@id":"https:\/\/antersystem.com\/sk\/#website","url":"https:\/\/antersystem.com\/sk\/","name":"Anter System","description":"Jeste\u015bmy polskim producentem elastycznych barier ochronnych wykonywanych z polimerowych tworzyw sztucznych. Na rynku krajowym i zagranicznym dzia\u0142amy od ponad 15 lat dbaj\u0105c o zapewnienie bezpiecze\u0144stwa w zak\u0142adach produkcyjnych, magazynach oraz centrach logistycznych.","potentialAction":[{"@type":"SearchAction","target":{"@type":"EntryPoint","urlTemplate":"https:\/\/antersystem.com\/sk\/?s={search_term_string}"},"query-input":{"@type":"PropertyValueSpecification","valueRequired":true,"valueName":"search_term_string"}}],"inLanguage":"sk-SK"}]}},"_links":{"self":[{"href":"https:\/\/antersystem.com\/sk\/wp-json\/wp\/v2\/pages\/39897","targetHints":{"allow":["GET"]}}],"collection":[{"href":"https:\/\/antersystem.com\/sk\/wp-json\/wp\/v2\/pages"}],"about":[{"href":"https:\/\/antersystem.com\/sk\/wp-json\/wp\/v2\/types\/page"}],"author":[{"embeddable":true,"href":"https:\/\/antersystem.com\/sk\/wp-json\/wp\/v2\/users\/11"}],"replies":[{"embeddable":true,"href":"https:\/\/antersystem.com\/sk\/wp-json\/wp\/v2\/comments?post=39897"}],"version-history":[{"count":0,"href":"https:\/\/antersystem.com\/sk\/wp-json\/wp\/v2\/pages\/39897\/revisions"}],"up":[{"embeddable":true,"href":"https:\/\/antersystem.com\/sk\/wp-json\/wp\/v2\/pages\/30350"}],"wp:featuredmedia":[{"embeddable":true,"href":"https:\/\/antersystem.com\/sk\/wp-json\/wp\/v2\/media\/39842"}],"wp:attachment":[{"href":"https:\/\/antersystem.com\/sk\/wp-json\/wp\/v2\/media?parent=39897"}],"curies":[{"name":"wp","href":"https:\/\/api.w.org\/{rel}","templated":true}]}}

<p>Tento rok mal náš tím opäť tú česť zúčastniť sa na <strong>Warsaw Industry Week.</strong> Na 9. ročníku sa stretli popredné spoločnosti, odborníci a technologickí nadšenci počas troch dní plných inovácií, inšpirácie a cenných rozhovorov. Poskytol skvelú príležitosť opätovne nadviazať kontakty s odborníkmi z odvetvia, spoznať nových partnerov a preskúmať najnovšie trendy, ktoré formujú budúcnosť výroby.  </p>
<p>Tohtoročný veľtrh bol impozantný svojou veľkosťou a rozsahom, predstavilo sa na ňom viac ako 500 vystavovateľov a navštívilo ho 22 573 návštevníkov z celého Poľska i zo zahraničia. Každá hala ponúkala možnosti preskúmať najnovšie priemyselné riešenia, byť svedkom živých ukážok a nadviazať kontakt s inovátormi z celého regiónu, čo z neho robilo inšpiratívne prostredie na vzdelávanie a výmenu nápadov. </p>
<p>Tento rok bol pre nás obzvlášť výnimočný. Mali sme tú česť získať <strong>medaily veľtrhu kvality a inovácií v</strong> dvoch rôznych kategóriách: </p>
<ol>
<li><strong>Inovácia &#8211;</strong> ocenená za naše pokročilé bezpečnostné riešenia</li>
<li><strong>Veľtržný stánok &#8211;</strong> spoznávanie nášho výstavného dizajnu a prezentácie</li>
</ol>
<p>Tieto rozdiely zdôrazňujú naše technologické ambície aj pozornosť, ktorú venujeme spôsobu komunikácie a prezentácie našej práce.</p>
<p>Warsaw Industry Week sa pre náš tím opäť stal neoceniteľnou skúsenosťou. Inšpirovaní veľtrhom si odnášame nové nápady, zmysluplné kontakty a poznatky, ktoré budú usmerňovať naše budúce inovácie vo výrobnom priemysle. </p>

<p>Tento rok mal náš tím opäť tú česť zúčastniť sa na Warsaw Industry Week. Na 9. ročníku sa stretli popredné spoločnosti, odborníci a technologickí nadšenci počas troch dní plných inovácií, inšpirácie a cenných rozhovorov. Poskytol skvelú príležitosť opätovne nadviazať kontakty s odborníkmi z odvetvia, spoznať nových partnerov a preskúmať najnovšie trendy, ktoré formujú budúcnosť výroby. [&hellip;]</p>

<!-- This site is optimized with the Yoast SEO plugin v27.0 - https://yoast.com/product/yoast-seo-wordpress/ -->
<title>Warsaw Industry Week 2025 - Anter System</title>
<meta name="description" content="Tento rok mal náš tím opäť tú česť zúčastniť sa na Warsaw Industry Week. Na 9. ročníku sa stretli popredné spoločnosti, odborníci a technologickí nadšenci" />
<meta name="robots" content="index, follow, max-snippet:-1, max-image-preview:large, max-video-preview:-1" />
<link rel="canonical" href="https://antersystem.com/sk/novinky/warsaw-industry-week-2025/" />
<meta property="og:locale" content="sk_SK" />
<meta property="og:type" content="article" />
<meta property="og:title" content="Warsaw Industry Week 2025 - Anter System" />
<meta property="og:description" content="Tento rok mal náš tím opäť tú česť zúčastniť sa na Warsaw Industry Week. Na 9. ročníku sa stretli popredné spoločnosti, odborníci a technologickí nadšenci" />
<meta property="og:url" content="https://antersystem.com/sk/novinky/warsaw-industry-week-2025/" />
<meta property="og:site_name" content="Anter System" />
<meta property="og:image" content="https://antersystem.com/wp-content/uploads/WIW2025-01.webp" />
	<meta property="og:image:width" content="2001" />
	<meta property="og:image:height" content="1001" />
	<meta property="og:image:type" content="image/webp" />
<meta name="twitter:card" content="summary_large_image" />
<meta name="twitter:label1" content="Predpokladaný čas čítania" />
	<meta name="twitter:data1" content="1 minúta" />
<script type="application/ld+json" class="yoast-schema-graph">{"@context":"https://schema.org","@graph":[{"@type":"WebPage","@id":"https://antersystem.com/sk/novinky/warsaw-industry-week-2025/","url":"https://antersystem.com/sk/novinky/warsaw-industry-week-2025/","name":"Warsaw Industry Week 2025 - Anter System","isPartOf":{"@id":"https://antersystem.com/sk/#website"},"primaryImageOfPage":{"@id":"https://antersystem.com/sk/novinky/warsaw-industry-week-2025/#primaryimage"},"image":{"@id":"https://antersystem.com/sk/novinky/warsaw-industry-week-2025/#primaryimage"},"thumbnailUrl":"https://antersystem.com/wp-content/uploads/WIW2025-01.webp","datePublished":"2025-11-07T13:23:00+00:00","description":"Tento rok mal náš tím opäť tú česť zúčastniť sa na Warsaw Industry Week. Na 9. ročníku sa stretli popredné spoločnosti, odborníci a technologickí nadšenci","breadcrumb":{"@id":"https://antersystem.com/sk/novinky/warsaw-industry-week-2025/#breadcrumb"},"inLanguage":"sk-SK","potentialAction":[{"@type":"ReadAction","target":["https://antersystem.com/sk/novinky/warsaw-industry-week-2025/"]}]},{"@type":"ImageObject","inLanguage":"sk-SK","@id":"https://antersystem.com/sk/novinky/warsaw-industry-week-2025/#primaryimage","url":"https://antersystem.com/wp-content/uploads/WIW2025-01.webp","contentUrl":"https://antersystem.com/wp-content/uploads/WIW2025-01.webp","width":2001,"height":1001},{"@type":"BreadcrumbList","@id":"https://antersystem.com/sk/novinky/warsaw-industry-week-2025/#breadcrumb","itemListElement":[{"@type":"ListItem","position":1,"name":"AnterSystem","item":"https://antersystem.com/sk/"},{"@type":"ListItem","position":2,"name":"Novinky","item":"https://antersystem.com/sk/novinky/"},{"@type":"ListItem","position":3,"name":"Warsaw Industry Week 2025"}]},{"@type":"WebSite","@id":"https://antersystem.com/sk/#website","url":"https://antersystem.com/sk/","name":"Anter System","description":"Jesteśmy polskim producentem elastycznych barier ochronnych wykonywanych z polimerowych tworzyw sztucznych. Na rynku krajowym i zagranicznym działamy od ponad 15 lat dbając o zapewnienie bezpieczeństwa w zakładach produkcyjnych, magazynach oraz centrach logistycznych.","potentialAction":[{"@type":"SearchAction","target":{"@type":"EntryPoint","urlTemplate":"https://antersystem.com/sk/?s={search_term_string}"},"query-input":{"@type":"PropertyValueSpecification","valueRequired":true,"valueName":"search_term_string"}}],"inLanguage":"sk-SK"}]}</script>
<!-- / Yoast SEO plugin. -->

Tento rok mal náš tím opäť tú česť zúčastniť sa na Warsaw Industry Week. Na 9. ročníku sa stretli popredné spoločnosti, odborníci a technologickí nadšenci

1 minúta

Jesteśmy polskim producentem elastycznych barier ochronnych wykonywanych z polimerowych tworzyw sztucznych. Na rynku krajowym i zagranicznym działamy od ponad 15 lat dbając o zapewnienie bezpieczeństwa w zakładach produkcyjnych, magazynach oraz centrach logistycznych.
